{"id":1295,"date":"2013-07-22T13:38:29","date_gmt":"2013-07-22T11:38:29","guid":{"rendered":"http:\/\/www.feuerwehr-matzen.at\/?page_id=1295"},"modified":"2020-09-18T14:15:23","modified_gmt":"2020-09-18T12:15:23","slug":"13-mai-2010","status":"publish","type":"page","link":"https:\/\/www.feuerwehr-matzen.at\/?page_id=1295","title":{"rendered":"13. Mai 2010"},"content":{"rendered":"<p><strong>Unwettereins\u00e4tze<\/strong><a title=\"Eins\u00e4tze 2010\" href=\"https:\/\/www.feuerwehr-matzen.at\/?page_id=750\"><img loading=\"lazy\" decoding=\"async\" class=\"alignright size-full wp-image-1833\" alt=\"return\" src=\"https:\/\/www.feuerwehr-matzen.at\/wp-content\/uploads\/2013\/07\/return.jpg\" width=\"65\" height=\"30\" \/><\/a><\/p>\n<p>Am 13.Mai 2010 wurde die Feuerwehr Matzen mittels Sirene, SMS-Alarm und Pager zu Auspumparbeiten alarmiert. Die erste Einsatzadresse war in der Br\u00fcndlgasse.<br \/>\nKeine 5 Minuten sp\u00e4ter r\u00fcckte das erste Auto aus. Bereits am Anfahrtsweg zum Einsatzort erblickten die Einsatzkr\u00e4fte die Verw\u00fcstung in ihrem Einsatzgebiet.<br \/>\nDa sich der erste Einsatz um einen Fehlalarm handelte, konnten die Florianij\u00fcnger sofort mit den Aufr\u00e4umarbeiten in der Gemeinde beginnen. \u00dcber die Schweinbartherstra\u00dfe wurde Schlamm \u00fcber die Hauptstra\u00dfe bis am Hauptplatz gedr\u00fcckt. Unverz\u00fcglich wurde mit drei Rohren begonnen, die Stra\u00dfe von den Vermurungen zu befreien. Innerhalb k\u00fcrzester Zeit standen zwei Traktoren, der Gemeindebagger und eine Vielzahl von freiwilligen Helfern zur Verf\u00fcgung.<br \/>\nZur Unterst\u00fctzung wurde zus\u00e4tzlich die Feuerwehr Klein-Harras angefordert. Gemeinsam wurden bis ca 20:00 Uhr die Schweinbartherstra\u00dfe und die Hauptstra\u00dfe gereinigt.<br \/>\nAnschlie\u00dfend wurde das RLF-A 2000 auf die L19 Richtung beordert. Hier wurde ebenfalls die Stra\u00dfe von den Vermurungen, mit Unterst\u00fctzung von der Feuerwehr Prottes, befreit. Die Feuerwehr Matzen war insgesamt mit 21 Mann und 3 Fahrzeugen im Einsatz.<br \/>\nUm 22:00 Uhr konnte von den durchn\u00e4ssten Einsatzkr\u00e4ften die Einsatzbereitschaft wieder hergestellt werden.<br \/>\nDie Feuerwehr Matzen bedankt sich bei den Feuerwehren Klein-Harras und Prottes f\u00fcr die Unterst\u00fctzung sowie bei den vielen freiwilligen Helfer.<\/p>\n<p>Im Einsatz befindliche Fahrzeuge: RLF-A 2000, KDOF, LAST<br \/>\nMannschaftsst\u00e4rke: 21<br \/>\nsonstige Kr\u00e4fte: FF Klein Harras, FF Prottes, Gemeinde Matzen, Polizei<\/p>\n<p><a href=\"https:\/\/www.feuerwehr-matzen.at\/wp-content\/uploads\/2013\/07\/07.jpg\"><img loading=\"lazy\" decoding=\"async\" class=\"alignleft size-thumbnail wp-image-1880\" alt=\"07\" src=\"https:\/\/www.feuerwehr-matzen.at\/wp-content\/uploads\/2013\/07\/07-150x150.jpg\" width=\"150\" height=\"150\" \/><\/a> <a href=\"https:\/\/www.feuerwehr-matzen.at\/wp-content\/uploads\/2013\/07\/08.jpg\"><img loading=\"lazy\" decoding=\"async\" class=\"alignleft size-thumbnail wp-image-1881\" alt=\"08\" src=\"https:\/\/www.feuerwehr-matzen.at\/wp-content\/uploads\/2013\/07\/08-150x150.jpg\" width=\"150\" height=\"150\" \/><\/a> <a href=\"https:\/\/www.feuerwehr-matzen.at\/wp-content\/uploads\/2013\/07\/05.jpg\"><img loading=\"lazy\" decoding=\"async\" class=\"alignleft size-thumbnail wp-image-1878\" alt=\"05\" src=\"https:\/\/www.feuerwehr-matzen.at\/wp-content\/uploads\/2013\/07\/05-150x150.jpg\" width=\"150\" height=\"150\" \/><\/a> <a href=\"https:\/\/www.feuerwehr-matzen.at\/wp-content\/uploads\/2013\/07\/06.jpg\"><img loading=\"lazy\" decoding=\"async\" class=\"alignleft size-thumbnail wp-image-1879\" alt=\"06\" src=\"https:\/\/www.feuerwehr-matzen.at\/wp-content\/uploads\/2013\/07\/06-150x150.jpg\" width=\"150\" height=\"150\" \/><\/a> <a href=\"https:\/\/www.feuerwehr-matzen.at\/wp-content\/uploads\/2013\/07\/043.jpg\"><img loading=\"lazy\" decoding=\"async\" class=\"alignleft size-thumbnail wp-image-1877\" alt=\"04\" src=\"https:\/\/www.feuerwehr-matzen.at\/wp-content\/uploads\/2013\/07\/043-150x150.jpg\" width=\"150\" height=\"150\" \/><\/a> <a href=\"https:\/\/www.feuerwehr-matzen.at\/wp-content\/uploads\/2013\/08\/20100513_03.jpg\"><img loading=\"lazy\" decoding=\"async\" class=\"alignleft size-thumbnail wp-image-3070\" alt=\"20100513_03\" src=\"https:\/\/www.feuerwehr-matzen.at\/wp-content\/uploads\/2013\/08\/20100513_03-150x150.jpg\" width=\"150\" height=\"150\" \/><\/a> <a href=\"https:\/\/www.feuerwehr-matzen.at\/wp-content\/uploads\/2013\/07\/023.jpg\"><img loading=\"lazy\" decoding=\"async\" class=\"alignleft size-thumbnail wp-image-1875\" alt=\"02\" src=\"https:\/\/www.feuerwehr-matzen.at\/wp-content\/uploads\/2013\/07\/023-150x150.jpg\" width=\"150\" height=\"150\" \/><\/a> <a href=\"https:\/\/www.feuerwehr-matzen.at\/wp-content\/uploads\/2013\/07\/014.jpg\"><img loading=\"lazy\" decoding=\"async\" class=\"alignleft size-thumbnail wp-image-1874\" alt=\"01\" src=\"https:\/\/www.feuerwehr-matzen.at\/wp-content\/uploads\/2013\/07\/014-150x150.jpg\" width=\"150\" height=\"150\" \/><\/a><\/p>\n","protected":false},"excerpt":{"rendered":"<p>Unwettereins\u00e4tze Am 13.Mai 2010 wurde die Feuerwehr Matzen mittels Sirene, SMS-Alarm und Pager zu Auspumparbeiten alarmiert. Die erste Einsatzadresse war in der Br\u00fcndlgasse. Keine 5 Minuten sp\u00e4ter r\u00fcckte das erste Auto aus. Bereits am Anfahrtsweg zum Einsatzort erblickten die Einsatzkr\u00e4fte <a class=\"more-link\" href=\"https:\/\/www.feuerwehr-matzen.at\/?page_id=1295\">weiterlesen  <span class=\"screen-reader-text\">  13. Mai 2010<\/span><span class=\"meta-nav\">&rarr;<\/span><\/a><\/p>\n","protected":false},"author":6,"featured_media":0,"parent":0,"menu_order":0,"comment_status":"closed","ping_status":"open","template":"","meta":{"footnotes":""},"class_list":["post-1295","page","type-page","status-publish","hentry"],"_links":{"self":[{"href":"https:\/\/www.feuerwehr-matzen.at\/index.php?rest_route=\/wp\/v2\/pages\/1295","targetHints":{"allow":["GET"]}}],"collection":[{"href":"https:\/\/www.feuerwehr-matzen.at\/index.php?rest_route=\/wp\/v2\/pages"}],"about":[{"href":"https:\/\/www.feuerwehr-matzen.at\/index.php?rest_route=\/wp\/v2\/types\/page"}],"author":[{"embeddable":true,"href":"https:\/\/www.feuerwehr-matzen.at\/index.php?rest_route=\/wp\/v2\/users\/6"}],"replies":[{"embeddable":true,"href":"https:\/\/www.feuerwehr-matzen.at\/index.php?rest_route=%2Fwp%2Fv2%2Fcomments&post=1295"}],"version-history":[{"count":9,"href":"https:\/\/www.feuerwehr-matzen.at\/index.php?rest_route=\/wp\/v2\/pages\/1295\/revisions"}],"predecessor-version":[{"id":5788,"href":"https:\/\/www.feuerwehr-matzen.at\/index.php?rest_route=\/wp\/v2\/pages\/1295\/revisions\/5788"}],"wp:attachment":[{"href":"https:\/\/www.feuerwehr-matzen.at\/index.php?rest_route=%2Fwp%2Fv2%2Fmedia&parent=1295"}],"curies":[{"name":"wp","href":"https:\/\/api.w.org\/{rel}","templated":true}]}}