{"id":1303,"date":"2013-07-22T13:41:33","date_gmt":"2013-07-22T11:41:33","guid":{"rendered":"http:\/\/www.feuerwehr-matzen.at\/?page_id=1303"},"modified":"2020-09-18T14:15:23","modified_gmt":"2020-09-18T12:15:23","slug":"1303-2","status":"publish","type":"page","link":"https:\/\/www.feuerwehr-matzen.at\/?page_id=1303","title":{"rendered":"20. Juni 2010"},"content":{"rendered":"<p><strong>Fahrzeugbergung<\/strong><a title=\"Eins\u00e4tze 2010\" href=\"https:\/\/www.feuerwehr-matzen.at\/?page_id=750\"><img loading=\"lazy\" decoding=\"async\" class=\"alignright size-full wp-image-1833\" alt=\"return\" src=\"https:\/\/www.feuerwehr-matzen.at\/wp-content\/uploads\/2013\/07\/return.jpg\" width=\"65\" height=\"30\" \/><\/a><\/p>\n<p>Am 20. Juni 2010 wurde die Feuerwehr Matzen mittels Sirene, Personenrufempf\u00e4nger und SMS-Alarm zu einer Fahrzeugbergung alarmiert. Um 3:32 heulten die Sirenen, worauf kurze Zeit sp\u00e4ter 15 Mann mit 2 Fahrzeugen zum Ungl\u00fccksort, auf der L 19 Richtung Prottes ausr\u00fcckten.<br \/>\nAm Einsatzort angekommen, stellten die Florianij\u00fcnger fest, dass ein PKW in einer Rechtskurve von der Fahrbahn abkam und in Folge im angrenzenden Feld zum Stillstand kam. Gl\u00fccklicherweise konnte sich der Fahrzeuglenker unverletzt und aus eigener Kraft aus dem Unfallfahrzeug befreien.<br \/>\nNach Absichern der Unfallstelle und Aufbau des Brandschutzes konnte mit der Fahrzeugbergung begonnen werden. Mittels Seilwinde des R\u00fcstl\u00f6schfahrzeuges wurde das Wrack wieder auf die Stra\u00dfe gezogen. Nach Binden der ausgelaufenen Fl\u00fcssigkeiten wurde der PKW mittels Abschleppachse auf den von der Polizei zugewiesenen Parkplatz sicher abgestellt.<br \/>\nUm 4:30 konnte die Feuerwehr Matzen die Einsatzbereitschaft wieder herstellen.<\/p>\n<p>Im Einsatz befindliche Fahrzeuge: RLF-A 2000, KDOF, Abschleppachse<br \/>\nMannschaftsst\u00e4rke: 15<br \/>\nsonstige Kr\u00e4fte: Polizei<\/p>\n<p><a href=\"https:\/\/www.feuerwehr-matzen.at\/wp-content\/uploads\/2013\/08\/20100620_06.jpg\"><img loading=\"lazy\" decoding=\"async\" class=\"alignleft size-thumbnail wp-image-3077\" alt=\"20100620_06\" src=\"https:\/\/www.feuerwehr-matzen.at\/wp-content\/uploads\/2013\/08\/20100620_06-150x150.jpg\" width=\"150\" height=\"150\" \/><\/a> <a href=\"https:\/\/www.feuerwehr-matzen.at\/wp-content\/uploads\/2013\/08\/20100620_05.jpg\"><img loading=\"lazy\" decoding=\"async\" class=\"alignleft size-thumbnail wp-image-3076\" alt=\"20100620_05\" src=\"https:\/\/www.feuerwehr-matzen.at\/wp-content\/uploads\/2013\/08\/20100620_05-150x150.jpg\" width=\"150\" height=\"150\" \/><\/a> <a href=\"https:\/\/www.feuerwehr-matzen.at\/wp-content\/uploads\/2013\/08\/20100620_03.jpg\"><img loading=\"lazy\" decoding=\"async\" class=\"alignleft size-thumbnail wp-image-3074\" alt=\"20100620_03\" src=\"https:\/\/www.feuerwehr-matzen.at\/wp-content\/uploads\/2013\/08\/20100620_03-150x150.jpg\" width=\"150\" height=\"150\" \/><\/a> <a href=\"https:\/\/www.feuerwehr-matzen.at\/wp-content\/uploads\/2013\/08\/20100620_04.jpg\"><img loading=\"lazy\" decoding=\"async\" class=\"alignleft size-thumbnail wp-image-3075\" alt=\"20100620_04\" src=\"https:\/\/www.feuerwehr-matzen.at\/wp-content\/uploads\/2013\/08\/20100620_04-150x150.jpg\" width=\"150\" height=\"150\" \/><\/a> <a href=\"https:\/\/www.feuerwehr-matzen.at\/wp-content\/uploads\/2013\/08\/20100620_02.jpg\"><img loading=\"lazy\" decoding=\"async\" class=\"alignleft size-thumbnail wp-image-3073\" alt=\"20100620_02\" src=\"https:\/\/www.feuerwehr-matzen.at\/wp-content\/uploads\/2013\/08\/20100620_02-150x150.jpg\" width=\"150\" height=\"150\" \/><\/a> <a href=\"https:\/\/www.feuerwehr-matzen.at\/wp-content\/uploads\/2013\/08\/20100620_01.jpg\"><img loading=\"lazy\" decoding=\"async\" class=\"alignleft size-thumbnail wp-image-3072\" alt=\"20100620_01\" src=\"https:\/\/www.feuerwehr-matzen.at\/wp-content\/uploads\/2013\/08\/20100620_01-150x150.jpg\" width=\"150\" height=\"150\" \/><\/a><\/p>\n","protected":false},"excerpt":{"rendered":"<p>Fahrzeugbergung Am 20. Juni 2010 wurde die Feuerwehr Matzen mittels Sirene, Personenrufempf\u00e4nger und SMS-Alarm zu einer Fahrzeugbergung alarmiert. Um 3:32 heulten die Sirenen, worauf kurze Zeit sp\u00e4ter 15 Mann mit 2 Fahrzeugen zum Ungl\u00fccksort, auf der L 19 Richtung Prottes <a class=\"more-link\" href=\"https:\/\/www.feuerwehr-matzen.at\/?page_id=1303\">weiterlesen  <span class=\"screen-reader-text\">  20. Juni 2010<\/span><span class=\"meta-nav\">&rarr;<\/span><\/a><\/p>\n","protected":false},"author":6,"featured_media":0,"parent":0,"menu_order":0,"comment_status":"closed","ping_status":"open","template":"","meta":{"footnotes":""},"class_list":["post-1303","page","type-page","status-publish","hentry"],"_links":{"self":[{"href":"https:\/\/www.feuerwehr-matzen.at\/index.php?rest_route=\/wp\/v2\/pages\/1303","targetHints":{"allow":["GET"]}}],"collection":[{"href":"https:\/\/www.feuerwehr-matzen.at\/index.php?rest_route=\/wp\/v2\/pages"}],"about":[{"href":"https:\/\/www.feuerwehr-matzen.at\/index.php?rest_route=\/wp\/v2\/types\/page"}],"author":[{"embeddable":true,"href":"https:\/\/www.feuerwehr-matzen.at\/index.php?rest_route=\/wp\/v2\/users\/6"}],"replies":[{"embeddable":true,"href":"https:\/\/www.feuerwehr-matzen.at\/index.php?rest_route=%2Fwp%2Fv2%2Fcomments&post=1303"}],"version-history":[{"count":5,"href":"https:\/\/www.feuerwehr-matzen.at\/index.php?rest_route=\/wp\/v2\/pages\/1303\/revisions"}],"predecessor-version":[{"id":5800,"href":"https:\/\/www.feuerwehr-matzen.at\/index.php?rest_route=\/wp\/v2\/pages\/1303\/revisions\/5800"}],"wp:attachment":[{"href":"https:\/\/www.feuerwehr-matzen.at\/index.php?rest_route=%2Fwp%2Fv2%2Fmedia&parent=1303"}],"curies":[{"name":"wp","href":"https:\/\/api.w.org\/{rel}","templated":true}]}}