{"id":1308,"date":"2013-07-22T13:43:47","date_gmt":"2013-07-22T11:43:47","guid":{"rendered":"http:\/\/www.feuerwehr-matzen.at\/?page_id=1308"},"modified":"2020-09-18T14:15:35","modified_gmt":"2020-09-18T12:15:35","slug":"30-august-2010","status":"publish","type":"page","link":"https:\/\/www.feuerwehr-matzen.at\/?page_id=1308","title":{"rendered":"30. August 2010"},"content":{"rendered":"<p><strong>Fahrzeugbergung<\/strong><a title=\"Eins\u00e4tze 2010\" href=\"https:\/\/www.feuerwehr-matzen.at\/?page_id=750\"><img loading=\"lazy\" decoding=\"async\" class=\"alignright size-full wp-image-1833\" alt=\"return\" src=\"https:\/\/www.feuerwehr-matzen.at\/wp-content\/uploads\/2013\/07\/return.jpg\" width=\"65\" height=\"30\" \/><\/a><\/p>\n<p>Am 30.08.2010 wurde die Feuerwehr Matzen um 12:28 Uhr mittels Sirene und SMS-Alarm zu einem Verkehrsunfall auf der L18 Richtung Spannberg alarmiert. Unverz\u00fcglich r\u00fcckten 7 Mann mit 2 Fahrzeugen zum Ungl\u00fccksort aus.<br \/>\nEin PKW kam in einer Linkskurve kurz nach der Ortsausfahrt vermutlich aufgrund der regennassen Fahrbahn ins Schleuder und landete in Folge seitlich in der B\u00f6schung. Der Fahrzeuglenker konnte sich unverletzt aus dem Unfallwagen befreien und alarmierte den Notruf.<br \/>\nDie ausger\u00fcckten Florianij\u00fcnger sicherten die Einsatzstelle ab und zogen den PKW mittels Greifzug wieder auf die R\u00e4der. Der PKW wurde selbstst\u00e4ndig vom Besitzer entfernt. Nachdem die Fahrbahn gereinigt wurde konnten die Einsatzkr\u00e4fte die Einsatzstelle wieder freigeben.<br \/>\nNach rund einer Stunde konnte die Einsatzbereitschaft wieder hergestellt werden.<\/p>\n<p>Im Einsatz befindliche Fahrzeuge: RLF-A 2000, KDOF<br \/>\nMannschaftsst\u00e4rke: 7<br \/>\nsonstige Kr\u00e4fte: Polizei<\/p>\n<p><a href=\"https:\/\/www.feuerwehr-matzen.at\/wp-content\/uploads\/2013\/07\/036.jpg\"><img loading=\"lazy\" decoding=\"async\" class=\"alignleft size-thumbnail wp-image-1903\" alt=\"03\" src=\"https:\/\/www.feuerwehr-matzen.at\/wp-content\/uploads\/2013\/07\/036-150x150.jpg\" width=\"150\" height=\"150\" \/><\/a> <a href=\"https:\/\/www.feuerwehr-matzen.at\/wp-content\/uploads\/2013\/07\/026.jpg\"><img loading=\"lazy\" decoding=\"async\" class=\"alignleft size-thumbnail wp-image-1902\" alt=\"02\" src=\"https:\/\/www.feuerwehr-matzen.at\/wp-content\/uploads\/2013\/07\/026-150x150.jpg\" width=\"150\" height=\"150\" \/><\/a> <a href=\"https:\/\/www.feuerwehr-matzen.at\/wp-content\/uploads\/2013\/07\/017.jpg\"><img loading=\"lazy\" decoding=\"async\" class=\"alignleft size-thumbnail wp-image-1901\" alt=\"01\" src=\"https:\/\/www.feuerwehr-matzen.at\/wp-content\/uploads\/2013\/07\/017-150x150.jpg\" width=\"150\" height=\"150\" \/><\/a><\/p>\n","protected":false},"excerpt":{"rendered":"<p>Fahrzeugbergung Am 30.08.2010 wurde die Feuerwehr Matzen um 12:28 Uhr mittels Sirene und SMS-Alarm zu einem Verkehrsunfall auf der L18 Richtung Spannberg alarmiert. Unverz\u00fcglich r\u00fcckten 7 Mann mit 2 Fahrzeugen zum Ungl\u00fccksort aus. Ein PKW kam in einer Linkskurve kurz <a class=\"more-link\" href=\"https:\/\/www.feuerwehr-matzen.at\/?page_id=1308\">weiterlesen  <span class=\"screen-reader-text\">  30. August 2010<\/span><span class=\"meta-nav\">&rarr;<\/span><\/a><\/p>\n","protected":false},"author":6,"featured_media":0,"parent":0,"menu_order":0,"comment_status":"closed","ping_status":"open","template":"","meta":{"footnotes":""},"class_list":["post-1308","page","type-page","status-publish","hentry"],"_links":{"self":[{"href":"https:\/\/www.feuerwehr-matzen.at\/index.php?rest_route=\/wp\/v2\/pages\/1308","targetHints":{"allow":["GET"]}}],"collection":[{"href":"https:\/\/www.feuerwehr-matzen.at\/index.php?rest_route=\/wp\/v2\/pages"}],"about":[{"href":"https:\/\/www.feuerwehr-matzen.at\/index.php?rest_route=\/wp\/v2\/types\/page"}],"author":[{"embeddable":true,"href":"https:\/\/www.feuerwehr-matzen.at\/index.php?rest_route=\/wp\/v2\/users\/6"}],"replies":[{"embeddable":true,"href":"https:\/\/www.feuerwehr-matzen.at\/index.php?rest_route=%2Fwp%2Fv2%2Fcomments&post=1308"}],"version-history":[{"count":4,"href":"https:\/\/www.feuerwehr-matzen.at\/index.php?rest_route=\/wp\/v2\/pages\/1308\/revisions"}],"predecessor-version":[{"id":5832,"href":"https:\/\/www.feuerwehr-matzen.at\/index.php?rest_route=\/wp\/v2\/pages\/1308\/revisions\/5832"}],"wp:attachment":[{"href":"https:\/\/www.feuerwehr-matzen.at\/index.php?rest_route=%2Fwp%2Fv2%2Fmedia&parent=1308"}],"curies":[{"name":"wp","href":"https:\/\/api.w.org\/{rel}","templated":true}]}}