{"id":1317,"date":"2013-07-22T13:50:10","date_gmt":"2013-07-22T11:50:10","guid":{"rendered":"http:\/\/www.feuerwehr-matzen.at\/?page_id=1317"},"modified":"2020-09-18T14:15:34","modified_gmt":"2020-09-18T12:15:34","slug":"1317-2","status":"publish","type":"page","link":"https:\/\/www.feuerwehr-matzen.at\/?page_id=1317","title":{"rendered":"25. Dezember 2010"},"content":{"rendered":"<p><strong>Wassergebrechen<\/strong><a title=\"Eins\u00e4tze 2010\" href=\"https:\/\/www.feuerwehr-matzen.at\/?page_id=750\"><img loading=\"lazy\" decoding=\"async\" class=\"alignright size-full wp-image-1833\" alt=\"return\" src=\"https:\/\/www.feuerwehr-matzen.at\/wp-content\/uploads\/2013\/07\/return.jpg\" width=\"65\" height=\"30\" \/><\/a><\/p>\n<p>Die Feuerwehr Matzen wurde am 25.12.2010 mittels SMS-Alarm um 17:04 zu einem Wassergebrechen alarmiert.<br \/>\nIn der N\u00e4he des Kreuzungsbereiches Spannbergerstra\u00dfe und Seyringerstra\u00dfe kam es kurz zuvor zu einem Wassergebrechen der Hauptwasserleitung. Gemeindearbeiter der Marktgemeinde Matzen-Raggendorf waren bereits vor Ort. Nachdem die Einsatzstelle abgesichert und die Wasserversorgung unterbrochen wurde konnte mit den Auspumparbeiten aus dem angrenzenden Presshaus, dass zu ca. 1 Meter unter Wasser stand, begonnen werden.<br \/>\nNach rund 1 \u00bd Stunden konnten die Florianij\u00fcnger wieder einr\u00fccken und die Einsatzbereitschaft herstellen.<\/p>\n<p>Im Einsatz befindliche Fahrzeuge: RLF-A 2000<br \/>\nMannschaftsst\u00e4rke: 4<br \/>\nsonstige Kr\u00e4fte: Stra\u00dfenmeisterei, Polizei, Gemeinde<\/p>\n<p><a href=\"https:\/\/www.feuerwehr-matzen.at\/wp-content\/uploads\/2013\/07\/048.jpg\"><img loading=\"lazy\" decoding=\"async\" class=\"alignleft size-thumbnail wp-image-1930\" alt=\"04\" src=\"https:\/\/www.feuerwehr-matzen.at\/wp-content\/uploads\/2013\/07\/048-150x150.jpg\" width=\"150\" height=\"150\" \/><\/a> <a href=\"https:\/\/www.feuerwehr-matzen.at\/wp-content\/uploads\/2013\/07\/0310.jpg\"><img loading=\"lazy\" decoding=\"async\" class=\"alignleft size-thumbnail wp-image-1929\" alt=\"03\" src=\"https:\/\/www.feuerwehr-matzen.at\/wp-content\/uploads\/2013\/07\/0310-150x150.jpg\" width=\"150\" height=\"150\" \/><\/a> <a href=\"https:\/\/www.feuerwehr-matzen.at\/wp-content\/uploads\/2013\/07\/0212.jpg\"><img loading=\"lazy\" decoding=\"async\" class=\"alignleft size-thumbnail wp-image-1928\" alt=\"02\" src=\"https:\/\/www.feuerwehr-matzen.at\/wp-content\/uploads\/2013\/07\/0212-150x150.jpg\" width=\"150\" height=\"150\" \/><\/a> <a href=\"https:\/\/www.feuerwehr-matzen.at\/wp-content\/uploads\/2013\/07\/0113.jpg\"><img loading=\"lazy\" decoding=\"async\" class=\"alignleft size-thumbnail wp-image-1927\" alt=\"01\" src=\"https:\/\/www.feuerwehr-matzen.at\/wp-content\/uploads\/2013\/07\/0113-150x150.jpg\" width=\"150\" height=\"150\" \/><\/a><\/p>\n","protected":false},"excerpt":{"rendered":"<p>Wassergebrechen Die Feuerwehr Matzen wurde am 25.12.2010 mittels SMS-Alarm um 17:04 zu einem Wassergebrechen alarmiert. In der N\u00e4he des Kreuzungsbereiches Spannbergerstra\u00dfe und Seyringerstra\u00dfe kam es kurz zuvor zu einem Wassergebrechen der Hauptwasserleitung. Gemeindearbeiter der Marktgemeinde Matzen-Raggendorf waren bereits vor Ort. <a class=\"more-link\" href=\"https:\/\/www.feuerwehr-matzen.at\/?page_id=1317\">weiterlesen  <span class=\"screen-reader-text\">  25. Dezember 2010<\/span><span class=\"meta-nav\">&rarr;<\/span><\/a><\/p>\n","protected":false},"author":6,"featured_media":0,"parent":0,"menu_order":0,"comment_status":"closed","ping_status":"open","template":"","meta":{"footnotes":""},"class_list":["post-1317","page","type-page","status-publish","hentry"],"_links":{"self":[{"href":"https:\/\/www.feuerwehr-matzen.at\/index.php?rest_route=\/wp\/v2\/pages\/1317","targetHints":{"allow":["GET"]}}],"collection":[{"href":"https:\/\/www.feuerwehr-matzen.at\/index.php?rest_route=\/wp\/v2\/pages"}],"about":[{"href":"https:\/\/www.feuerwehr-matzen.at\/index.php?rest_route=\/wp\/v2\/types\/page"}],"author":[{"embeddable":true,"href":"https:\/\/www.feuerwehr-matzen.at\/index.php?rest_route=\/wp\/v2\/users\/6"}],"replies":[{"embeddable":true,"href":"https:\/\/www.feuerwehr-matzen.at\/index.php?rest_route=%2Fwp%2Fv2%2Fcomments&post=1317"}],"version-history":[{"count":21,"href":"https:\/\/www.feuerwehr-matzen.at\/index.php?rest_route=\/wp\/v2\/pages\/1317\/revisions"}],"predecessor-version":[{"id":5811,"href":"https:\/\/www.feuerwehr-matzen.at\/index.php?rest_route=\/wp\/v2\/pages\/1317\/revisions\/5811"}],"wp:attachment":[{"href":"https:\/\/www.feuerwehr-matzen.at\/index.php?rest_route=%2Fwp%2Fv2%2Fmedia&parent=1317"}],"curies":[{"name":"wp","href":"https:\/\/api.w.org\/{rel}","templated":true}]}}