{"id":1386,"date":"2013-07-22T14:56:12","date_gmt":"2013-07-22T12:56:12","guid":{"rendered":"http:\/\/www.feuerwehr-matzen.at\/?page_id=1386"},"modified":"2020-09-18T14:15:11","modified_gmt":"2020-09-18T12:15:11","slug":"08-janner-2013-2","status":"publish","type":"page","link":"https:\/\/www.feuerwehr-matzen.at\/?page_id=1386","title":{"rendered":"08. J\u00e4nner 2013"},"content":{"rendered":"<p><strong>Verkehrsunfall<\/strong><a title=\"Eins\u00e4tze 2013\" href=\"https:\/\/www.feuerwehr-matzen.at\/?page_id=177\"><img loading=\"lazy\" decoding=\"async\" class=\"alignright size-full wp-image-1833\" alt=\"return\" src=\"https:\/\/www.feuerwehr-matzen.at\/wp-content\/uploads\/2013\/07\/return.jpg\" width=\"65\" height=\"30\" \/><\/a><\/p>\n<p>Am 8.J\u00e4nner um 13:25 heulten die Sirenen das erste Mal im neuen Jahr. Eine Fahrzeuglenkerin kam auf der L 18 zwischen Matzen und Reyersdorf nach einer Linkskurve ins Schleuder und rutschte in Folge von der Fahrbahn. Da die Lenkerin ihren PKW nicht aus eigener Kraft auf die Stra\u00dfe bef\u00f6rdern konnte, wurden die Florianij\u00fcnger verst\u00e4ndigt. Das Kommandofahrzeug r\u00fcckte nur wenige Minuten nach der Alarmierung mit 7 Mann zur Einsatzstelle aus. Die Einsatzkr\u00e4fte zogen den PKW wieder auf die Stra\u00dfe, worauf die Unfalllenkerin ihre Fahrt fortsetzen konnte. Nach rund 30 Minuten wurde die Einsatzbereitschaft wieder hergestellt.<\/p>\n<p>Im Einsatz befindliche Fahrzeuge: KDO<br \/>\nMannschaftsst\u00e4rke: 7<br \/>\nsonstige Kr\u00e4fte: Polizei<\/p>\n","protected":false},"excerpt":{"rendered":"<p>Verkehrsunfall Am 8.J\u00e4nner um 13:25 heulten die Sirenen das erste Mal im neuen Jahr. Eine Fahrzeuglenkerin kam auf der L 18 zwischen Matzen und Reyersdorf nach einer Linkskurve ins Schleuder und rutschte in Folge von der Fahrbahn. Da die Lenkerin <a class=\"more-link\" href=\"https:\/\/www.feuerwehr-matzen.at\/?page_id=1386\">weiterlesen  <span class=\"screen-reader-text\">  08. J\u00e4nner 2013<\/span><span class=\"meta-nav\">&rarr;<\/span><\/a><\/p>\n","protected":false},"author":6,"featured_media":0,"parent":0,"menu_order":0,"comment_status":"closed","ping_status":"open","template":"","meta":{"footnotes":""},"class_list":["post-1386","page","type-page","status-publish","hentry"],"_links":{"self":[{"href":"https:\/\/www.feuerwehr-matzen.at\/index.php?rest_route=\/wp\/v2\/pages\/1386","targetHints":{"allow":["GET"]}}],"collection":[{"href":"https:\/\/www.feuerwehr-matzen.at\/index.php?rest_route=\/wp\/v2\/pages"}],"about":[{"href":"https:\/\/www.feuerwehr-matzen.at\/index.php?rest_route=\/wp\/v2\/types\/page"}],"author":[{"embeddable":true,"href":"https:\/\/www.feuerwehr-matzen.at\/index.php?rest_route=\/wp\/v2\/users\/6"}],"replies":[{"embeddable":true,"href":"https:\/\/www.feuerwehr-matzen.at\/index.php?rest_route=%2Fwp%2Fv2%2Fcomments&post=1386"}],"version-history":[{"count":3,"href":"https:\/\/www.feuerwehr-matzen.at\/index.php?rest_route=\/wp\/v2\/pages\/1386\/revisions"}],"predecessor-version":[{"id":5776,"href":"https:\/\/www.feuerwehr-matzen.at\/index.php?rest_route=\/wp\/v2\/pages\/1386\/revisions\/5776"}],"wp:attachment":[{"href":"https:\/\/www.feuerwehr-matzen.at\/index.php?rest_route=%2Fwp%2Fv2%2Fmedia&parent=1386"}],"curies":[{"name":"wp","href":"https:\/\/api.w.org\/{rel}","templated":true}]}}