{"id":1422,"date":"2013-07-22T15:28:02","date_gmt":"2013-07-22T13:28:02","guid":{"rendered":"http:\/\/www.feuerwehr-matzen.at\/?page_id=1422"},"modified":"2020-09-18T14:15:35","modified_gmt":"2020-09-18T12:15:35","slug":"30-april-2010","status":"publish","type":"page","link":"https:\/\/www.feuerwehr-matzen.at\/?page_id=1422","title":{"rendered":"30. April 2010"},"content":{"rendered":"<p><strong>Einsatz\u00fcbung in G\u00e4nserndorf<\/strong><a title=\"\u00dcbungen 2010\" href=\"https:\/\/www.feuerwehr-matzen.at\/?page_id=752\"><img loading=\"lazy\" decoding=\"async\" class=\"alignright size-full wp-image-1833\" alt=\"return\" src=\"https:\/\/www.feuerwehr-matzen.at\/wp-content\/uploads\/2013\/07\/return.jpg\" width=\"65\" height=\"30\" \/><\/a><\/p>\n<p>Die Feuerwehr Matzen wurde zu einer Einsatz\u00fcbung in G\u00e4nserndorf eingeladen. \u00dcbungsannahme war ein Brand in der Hauptschule in der Eichamtstra\u00dfe. Um diese \u00dcbung so realistisch wie m\u00f6glich zu gestalten wurde sie vor Schulschluss abgehalten.<br \/>\nAm 30.April 2010 wurde die Feuerwehr Matzen und die Feuerwehr Strasshof um 11:45 \u00fcber Funk zu einem Brand in der Hauptschule in G\u00e4nserndorf alarmiert. Etwa zeitgleich trafen die nachalarmierten Einsatzkr\u00e4fte am \u00dcbungsort ein.<br \/>\nDer Gruppenkommandant des RLF-A 2000 Matzen bekam den Einsatzbefehl einen Atemschutztrupp ausr\u00fcsten zu lassen und den Atemschutzsammelplatz zu errichten.<br \/>\nKurz darauf meldete sich der Atemschutztrupp Matzen beim Einsatzleiter und bekam den Befehl den 1.Stock nach vermissten Personen zu durchsuchen. Gleichzeitig begab sich der ATS-Trupp Strasshof \u00fcber das zweite Stiegenhaus in den 1.Stock. Nachdem niemand gefunden wurde, konnte der ATS-Trupp Matzen das verrauchte Geb\u00e4ude verlassen. Am bereits eingerichteten Atemschutzsammelplatz meldete sich der Trupp und stellte die Einsatzbereitschaft wieder her.<br \/>\nInzwischen wurde im 3.Stock eine Person gefunden und die Rettung mittels Drehleiter begonnen. Der ATS-Trupp Matzen musste zur Unterst\u00fctzung des Trupps im 3.Stock los eilen, um bei der Rettung behilflich zu sein.<br \/>\nNach der erfolgreichen Befreiung der Person und der Druckbel\u00fcftung wurde die \u00dcbung beendet und die Einsatzkr\u00e4fte r\u00fcckten zur \u00dcbungsnachbesprechung ins Feuerwehrhaus G\u00e4nserndorf ein.<\/p>\n<p>Nach einer St\u00e4rkung konnte die Feuerwehr Matzen um 14:45 die Einsatzbereitschaft wieder herstellen.<\/p>\n<p><a href=\"https:\/\/www.feuerwehr-matzen.at\/wp-content\/uploads\/2013\/07\/84517254.jpg\"><a href=\"https:\/\/www.feuerwehr-matzen.at\/wp-content\/uploads\/2013\/08\/96388338.jpg\"><img loading=\"lazy\" decoding=\"async\" class=\"alignleft size-thumbnail wp-image-2968\" alt=\"96388338\" src=\"https:\/\/www.feuerwehr-matzen.at\/wp-content\/uploads\/2013\/08\/96388338-150x150.jpg\" width=\"150\" height=\"150\" \/><\/a>\u00a0<img loading=\"lazy\" decoding=\"async\" class=\"alignleft size-thumbnail wp-image-2427\" alt=\"84517254\" src=\"https:\/\/www.feuerwehr-matzen.at\/wp-content\/uploads\/2013\/07\/84517254-150x150.jpg\" width=\"150\" height=\"150\" \/><\/a> <a href=\"https:\/\/www.feuerwehr-matzen.at\/wp-content\/uploads\/2013\/07\/80952076.jpg\"><img loading=\"lazy\" decoding=\"async\" class=\"alignleft size-thumbnail wp-image-2426\" alt=\"80952076\" src=\"https:\/\/www.feuerwehr-matzen.at\/wp-content\/uploads\/2013\/07\/80952076-150x150.jpg\" width=\"150\" height=\"150\" \/><\/a> <a href=\"https:\/\/www.feuerwehr-matzen.at\/wp-content\/uploads\/2013\/07\/61643027.jpg\"><img loading=\"lazy\" decoding=\"async\" class=\"alignleft size-thumbnail wp-image-2425\" alt=\"61643027\" src=\"https:\/\/www.feuerwehr-matzen.at\/wp-content\/uploads\/2013\/07\/61643027-150x150.jpg\" width=\"150\" height=\"150\" \/><\/a>\u00a0<a href=\"https:\/\/www.feuerwehr-matzen.at\/wp-content\/uploads\/2013\/08\/14554301.jpg\"><img loading=\"lazy\" decoding=\"async\" class=\"alignleft size-thumbnail wp-image-2965\" alt=\"14554301\" src=\"https:\/\/www.feuerwehr-matzen.at\/wp-content\/uploads\/2013\/08\/14554301-150x150.jpg\" width=\"150\" height=\"150\" \/><\/a>\u00a0<a href=\"https:\/\/www.feuerwehr-matzen.at\/wp-content\/uploads\/2013\/07\/10999196.jpg\"><img loading=\"lazy\" decoding=\"async\" class=\"alignleft size-thumbnail wp-image-2423\" alt=\"10999196\" src=\"https:\/\/www.feuerwehr-matzen.at\/wp-content\/uploads\/2013\/07\/10999196-150x150.jpg\" width=\"150\" height=\"150\" \/><\/a><\/p>\n","protected":false},"excerpt":{"rendered":"<p>Einsatz\u00fcbung in G\u00e4nserndorf Die Feuerwehr Matzen wurde zu einer Einsatz\u00fcbung in G\u00e4nserndorf eingeladen. \u00dcbungsannahme war ein Brand in der Hauptschule in der Eichamtstra\u00dfe. Um diese \u00dcbung so realistisch wie m\u00f6glich zu gestalten wurde sie vor Schulschluss abgehalten. Am 30.April 2010 <a class=\"more-link\" href=\"https:\/\/www.feuerwehr-matzen.at\/?page_id=1422\">weiterlesen  <span class=\"screen-reader-text\">  30. April 2010<\/span><span class=\"meta-nav\">&rarr;<\/span><\/a><\/p>\n","protected":false},"author":6,"featured_media":0,"parent":0,"menu_order":0,"comment_status":"closed","ping_status":"open","template":"","meta":{"footnotes":""},"class_list":["post-1422","page","type-page","status-publish","hentry"],"_links":{"self":[{"href":"https:\/\/www.feuerwehr-matzen.at\/index.php?rest_route=\/wp\/v2\/pages\/1422","targetHints":{"allow":["GET"]}}],"collection":[{"href":"https:\/\/www.feuerwehr-matzen.at\/index.php?rest_route=\/wp\/v2\/pages"}],"about":[{"href":"https:\/\/www.feuerwehr-matzen.at\/index.php?rest_route=\/wp\/v2\/types\/page"}],"author":[{"embeddable":true,"href":"https:\/\/www.feuerwehr-matzen.at\/index.php?rest_route=\/wp\/v2\/users\/6"}],"replies":[{"embeddable":true,"href":"https:\/\/www.feuerwehr-matzen.at\/index.php?rest_route=%2Fwp%2Fv2%2Fcomments&post=1422"}],"version-history":[{"count":6,"href":"https:\/\/www.feuerwehr-matzen.at\/index.php?rest_route=\/wp\/v2\/pages\/1422\/revisions"}],"predecessor-version":[{"id":5828,"href":"https:\/\/www.feuerwehr-matzen.at\/index.php?rest_route=\/wp\/v2\/pages\/1422\/revisions\/5828"}],"wp:attachment":[{"href":"https:\/\/www.feuerwehr-matzen.at\/index.php?rest_route=%2Fwp%2Fv2%2Fmedia&parent=1422"}],"curies":[{"name":"wp","href":"https:\/\/api.w.org\/{rel}","templated":true}]}}