{"id":2800,"date":"2013-08-17T01:19:10","date_gmt":"2013-08-16T23:19:10","guid":{"rendered":"http:\/\/www.feuerwehr-matzen.at\/?page_id=2800"},"modified":"2020-09-18T14:15:11","modified_gmt":"2020-09-18T12:15:11","slug":"09-august-2013","status":"publish","type":"page","link":"https:\/\/www.feuerwehr-matzen.at\/?page_id=2800","title":{"rendered":"09. August 2013"},"content":{"rendered":"<p><strong>Brandeinsatz in der NUA Hohenruppersdorf<\/strong><a title=\"Eins\u00e4tze 2013\" href=\"https:\/\/www.feuerwehr-matzen.at\/?page_id=177\"><img loading=\"lazy\" decoding=\"async\" class=\"alignright size-full wp-image-1833\" alt=\"return\" src=\"https:\/\/www.feuerwehr-matzen.at\/wp-content\/uploads\/2013\/07\/return.jpg\" width=\"65\" height=\"30\" \/><\/a><\/p>\n<p>Am 9. August wurde die Feuerwehr Matzen um 12:16 Uhr mittels Sirene und SMS Alarm zu einem Brandeinsatz alarmiert. Kurz zuvor r\u00fcckte die Feuerwehr Hohenruppersdorf zu einem TUS Alarm in die NUA aus. Diese erh\u00f6hte nachdem bei der Erkundung ein Brand festgestellt werden konnte auf B2 worauf die Feuerwehren Spannberg, Matzen und Erdpress umgehend alarmiert wurden.<\/p>\n<p>Da die Sprinkleranlage einwandfrei funktionierte, konnte schnell eine weitere Ausbreitung des Brandes verhindert werden. F\u00fcr die Nachl\u00f6scharbeiten wurde die Feuerhwer Hochleithen mit der W\u00e4rmebildkamera nachalarmiert. Die Feuerwehr Matzen baute den Druckbel\u00fcfter auf und unterst\u00fctze die Feuerwehren bei den L\u00f6scharbeiten.<\/p>\n<p>Um 14:25 konnten die Einsatzkr\u00e4fte aus Matzen wieder einr\u00fccken und die Einsatzbereitschaft wieder herstellen.<\/p>\n<p>Im Einsatz befindliche Fahrzeuge: RLF-A 2000, KDO<br \/>\nMannschaftsst\u00e4rke: 7<\/p>\n<p><a href=\"https:\/\/www.feuerwehr-matzen.at\/wp-content\/uploads\/2013\/08\/DSC08377.jpg\"><a href=\"https:\/\/www.feuerwehr-matzen.at\/wp-content\/uploads\/2013\/08\/DSC08377.jpg\"><img loading=\"lazy\" decoding=\"async\" class=\"alignleft size-thumbnail wp-image-2801\" alt=\"DSC08377\" src=\"https:\/\/www.feuerwehr-matzen.at\/wp-content\/uploads\/2013\/08\/DSC08377-150x150.jpg\" width=\"150\" height=\"150\" \/><\/a> <a href=\"https:\/\/www.feuerwehr-matzen.at\/wp-content\/uploads\/2013\/08\/DSC08398.jpg\"><img loading=\"lazy\" decoding=\"async\" class=\"alignleft size-thumbnail wp-image-2805\" alt=\"DSC08398\" src=\"https:\/\/www.feuerwehr-matzen.at\/wp-content\/uploads\/2013\/08\/DSC08398-150x150.jpg\" width=\"150\" height=\"150\" \/><\/a> <a href=\"https:\/\/www.feuerwehr-matzen.at\/wp-content\/uploads\/2013\/08\/DSC08395.jpg\"><img loading=\"lazy\" decoding=\"async\" class=\"alignleft size-thumbnail wp-image-2804\" alt=\"DSC08395\" src=\"https:\/\/www.feuerwehr-matzen.at\/wp-content\/uploads\/2013\/08\/DSC08395-150x150.jpg\" width=\"150\" height=\"150\" \/><\/a> <a href=\"https:\/\/www.feuerwehr-matzen.at\/wp-content\/uploads\/2013\/08\/DSC08386.jpg\"><img loading=\"lazy\" decoding=\"async\" class=\"alignleft size-thumbnail wp-image-2803\" alt=\"DSC08386\" src=\"https:\/\/www.feuerwehr-matzen.at\/wp-content\/uploads\/2013\/08\/DSC08386-150x150.jpg\" width=\"150\" height=\"150\" \/><\/a> <a href=\"https:\/\/www.feuerwehr-matzen.at\/wp-content\/uploads\/2013\/08\/DSC08379.jpg\"><img loading=\"lazy\" decoding=\"async\" class=\"alignleft size-thumbnail wp-image-2802\" alt=\"DSC08379\" src=\"https:\/\/www.feuerwehr-matzen.at\/wp-content\/uploads\/2013\/08\/DSC08379-150x150.jpg\" width=\"150\" height=\"150\" \/><\/a><\/a><\/p>\n","protected":false},"excerpt":{"rendered":"<p>Brandeinsatz in der NUA Hohenruppersdorf Am 9. August wurde die Feuerwehr Matzen um 12:16 Uhr mittels Sirene und SMS Alarm zu einem Brandeinsatz alarmiert. Kurz zuvor r\u00fcckte die Feuerwehr Hohenruppersdorf zu einem TUS Alarm in die NUA aus. Diese erh\u00f6hte <a class=\"more-link\" href=\"https:\/\/www.feuerwehr-matzen.at\/?page_id=2800\">weiterlesen  <span class=\"screen-reader-text\">  09. August 2013<\/span><span class=\"meta-nav\">&rarr;<\/span><\/a><\/p>\n","protected":false},"author":6,"featured_media":0,"parent":0,"menu_order":0,"comment_status":"closed","ping_status":"open","template":"","meta":{"footnotes":""},"class_list":["post-2800","page","type-page","status-publish","hentry"],"_links":{"self":[{"href":"https:\/\/www.feuerwehr-matzen.at\/index.php?rest_route=\/wp\/v2\/pages\/2800","targetHints":{"allow":["GET"]}}],"collection":[{"href":"https:\/\/www.feuerwehr-matzen.at\/index.php?rest_route=\/wp\/v2\/pages"}],"about":[{"href":"https:\/\/www.feuerwehr-matzen.at\/index.php?rest_route=\/wp\/v2\/types\/page"}],"author":[{"embeddable":true,"href":"https:\/\/www.feuerwehr-matzen.at\/index.php?rest_route=\/wp\/v2\/users\/6"}],"replies":[{"embeddable":true,"href":"https:\/\/www.feuerwehr-matzen.at\/index.php?rest_route=%2Fwp%2Fv2%2Fcomments&post=2800"}],"version-history":[{"count":4,"href":"https:\/\/www.feuerwehr-matzen.at\/index.php?rest_route=\/wp\/v2\/pages\/2800\/revisions"}],"predecessor-version":[{"id":5778,"href":"https:\/\/www.feuerwehr-matzen.at\/index.php?rest_route=\/wp\/v2\/pages\/2800\/revisions\/5778"}],"wp:attachment":[{"href":"https:\/\/www.feuerwehr-matzen.at\/index.php?rest_route=%2Fwp%2Fv2%2Fmedia&parent=2800"}],"curies":[{"name":"wp","href":"https:\/\/api.w.org\/{rel}","templated":true}]}}