{"id":3624,"date":"2013-10-07T10:33:18","date_gmt":"2013-10-07T08:33:18","guid":{"rendered":"http:\/\/www.feuerwehr-matzen.at\/?page_id=3624"},"modified":"2026-01-13T11:56:38","modified_gmt":"2026-01-13T09:56:38","slug":"kontakt","status":"publish","type":"page","link":"https:\/\/www.feuerwehr-matzen.at\/?page_id=3624","title":{"rendered":"Kontakt"},"content":{"rendered":"<p>Freiwillige Feuerwehr Matzen<br \/>Bahnstra\u00dfe 55<br \/>2243 Matzen<\/p>\n<p style=\"text-align: left;\" align=\"center\">Email:\u00a0<a href=\"mailto:matzen@feuerwehr.gv.at\">matzen@feuerwehr.gv.at<\/a><\/p>\n<p>Telefon\/Fax: 02289\/2222<\/p>\n<p>ACHTUNG: Das Feuerwehrhaus ist nicht st\u00e4ndig besetzt !!!<br \/>Bei Notf\u00e4llen w\u00e4hlen Sie den Feuerwehrnotruf 122.<\/p>\n<p>Kommandant: OBI Widhalm Klemens 0699 \/ 11338957<br \/>Kommandant-Stellvertreter: BI Widhalm Paul 0650 \/ 2300091<br \/>Verwalter: V Florian Weiss 0664 \/ 2262629<\/p>\n\n\n<p><\/p>\n","protected":false},"excerpt":{"rendered":"<p>Freiwillige Feuerwehr MatzenBahnstra\u00dfe 552243 Matzen Email:\u00a0matzen@feuerwehr.gv.at Telefon\/Fax: 02289\/2222 ACHTUNG: Das Feuerwehrhaus ist nicht st\u00e4ndig besetzt !!!Bei Notf\u00e4llen w\u00e4hlen Sie den Feuerwehrnotruf 122. Kommandant: OBI Widhalm Klemens 0699 \/ 11338957Kommandant-Stellvertreter: BI Widhalm Paul 0650 \/ 2300091Verwalter: V Florian Weiss 0664 \/ <a class=\"more-link\" href=\"https:\/\/www.feuerwehr-matzen.at\/?page_id=3624\">weiterlesen  <span class=\"screen-reader-text\">  Kontakt<\/span><span class=\"meta-nav\">&rarr;<\/span><\/a><\/p>\n","protected":false},"author":6,"featured_media":0,"parent":0,"menu_order":0,"comment_status":"closed","ping_status":"closed","template":"","meta":{"footnotes":""},"class_list":["post-3624","page","type-page","status-publish","hentry"],"_links":{"self":[{"href":"https:\/\/www.feuerwehr-matzen.at\/index.php?rest_route=\/wp\/v2\/pages\/3624","targetHints":{"allow":["GET"]}}],"collection":[{"href":"https:\/\/www.feuerwehr-matzen.at\/index.php?rest_route=\/wp\/v2\/pages"}],"about":[{"href":"https:\/\/www.feuerwehr-matzen.at\/index.php?rest_route=\/wp\/v2\/types\/page"}],"author":[{"embeddable":true,"href":"https:\/\/www.feuerwehr-matzen.at\/index.php?rest_route=\/wp\/v2\/users\/6"}],"replies":[{"embeddable":true,"href":"https:\/\/www.feuerwehr-matzen.at\/index.php?rest_route=%2Fwp%2Fv2%2Fcomments&post=3624"}],"version-history":[{"count":12,"href":"https:\/\/www.feuerwehr-matzen.at\/index.php?rest_route=\/wp\/v2\/pages\/3624\/revisions"}],"predecessor-version":[{"id":11754,"href":"https:\/\/www.feuerwehr-matzen.at\/index.php?rest_route=\/wp\/v2\/pages\/3624\/revisions\/11754"}],"wp:attachment":[{"href":"https:\/\/www.feuerwehr-matzen.at\/index.php?rest_route=%2Fwp%2Fv2%2Fmedia&parent=3624"}],"curies":[{"name":"wp","href":"https:\/\/api.w.org\/{rel}","templated":true}]}}