{"id":3692,"date":"2013-11-20T12:25:06","date_gmt":"2013-11-20T10:25:06","guid":{"rendered":"http:\/\/www.feuerwehr-matzen.at\/?page_id=3692"},"modified":"2020-09-18T14:15:35","modified_gmt":"2020-09-18T12:15:35","slug":"30-september-2013","status":"publish","type":"page","link":"https:\/\/www.feuerwehr-matzen.at\/?page_id=3692","title":{"rendered":"30. September 2013"},"content":{"rendered":"<p><strong>UA Atemschutz\u00fcbung<\/strong><a title=\"\u00dcbungen 2013\" href=\"https:\/\/www.feuerwehr-matzen.at\/?page_id=486\"><img loading=\"lazy\" decoding=\"async\" class=\"alignright size-full wp-image-1833\" alt=\"return\" src=\"https:\/\/www.feuerwehr-matzen.at\/wp-content\/uploads\/2013\/07\/return.jpg\" width=\"65\" height=\"30\" \/><\/a><\/p>\n<p>Am 30. September fand die UA ATS \u00dcbung in Raggendorf statt. Alarmiert wurde die Feuerwehr Matzen mittels Digitalfunk um 19:00 zu einem Wohnungsbrand mit vermissten Personen.<br \/>\nUmgehend machten sich die Matzner Florianij\u00fcnger auf den Weg zur \u00dcbungsadresse. Dort angekommen bekam das R\u00fcstl\u00f6schfahrzeug den Auftrag mit der Menschenrettung unter Atemschutz im Obergescho\u00df \u00fcber eine Leiter zu beginnen und eine Wasserversorgung aufzubauen. Das Kommandofahrzeug richtete den Atemschutzsammelplatz ein.<br \/>\nNur wenige Augenblicke sp\u00e4ter r\u00fcckte der Atemschutztrupp bereits ins Innere des Dachbodens vor. Eine Person lag bewu\u00dftlos am Boden. Mittels Schaufeltrage wurde diese \u00fcber die Leiter ins Freie gebracht und erstversorgt.<br \/>\nIn der Zwischenzeit wurde die zweite vermisste Person im Erdgescho\u00df durch die Atemschutztrupps der Feuerwehr Raggendorf und Klein Harras gerettet.<br \/>\nNachdem alle Personen befreit und der Brand erfolgreich bek\u00e4mpft wurde konnte nach einer kurzen Besichtigung des Objektes mit der Nachbesprechung begonnen werden. Im Anschlu\u00df gab es f\u00fcr alle Beteiligten eine kleine St\u00e4rkung im FF Haus Raggendorf.<\/p>\n<p><a href=\"https:\/\/www.feuerwehr-matzen.at\/wp-content\/uploads\/2013\/11\/DSC08540.jpg\"><img loading=\"lazy\" decoding=\"async\" class=\"alignleft size-thumbnail wp-image-3693\" alt=\"DSC08540\" src=\"https:\/\/www.feuerwehr-matzen.at\/wp-content\/uploads\/2013\/11\/DSC08540-150x150.jpg\" width=\"150\" height=\"150\" \/><\/a> <a href=\"https:\/\/www.feuerwehr-matzen.at\/wp-content\/uploads\/2013\/11\/DSC08544.jpg\"><img loading=\"lazy\" decoding=\"async\" class=\"alignleft size-thumbnail wp-image-3694\" alt=\"DSC08544\" src=\"https:\/\/www.feuerwehr-matzen.at\/wp-content\/uploads\/2013\/11\/DSC08544-150x150.jpg\" width=\"150\" height=\"150\" \/><\/a> <a href=\"https:\/\/www.feuerwehr-matzen.at\/wp-content\/uploads\/2013\/11\/DSC08546.jpg\"><img loading=\"lazy\" decoding=\"async\" class=\"alignleft size-thumbnail wp-image-3695\" alt=\"DSC08546\" src=\"https:\/\/www.feuerwehr-matzen.at\/wp-content\/uploads\/2013\/11\/DSC08546-150x150.jpg\" width=\"150\" height=\"150\" \/><\/a> <a href=\"https:\/\/www.feuerwehr-matzen.at\/wp-content\/uploads\/2013\/11\/DSC08547.jpg\"><img loading=\"lazy\" decoding=\"async\" class=\"alignleft size-thumbnail wp-image-3696\" alt=\"DSC08547\" src=\"https:\/\/www.feuerwehr-matzen.at\/wp-content\/uploads\/2013\/11\/DSC08547-150x150.jpg\" width=\"150\" height=\"150\" \/><\/a> <a href=\"https:\/\/www.feuerwehr-matzen.at\/wp-content\/uploads\/2013\/11\/DSC08548.jpg\"><img loading=\"lazy\" decoding=\"async\" class=\"alignleft size-thumbnail wp-image-3697\" alt=\"DSC08548\" src=\"https:\/\/www.feuerwehr-matzen.at\/wp-content\/uploads\/2013\/11\/DSC08548-150x150.jpg\" width=\"150\" height=\"150\" \/><\/a> <a href=\"https:\/\/www.feuerwehr-matzen.at\/wp-content\/uploads\/2013\/11\/DSC08550.jpg\"><img loading=\"lazy\" decoding=\"async\" class=\"alignleft size-thumbnail wp-image-3698\" alt=\"DSC08550\" src=\"https:\/\/www.feuerwehr-matzen.at\/wp-content\/uploads\/2013\/11\/DSC08550-150x150.jpg\" width=\"150\" height=\"150\" \/><\/a><\/p>\n","protected":false},"excerpt":{"rendered":"<p>UA Atemschutz\u00fcbung Am 30. September fand die UA ATS \u00dcbung in Raggendorf statt. Alarmiert wurde die Feuerwehr Matzen mittels Digitalfunk um 19:00 zu einem Wohnungsbrand mit vermissten Personen. Umgehend machten sich die Matzner Florianij\u00fcnger auf den Weg zur \u00dcbungsadresse. Dort <a class=\"more-link\" href=\"https:\/\/www.feuerwehr-matzen.at\/?page_id=3692\">weiterlesen  <span class=\"screen-reader-text\">  30. September 2013<\/span><span class=\"meta-nav\">&rarr;<\/span><\/a><\/p>\n","protected":false},"author":6,"featured_media":0,"parent":0,"menu_order":0,"comment_status":"closed","ping_status":"closed","template":"","meta":{"footnotes":""},"class_list":["post-3692","page","type-page","status-publish","hentry"],"_links":{"self":[{"href":"https:\/\/www.feuerwehr-matzen.at\/index.php?rest_route=\/wp\/v2\/pages\/3692","targetHints":{"allow":["GET"]}}],"collection":[{"href":"https:\/\/www.feuerwehr-matzen.at\/index.php?rest_route=\/wp\/v2\/pages"}],"about":[{"href":"https:\/\/www.feuerwehr-matzen.at\/index.php?rest_route=\/wp\/v2\/types\/page"}],"author":[{"embeddable":true,"href":"https:\/\/www.feuerwehr-matzen.at\/index.php?rest_route=\/wp\/v2\/users\/6"}],"replies":[{"embeddable":true,"href":"https:\/\/www.feuerwehr-matzen.at\/index.php?rest_route=%2Fwp%2Fv2%2Fcomments&post=3692"}],"version-history":[{"count":1,"href":"https:\/\/www.feuerwehr-matzen.at\/index.php?rest_route=\/wp\/v2\/pages\/3692\/revisions"}],"predecessor-version":[{"id":3699,"href":"https:\/\/www.feuerwehr-matzen.at\/index.php?rest_route=\/wp\/v2\/pages\/3692\/revisions\/3699"}],"wp:attachment":[{"href":"https:\/\/www.feuerwehr-matzen.at\/index.php?rest_route=%2Fwp%2Fv2%2Fmedia&parent=3692"}],"curies":[{"name":"wp","href":"https:\/\/api.w.org\/{rel}","templated":true}]}}