{"id":3783,"date":"2014-01-20T11:11:05","date_gmt":"2014-01-20T09:11:05","guid":{"rendered":"http:\/\/www.feuerwehr-matzen.at\/?page_id=3783"},"modified":"2020-09-18T14:15:23","modified_gmt":"2020-09-18T12:15:23","slug":"11-jaenner-2014","status":"publish","type":"page","link":"https:\/\/www.feuerwehr-matzen.at\/?page_id=3783","title":{"rendered":"11. J\u00e4nner 2014"},"content":{"rendered":"<p><strong>Feuerwehrball<\/strong><a title=\"Veranstaltungen 2014\" href=\"https:\/\/www.feuerwehr-matzen.at\/?page_id=3788\"><img loading=\"lazy\" decoding=\"async\" class=\"alignright size-full wp-image-1833\" alt=\"return\" src=\"https:\/\/www.feuerwehr-matzen.at\/wp-content\/uploads\/2013\/07\/return.jpg\" width=\"65\" height=\"30\" \/><\/a><\/p>\n<p>Die Matzner Ballsaison startete mit dem traditionellen Feuerwehrball am \u00a0 11. J\u00e4nner 2014 im Optimum Matzen. Die Ballg\u00e4ste tanzten bis in die fr\u00fchen Morgenstunden zur Musik von \u201eMikes Crew\u201c Ganz im Zeichen der Freiwilligen Feuerwehr Matzen stand der Auftakt der Ballsaison. Nach der Polonaise wurde der Ball wie in den letzten Jahren nach ein paar kurzen Begr\u00fc\u00dfungsworten des Kommandanten HBI Neubauer Manfred durch einen Walzer der Ehrendamen mit den Feuerwehrkameraden er\u00f6ffnet. Die zahlreichen G\u00e4ste am\u00fcsierten sich zu den Kl\u00e4ngen der Band \u201cMikes Crew \u201c. Sie sorgten bis in die fr\u00fchen Morgenstunden f\u00fcr eine gute Stimmung und eine gut besuchte Tanzfl\u00e4che. Punkt Mitternacht wurden die zahlreichen Tombolatreffer verlost, wobei es viele gl\u00fcckliche Gewinner gegeben hatte. Wir m\u00f6chten uns auf diesem Weg nochmal recht herzlich bei allen Spendern bedanken. F\u00fcr das leibliche Wohl der Ballg\u00e4ste sorgte \u201eCafe Optimum \u201c Karina Fritz und ihrem Team. Wir m\u00f6chten uns bei allen Besuchern bedanken und hoffen das der Ball noch l\u00e4nger in Erinnerung bleibt.<\/p>\n<p><a href=\"https:\/\/www.feuerwehr-matzen.at\/wp-content\/uploads\/2014\/01\/DSC08776.jpg\"><img loading=\"lazy\" decoding=\"async\" class=\"alignleft size-thumbnail wp-image-3794\" alt=\"DSC08776\" src=\"https:\/\/www.feuerwehr-matzen.at\/wp-content\/uploads\/2014\/01\/DSC08776-150x150.jpg\" width=\"150\" height=\"150\" \/><\/a> <a href=\"https:\/\/www.feuerwehr-matzen.at\/wp-content\/uploads\/2014\/01\/DSC08782.jpg\"><img loading=\"lazy\" decoding=\"async\" class=\"alignleft size-thumbnail wp-image-3795\" alt=\"DSC08782\" src=\"https:\/\/www.feuerwehr-matzen.at\/wp-content\/uploads\/2014\/01\/DSC08782-150x150.jpg\" width=\"150\" height=\"150\" \/><\/a> <a href=\"https:\/\/www.feuerwehr-matzen.at\/wp-content\/uploads\/2014\/01\/DSC08791_01.jpg\"><img loading=\"lazy\" decoding=\"async\" class=\"alignleft size-thumbnail wp-image-3796\" alt=\"DSC08791_01\" src=\"https:\/\/www.feuerwehr-matzen.at\/wp-content\/uploads\/2014\/01\/DSC08791_01-150x150.jpg\" width=\"150\" height=\"150\" \/><\/a> <a href=\"https:\/\/www.feuerwehr-matzen.at\/wp-content\/uploads\/2014\/01\/DSC08807.jpg\"><img loading=\"lazy\" decoding=\"async\" class=\"alignleft size-thumbnail wp-image-3797\" alt=\"DSC08807\" src=\"https:\/\/www.feuerwehr-matzen.at\/wp-content\/uploads\/2014\/01\/DSC08807-150x150.jpg\" width=\"150\" height=\"150\" \/><\/a> <a href=\"https:\/\/www.feuerwehr-matzen.at\/wp-content\/uploads\/2014\/01\/DSC08810.jpg\"><img loading=\"lazy\" decoding=\"async\" class=\"alignleft size-thumbnail wp-image-3798\" alt=\"DSC08810\" src=\"https:\/\/www.feuerwehr-matzen.at\/wp-content\/uploads\/2014\/01\/DSC08810-150x150.jpg\" width=\"150\" height=\"150\" \/><\/a> <a href=\"https:\/\/www.feuerwehr-matzen.at\/wp-content\/uploads\/2014\/01\/DSC08815.jpg\"><img loading=\"lazy\" decoding=\"async\" class=\"alignleft size-thumbnail wp-image-3799\" alt=\"DSC08815\" src=\"https:\/\/www.feuerwehr-matzen.at\/wp-content\/uploads\/2014\/01\/DSC08815-150x150.jpg\" width=\"150\" height=\"150\" \/><\/a> <a href=\"https:\/\/www.feuerwehr-matzen.at\/wp-content\/uploads\/2014\/01\/DSC08817.jpg\"><img loading=\"lazy\" decoding=\"async\" class=\"alignleft size-thumbnail wp-image-3800\" alt=\"DSC08817\" src=\"https:\/\/www.feuerwehr-matzen.at\/wp-content\/uploads\/2014\/01\/DSC08817-150x150.jpg\" width=\"150\" height=\"150\" \/><\/a> <a href=\"https:\/\/www.feuerwehr-matzen.at\/wp-content\/uploads\/2014\/01\/DSC08823.jpg\"><img loading=\"lazy\" decoding=\"async\" class=\"alignleft size-thumbnail wp-image-3801\" alt=\"DSC08823\" src=\"https:\/\/www.feuerwehr-matzen.at\/wp-content\/uploads\/2014\/01\/DSC08823-150x150.jpg\" width=\"150\" height=\"150\" \/><\/a><\/p>\n<p>&nbsp;<\/p>\n","protected":false},"excerpt":{"rendered":"<p>Feuerwehrball Die Matzner Ballsaison startete mit dem traditionellen Feuerwehrball am \u00a0 11. J\u00e4nner 2014 im Optimum Matzen. Die Ballg\u00e4ste tanzten bis in die fr\u00fchen Morgenstunden zur Musik von \u201eMikes Crew\u201c Ganz im Zeichen der Freiwilligen Feuerwehr Matzen stand der Auftakt <a class=\"more-link\" href=\"https:\/\/www.feuerwehr-matzen.at\/?page_id=3783\">weiterlesen  <span class=\"screen-reader-text\">  11. J\u00e4nner 2014<\/span><span class=\"meta-nav\">&rarr;<\/span><\/a><\/p>\n","protected":false},"author":6,"featured_media":0,"parent":0,"menu_order":0,"comment_status":"closed","ping_status":"closed","template":"","meta":{"footnotes":""},"class_list":["post-3783","page","type-page","status-publish","hentry"],"_links":{"self":[{"href":"https:\/\/www.feuerwehr-matzen.at\/index.php?rest_route=\/wp\/v2\/pages\/3783","targetHints":{"allow":["GET"]}}],"collection":[{"href":"https:\/\/www.feuerwehr-matzen.at\/index.php?rest_route=\/wp\/v2\/pages"}],"about":[{"href":"https:\/\/www.feuerwehr-matzen.at\/index.php?rest_route=\/wp\/v2\/types\/page"}],"author":[{"embeddable":true,"href":"https:\/\/www.feuerwehr-matzen.at\/index.php?rest_route=\/wp\/v2\/users\/6"}],"replies":[{"embeddable":true,"href":"https:\/\/www.feuerwehr-matzen.at\/index.php?rest_route=%2Fwp%2Fv2%2Fcomments&post=3783"}],"version-history":[{"count":4,"href":"https:\/\/www.feuerwehr-matzen.at\/index.php?rest_route=\/wp\/v2\/pages\/3783\/revisions"}],"predecessor-version":[{"id":3802,"href":"https:\/\/www.feuerwehr-matzen.at\/index.php?rest_route=\/wp\/v2\/pages\/3783\/revisions\/3802"}],"wp:attachment":[{"href":"https:\/\/www.feuerwehr-matzen.at\/index.php?rest_route=%2Fwp%2Fv2%2Fmedia&parent=3783"}],"curies":[{"name":"wp","href":"https:\/\/api.w.org\/{rel}","templated":true}]}}