{"id":3946,"date":"2014-07-21T14:42:39","date_gmt":"2014-07-21T12:42:39","guid":{"rendered":"http:\/\/www.feuerwehr-matzen.at\/?page_id=3946"},"modified":"2020-09-18T14:15:11","modified_gmt":"2020-09-18T12:15:11","slug":"02-juni-2014","status":"publish","type":"page","link":"https:\/\/www.feuerwehr-matzen.at\/?page_id=3946","title":{"rendered":"02. Juni 2014"},"content":{"rendered":"<p><strong>Monats\u00fcbung: Schadstoff, Hebekissen<\/strong><a title=\"\u00dcbungen 2014\" href=\"https:\/\/www.feuerwehr-matzen.at\/?page_id=3891\"><img loading=\"lazy\" decoding=\"async\" class=\"alignright size-full wp-image-1833\" alt=\"return\" src=\"https:\/\/www.feuerwehr-matzen.at\/wp-content\/uploads\/2013\/07\/return.jpg\" width=\"65\" height=\"30\" \/><\/a><\/p>\n<p>In der Monats\u00fcbung im Juni gab es zwei Stationen abzuarbeiten. Die Erste befasste sich mit der Schadstoffausr\u00fcstung der Feuerwehr Matzen, es wurde alle Ger\u00e4tschaften die im Schadstoffeinsatz verwendet werden k\u00f6nnen kurz besprochen. In der zweiten Station mussten die Teilnehmer aktiv bei einer Menschenrettung mittels Hebekissen ihr K\u00f6nnen auf die Probe stellen. Eine Person wurde unter einem vollen Container eingeklemmt. Nachdem die Vorgangsweise kurz unter den Teilnehmer abgesprochen wurde, konnte die Person rasch gerettet werden.<\/p>\n<p><a href=\"https:\/\/www.feuerwehr-matzen.at\/wp-content\/uploads\/2014\/07\/DSC09112.jpg\"><img loading=\"lazy\" decoding=\"async\" src=\"https:\/\/www.feuerwehr-matzen.at\/wp-content\/uploads\/2014\/07\/DSC09112-150x150.jpg\" alt=\"DSC09112\" width=\"150\" height=\"150\" class=\"alignleft size-thumbnail wp-image-3947\" \/><\/a><\/p>\n","protected":false},"excerpt":{"rendered":"<p>Monats\u00fcbung: Schadstoff, Hebekissen In der Monats\u00fcbung im Juni gab es zwei Stationen abzuarbeiten. Die Erste befasste sich mit der Schadstoffausr\u00fcstung der Feuerwehr Matzen, es wurde alle Ger\u00e4tschaften die im Schadstoffeinsatz verwendet werden k\u00f6nnen kurz besprochen. In der zweiten Station mussten <a class=\"more-link\" href=\"https:\/\/www.feuerwehr-matzen.at\/?page_id=3946\">weiterlesen  <span class=\"screen-reader-text\">  02. Juni 2014<\/span><span class=\"meta-nav\">&rarr;<\/span><\/a><\/p>\n","protected":false},"author":6,"featured_media":0,"parent":0,"menu_order":0,"comment_status":"closed","ping_status":"closed","template":"","meta":{"footnotes":""},"class_list":["post-3946","page","type-page","status-publish","hentry"],"_links":{"self":[{"href":"https:\/\/www.feuerwehr-matzen.at\/index.php?rest_route=\/wp\/v2\/pages\/3946","targetHints":{"allow":["GET"]}}],"collection":[{"href":"https:\/\/www.feuerwehr-matzen.at\/index.php?rest_route=\/wp\/v2\/pages"}],"about":[{"href":"https:\/\/www.feuerwehr-matzen.at\/index.php?rest_route=\/wp\/v2\/types\/page"}],"author":[{"embeddable":true,"href":"https:\/\/www.feuerwehr-matzen.at\/index.php?rest_route=\/wp\/v2\/users\/6"}],"replies":[{"embeddable":true,"href":"https:\/\/www.feuerwehr-matzen.at\/index.php?rest_route=%2Fwp%2Fv2%2Fcomments&post=3946"}],"version-history":[{"count":1,"href":"https:\/\/www.feuerwehr-matzen.at\/index.php?rest_route=\/wp\/v2\/pages\/3946\/revisions"}],"predecessor-version":[{"id":3948,"href":"https:\/\/www.feuerwehr-matzen.at\/index.php?rest_route=\/wp\/v2\/pages\/3946\/revisions\/3948"}],"wp:attachment":[{"href":"https:\/\/www.feuerwehr-matzen.at\/index.php?rest_route=%2Fwp%2Fv2%2Fmedia&parent=3946"}],"curies":[{"name":"wp","href":"https:\/\/api.w.org\/{rel}","templated":true}]}}