{"id":3950,"date":"2014-07-21T14:52:09","date_gmt":"2014-07-21T12:52:09","guid":{"rendered":"http:\/\/www.feuerwehr-matzen.at\/?page_id=3950"},"modified":"2020-09-18T14:15:34","modified_gmt":"2020-09-18T12:15:34","slug":"22-februar-2014","status":"publish","type":"page","link":"https:\/\/www.feuerwehr-matzen.at\/?page_id=3950","title":{"rendered":"22. Februar 2014"},"content":{"rendered":"<p><strong>Chargenschulung<\/strong><a title=\"\u00dcbungen 2014\" href=\"https:\/\/www.feuerwehr-matzen.at\/?page_id=3891\"><img loading=\"lazy\" decoding=\"async\" class=\"alignright size-full wp-image-1833\" alt=\"return\" src=\"https:\/\/www.feuerwehr-matzen.at\/wp-content\/uploads\/2013\/07\/return.jpg\" width=\"65\" height=\"30\" \/><\/a><\/p>\n<p>Am 22. Februar 2014 fand im Feuerwehrhaus  bzw. am \u00dcbungsgel\u00e4nde der Feuerwehr Stra\u00dfhof eine Schulung vom Abschnittsfeuerwehrkommando \u00fcber Zug- und Hebemittel. Nach einer theoretischen Schulung am Vormittag mussten im Anschluss ein PKW aus einer K\u00fcnette und ein umgest\u00fcrtzter Tankanh\u00e4nger wieder geborgen werden. Die teilnehmenden Feuerwehren wurden in Gruppen aufgeteilt und arbeiteten die Szenarien nacheinander ab. <\/p>\n<p><a href=\"https:\/\/www.feuerwehr-matzen.at\/wp-content\/uploads\/2014\/07\/DSC08862.jpg\"><img loading=\"lazy\" decoding=\"async\" src=\"https:\/\/www.feuerwehr-matzen.at\/wp-content\/uploads\/2014\/07\/DSC08862-150x150.jpg\" alt=\"DSC08862\" width=\"150\" height=\"150\" class=\"alignleft size-thumbnail wp-image-3951\" \/><\/a><\/p>\n<p><a href=\"https:\/\/www.feuerwehr-matzen.at\/wp-content\/uploads\/2014\/07\/DSC08866.jpg\"><img loading=\"lazy\" decoding=\"async\" src=\"https:\/\/www.feuerwehr-matzen.at\/wp-content\/uploads\/2014\/07\/DSC08866-150x150.jpg\" alt=\"DSC08866\" width=\"150\" height=\"150\" class=\"alignleft size-thumbnail wp-image-3952\" \/><\/a><\/p>\n<p><a href=\"https:\/\/www.feuerwehr-matzen.at\/wp-content\/uploads\/2014\/07\/DSC08878.jpg\"><img loading=\"lazy\" decoding=\"async\" src=\"https:\/\/www.feuerwehr-matzen.at\/wp-content\/uploads\/2014\/07\/DSC08878-150x150.jpg\" alt=\"DSC08878\" width=\"150\" height=\"150\" class=\"alignleft size-thumbnail wp-image-3953\" \/><\/a><\/p>\n<p><a href=\"https:\/\/www.feuerwehr-matzen.at\/wp-content\/uploads\/2014\/07\/DSC08891.jpg\"><img loading=\"lazy\" decoding=\"async\" src=\"https:\/\/www.feuerwehr-matzen.at\/wp-content\/uploads\/2014\/07\/DSC08891-150x150.jpg\" alt=\"DSC08891\" width=\"150\" height=\"150\" class=\"alignleft size-thumbnail wp-image-3954\" \/><\/a><\/p>\n","protected":false},"excerpt":{"rendered":"<p>Chargenschulung Am 22. Februar 2014 fand im Feuerwehrhaus bzw. am \u00dcbungsgel\u00e4nde der Feuerwehr Stra\u00dfhof eine Schulung vom Abschnittsfeuerwehrkommando \u00fcber Zug- und Hebemittel. Nach einer theoretischen Schulung am Vormittag mussten im Anschluss ein PKW aus einer K\u00fcnette und ein umgest\u00fcrtzter Tankanh\u00e4nger <a class=\"more-link\" href=\"https:\/\/www.feuerwehr-matzen.at\/?page_id=3950\">weiterlesen  <span class=\"screen-reader-text\">  22. Februar 2014<\/span><span class=\"meta-nav\">&rarr;<\/span><\/a><\/p>\n","protected":false},"author":6,"featured_media":0,"parent":0,"menu_order":0,"comment_status":"closed","ping_status":"closed","template":"","meta":{"footnotes":""},"class_list":["post-3950","page","type-page","status-publish","hentry"],"_links":{"self":[{"href":"https:\/\/www.feuerwehr-matzen.at\/index.php?rest_route=\/wp\/v2\/pages\/3950","targetHints":{"allow":["GET"]}}],"collection":[{"href":"https:\/\/www.feuerwehr-matzen.at\/index.php?rest_route=\/wp\/v2\/pages"}],"about":[{"href":"https:\/\/www.feuerwehr-matzen.at\/index.php?rest_route=\/wp\/v2\/types\/page"}],"author":[{"embeddable":true,"href":"https:\/\/www.feuerwehr-matzen.at\/index.php?rest_route=\/wp\/v2\/users\/6"}],"replies":[{"embeddable":true,"href":"https:\/\/www.feuerwehr-matzen.at\/index.php?rest_route=%2Fwp%2Fv2%2Fcomments&post=3950"}],"version-history":[{"count":1,"href":"https:\/\/www.feuerwehr-matzen.at\/index.php?rest_route=\/wp\/v2\/pages\/3950\/revisions"}],"predecessor-version":[{"id":3955,"href":"https:\/\/www.feuerwehr-matzen.at\/index.php?rest_route=\/wp\/v2\/pages\/3950\/revisions\/3955"}],"wp:attachment":[{"href":"https:\/\/www.feuerwehr-matzen.at\/index.php?rest_route=%2Fwp%2Fv2%2Fmedia&parent=3950"}],"curies":[{"name":"wp","href":"https:\/\/api.w.org\/{rel}","templated":true}]}}