{"id":4067,"date":"2014-09-05T22:55:39","date_gmt":"2014-09-05T20:55:39","guid":{"rendered":"http:\/\/www.feuerwehr-matzen.at\/?page_id=4067"},"modified":"2020-09-18T14:15:11","modified_gmt":"2020-09-18T12:15:11","slug":"05-september-2014","status":"publish","type":"page","link":"https:\/\/www.feuerwehr-matzen.at\/?page_id=4067","title":{"rendered":"05. September 2014"},"content":{"rendered":"<p><strong>T\u00f6dlicher Verkehrsunfall<\/strong><a title=\"Eins\u00e4tze\" href=\"https:\/\/www.feuerwehr-matzen.at\/?page_id=3773\"><img loading=\"lazy\" decoding=\"async\" class=\"alignright size-full wp-image-1833\" alt=\"return\" src=\"https:\/\/www.feuerwehr-matzen.at\/wp-content\/uploads\/2013\/07\/return.jpg\" width=\"65\" height=\"30\" \/><\/a><\/p>\n<p>Am 5. September 2014 wurde die Feuerwehr Matzen um 15:55 Uhr zu einem schweren Verkehrsunfall, Alarmtext \u201eVerkehrsunfall mit einer eingeklemmten Person\u201c alarmiert.<br \/>\nZwischen Matzen und Spannberg kam es zu einem folgeschweren Frontalzusammensto\u00df zweier Fahrzeuge. Nur 4 Minuten nach Alarmierung r\u00fcckten 13 Mann mit 2 Fahrzeugen zum Einsatzort aus. Gleichzeitig wurde die Feuerwehr Hohenruppersdorf alarmiert.<br \/>\nDie ersteintreffende Feuerwehr Matzen k\u00fcmmerte sich sofort um den noch im Fahrzeug befindlichen Verletzten. Zeitgleich wurde ein zweifacher Brandschutz aufgebaut und die Unfallstelle abgesichert. Nachdem beim Verletzten keine Lebenszeichen mehr festzustellen waren, wurde sofort eine \u201eCrash-Rettung\u201c durchgef\u00fchrt, um umgehend mit der Reanimation beginnen zu k\u00f6nnen. Kurz darauf traf auch der Notarzt aus G\u00e4nserndorf ein. Trotz sofortiger Wiederbelebungsversuchen konnte nur mehr der Tod festgestellt werden. Der zweite PKW-Lenker wurde inzwischen durch einen First Responder erstversorgt und im Anschluss durch die Mannschaft des NAW G\u00e4nserndorf ins Krankenhaus verbracht. Nach der Freigabe der Unfallfahrzeuge durch die Polizei, konnte die Fahrzeugbergung durch die beiden Feuerwehren durchgef\u00fchrt werden. Nachdem die Verkehrsfl\u00e4chen gereinigt wurden, konnten alle Einsatzkr\u00e4fte wieder abr\u00fccken. Um 18:00 wurde die Einsatzbereitschaft wieder hergestellt.<\/p>\n<p><em>Presseaussendung der Polizei Nieder\u00f6sterreich<br \/>\nVerkehrsunfall mit t\u00f6dlichem Ausgang bei Matzen, Bez G\u00e4nserndorf<\/p>\n<p>Am 05.09.2014, gegen 15:55 Uhr lenkte ein 48j\u00e4hriger Mann alleine seinen Pkw auf LH 18 von Matzen kommend in Richtung Spannberg, Bez. G\u00e4nserndorf. Zur selben Zeit fuhr ein 92j\u00e4hriger Mann alleine mit seinem Pkw von einer Nebenstra\u00dfe kommend im Bereich der &#8222;Sieben Rusten&#8220; in die LH 18 ein und wollte nach links in Richtung Matzen weiterfahren. Dabei d\u00fcrfte er den auf der LH 18 fahrenden PKW-Lenker \u00fcbersehen haben und es kam auf der LH 18 zum Zusammensto\u00df, wobei der 92j\u00e4hrige PKW-Lenker get\u00f6tet wurde. Der 48j\u00e4hjrige PKW-Lenker erlitt Verletzungen unbestimmten Grades und wurde mit dem NAW in das Landesklinikum Weinviertel G\u00e4nserndorf eingeliefert.<br \/>\nBeide unfallbeteiligte Fahrzeuge wurden total besch\u00e4digt.<\/em><\/p>\n<p>Im Einsatz befindliche Fahrzeuge: RLF-A 2000, KDO<br \/>\nMannschaftsst\u00e4rke: 13<br \/>\nsonstige Einsatzkr\u00e4fte: Polizei, Feuerwehr Hohenruppersdorf, RK G\u00e4nserndorf<\/p>\n<p><a href=\"https:\/\/www.feuerwehr-matzen.at\/wp-content\/uploads\/2014\/09\/DSC09436.jpg\"><img loading=\"lazy\" decoding=\"async\" src=\"https:\/\/www.feuerwehr-matzen.at\/wp-content\/uploads\/2014\/09\/DSC09436-150x150.jpg\" alt=\"DSC09436\" width=\"150\" height=\"150\" class=\"alignleft size-thumbnail wp-image-4068\" \/><\/a><\/p>\n<p><a href=\"https:\/\/www.feuerwehr-matzen.at\/wp-content\/uploads\/2014\/09\/DSC09438.jpg\"><img loading=\"lazy\" decoding=\"async\" src=\"https:\/\/www.feuerwehr-matzen.at\/wp-content\/uploads\/2014\/09\/DSC09438-150x150.jpg\" alt=\"DSC09438\" width=\"150\" height=\"150\" class=\"alignleft size-thumbnail wp-image-4069\" \/><\/a><\/p>\n<p><a href=\"https:\/\/www.feuerwehr-matzen.at\/wp-content\/uploads\/2014\/09\/DSC09446.jpg\"><img loading=\"lazy\" decoding=\"async\" src=\"https:\/\/www.feuerwehr-matzen.at\/wp-content\/uploads\/2014\/09\/DSC09446-150x150.jpg\" alt=\"DSC09446\" width=\"150\" height=\"150\" class=\"alignleft size-thumbnail wp-image-4070\" \/><\/a><\/p>\n<p><a href=\"https:\/\/www.feuerwehr-matzen.at\/wp-content\/uploads\/2014\/09\/DSC09448.jpg\"><img loading=\"lazy\" decoding=\"async\" src=\"https:\/\/www.feuerwehr-matzen.at\/wp-content\/uploads\/2014\/09\/DSC09448-150x150.jpg\" alt=\"DSC09448\" width=\"150\" height=\"150\" class=\"alignleft size-thumbnail wp-image-4071\" \/><\/a><\/p>\n<p><a href=\"https:\/\/www.feuerwehr-matzen.at\/wp-content\/uploads\/2014\/09\/DSC09456.jpg\"><img loading=\"lazy\" decoding=\"async\" src=\"https:\/\/www.feuerwehr-matzen.at\/wp-content\/uploads\/2014\/09\/DSC09456-150x150.jpg\" alt=\"DSC09456\" width=\"150\" height=\"150\" class=\"alignleft size-thumbnail wp-image-4072\" \/><\/a><\/p>\n<p><a href=\"https:\/\/www.feuerwehr-matzen.at\/wp-content\/uploads\/2014\/09\/DSC09462.jpg\"><img loading=\"lazy\" decoding=\"async\" src=\"https:\/\/www.feuerwehr-matzen.at\/wp-content\/uploads\/2014\/09\/DSC09462-150x150.jpg\" alt=\"DSC09462\" width=\"150\" height=\"150\" class=\"alignleft size-thumbnail wp-image-4073\" \/><\/a><\/p>\n<p><a href=\"https:\/\/www.feuerwehr-matzen.at\/wp-content\/uploads\/2014\/09\/DSC09471.jpg\"><img loading=\"lazy\" decoding=\"async\" src=\"https:\/\/www.feuerwehr-matzen.at\/wp-content\/uploads\/2014\/09\/DSC09471-150x150.jpg\" alt=\"DSC09471\" width=\"150\" height=\"150\" class=\"alignleft size-thumbnail wp-image-4074\" \/><\/a><\/p>\n<p><a href=\"https:\/\/www.feuerwehr-matzen.at\/wp-content\/uploads\/2014\/09\/DSC09474.jpg\"><img loading=\"lazy\" decoding=\"async\" src=\"https:\/\/www.feuerwehr-matzen.at\/wp-content\/uploads\/2014\/09\/DSC09474-150x150.jpg\" alt=\"DSC09474\" width=\"150\" height=\"150\" class=\"alignleft size-thumbnail wp-image-4075\" \/><\/a><\/p>\n<p><a href=\"https:\/\/www.feuerwehr-matzen.at\/wp-content\/uploads\/2014\/09\/DSC09475.jpg\"><img loading=\"lazy\" decoding=\"async\" src=\"https:\/\/www.feuerwehr-matzen.at\/wp-content\/uploads\/2014\/09\/DSC09475-150x150.jpg\" alt=\"DSC09475\" width=\"150\" height=\"150\" class=\"alignleft size-thumbnail wp-image-4076\" \/><\/a><\/p>\n<p><a href=\"https:\/\/www.feuerwehr-matzen.at\/wp-content\/uploads\/2014\/09\/DSC09477.jpg\"><img loading=\"lazy\" decoding=\"async\" src=\"https:\/\/www.feuerwehr-matzen.at\/wp-content\/uploads\/2014\/09\/DSC09477-150x150.jpg\" alt=\"DSC09477\" width=\"150\" height=\"150\" class=\"alignleft size-thumbnail wp-image-4077\" \/><\/a><\/p>\n","protected":false},"excerpt":{"rendered":"<p>T\u00f6dlicher Verkehrsunfall Am 5. September 2014 wurde die Feuerwehr Matzen um 15:55 Uhr zu einem schweren Verkehrsunfall, Alarmtext \u201eVerkehrsunfall mit einer eingeklemmten Person\u201c alarmiert. Zwischen Matzen und Spannberg kam es zu einem folgeschweren Frontalzusammensto\u00df zweier Fahrzeuge. Nur 4 Minuten nach <a class=\"more-link\" href=\"https:\/\/www.feuerwehr-matzen.at\/?page_id=4067\">weiterlesen  <span class=\"screen-reader-text\">  05. September 2014<\/span><span class=\"meta-nav\">&rarr;<\/span><\/a><\/p>\n","protected":false},"author":6,"featured_media":0,"parent":0,"menu_order":0,"comment_status":"closed","ping_status":"closed","template":"","meta":{"footnotes":""},"class_list":["post-4067","page","type-page","status-publish","hentry"],"_links":{"self":[{"href":"https:\/\/www.feuerwehr-matzen.at\/index.php?rest_route=\/wp\/v2\/pages\/4067","targetHints":{"allow":["GET"]}}],"collection":[{"href":"https:\/\/www.feuerwehr-matzen.at\/index.php?rest_route=\/wp\/v2\/pages"}],"about":[{"href":"https:\/\/www.feuerwehr-matzen.at\/index.php?rest_route=\/wp\/v2\/types\/page"}],"author":[{"embeddable":true,"href":"https:\/\/www.feuerwehr-matzen.at\/index.php?rest_route=\/wp\/v2\/users\/6"}],"replies":[{"embeddable":true,"href":"https:\/\/www.feuerwehr-matzen.at\/index.php?rest_route=%2Fwp%2Fv2%2Fcomments&post=4067"}],"version-history":[{"count":3,"href":"https:\/\/www.feuerwehr-matzen.at\/index.php?rest_route=\/wp\/v2\/pages\/4067\/revisions"}],"predecessor-version":[{"id":4082,"href":"https:\/\/www.feuerwehr-matzen.at\/index.php?rest_route=\/wp\/v2\/pages\/4067\/revisions\/4082"}],"wp:attachment":[{"href":"https:\/\/www.feuerwehr-matzen.at\/index.php?rest_route=%2Fwp%2Fv2%2Fmedia&parent=4067"}],"curies":[{"name":"wp","href":"https:\/\/api.w.org\/{rel}","templated":true}]}}