{"id":4110,"date":"2015-01-13T15:26:00","date_gmt":"2015-01-13T13:26:00","guid":{"rendered":"http:\/\/www.feuerwehr-matzen.at\/?page_id=4110"},"modified":"2020-09-18T14:15:11","modified_gmt":"2020-09-18T12:15:11","slug":"04-jaenner","status":"publish","type":"page","link":"https:\/\/www.feuerwehr-matzen.at\/?page_id=4110","title":{"rendered":"04. J\u00e4nner 2015"},"content":{"rendered":"<p><strong>Fahrzeugbergung<\/strong><a title=\"Eins\u00e4tze\" href=\"https:\/\/www.feuerwehr-matzen.at\/?page_id=4106\"><img loading=\"lazy\" decoding=\"async\" class=\"alignright size-full wp-image-1833\" alt=\"return\" src=\"https:\/\/www.feuerwehr-matzen.at\/wp-content\/uploads\/2013\/07\/return.jpg\" width=\"65\" height=\"30\" \/><\/a><\/p>\n<p>Am 4. J\u00e4nner 2015 wurde die Feuerwehr Matzen um 22:23 Uhr zum ersten Einsatz im neuen Jahr alarmiert. Ein PKW kam im dichten Schneetreiben von der Fahrbahn ab und rutschte in den Stra\u00dfengraben.<br \/>\n17 Mann r\u00fcckten nur wenigen Minuten nach der Alarmierung zum Einsatzort auf der L18 Richtung Reyersdorf aus. Angekommen wurde der Unfallort unverz\u00fcglich abgesichert. Der festgefahrene PKW wurde mittels Rundschlinge und Seilwinde wieder auf die Stra\u00dfe gezogen, worauf der Unfalllenker die Fahrt fortsetzen konnte. Nach rund 35 Minuten konnten die Einsatzkr\u00e4fte wieder einr\u00fccken und die Einsatzbereitschaft herstellen.<\/p>\n<p>Im Einsatz befindliche Fahrzeuge: RLF-A 2000, KDO<br \/>\nMannschaftsst\u00e4rke: 17<\/p>\n<p><a href=\"https:\/\/www.feuerwehr-matzen.at\/wp-content\/uploads\/2015\/01\/DSC09729.jpg\"><img loading=\"lazy\" decoding=\"async\" src=\"https:\/\/www.feuerwehr-matzen.at\/wp-content\/uploads\/2015\/01\/DSC09729-150x150.jpg\" alt=\"DSC09729\" width=\"150\" height=\"150\" class=\"alignleft size-thumbnail wp-image-4111\" \/><\/a><\/p>\n<p><a href=\"https:\/\/www.feuerwehr-matzen.at\/wp-content\/uploads\/2015\/01\/DSC09731.jpg\"><img loading=\"lazy\" decoding=\"async\" src=\"https:\/\/www.feuerwehr-matzen.at\/wp-content\/uploads\/2015\/01\/DSC09731-150x150.jpg\" alt=\"DSC09731\" width=\"150\" height=\"150\" class=\"alignleft size-thumbnail wp-image-4112\" \/><\/a><\/p>\n<p><a href=\"https:\/\/www.feuerwehr-matzen.at\/wp-content\/uploads\/2015\/01\/DSC09734.jpg\"><img loading=\"lazy\" decoding=\"async\" src=\"https:\/\/www.feuerwehr-matzen.at\/wp-content\/uploads\/2015\/01\/DSC09734-150x150.jpg\" alt=\"DSC09734\" width=\"150\" height=\"150\" class=\"alignleft size-thumbnail wp-image-4113\" \/><\/a><\/p>\n<p><a href=\"https:\/\/www.feuerwehr-matzen.at\/wp-content\/uploads\/2015\/01\/DSC09739.jpg\"><img loading=\"lazy\" decoding=\"async\" src=\"https:\/\/www.feuerwehr-matzen.at\/wp-content\/uploads\/2015\/01\/DSC09739-150x150.jpg\" alt=\"DSC09739\" width=\"150\" height=\"150\" class=\"alignleft size-thumbnail wp-image-4114\" \/><\/a><\/p>\n<p><a href=\"https:\/\/www.feuerwehr-matzen.at\/wp-content\/uploads\/2015\/01\/DSC09744.jpg\"><img loading=\"lazy\" decoding=\"async\" src=\"https:\/\/www.feuerwehr-matzen.at\/wp-content\/uploads\/2015\/01\/DSC09744-150x150.jpg\" alt=\"DSC09744\" width=\"150\" height=\"150\" class=\"alignleft size-thumbnail wp-image-4115\" \/><\/a><\/p>\n","protected":false},"excerpt":{"rendered":"<p>Fahrzeugbergung Am 4. J\u00e4nner 2015 wurde die Feuerwehr Matzen um 22:23 Uhr zum ersten Einsatz im neuen Jahr alarmiert. Ein PKW kam im dichten Schneetreiben von der Fahrbahn ab und rutschte in den Stra\u00dfengraben. 17 Mann r\u00fcckten nur wenigen Minuten <a class=\"more-link\" href=\"https:\/\/www.feuerwehr-matzen.at\/?page_id=4110\">weiterlesen  <span class=\"screen-reader-text\">  04. J\u00e4nner 2015<\/span><span class=\"meta-nav\">&rarr;<\/span><\/a><\/p>\n","protected":false},"author":6,"featured_media":0,"parent":0,"menu_order":0,"comment_status":"closed","ping_status":"closed","template":"","meta":{"footnotes":""},"class_list":["post-4110","page","type-page","status-publish","hentry"],"_links":{"self":[{"href":"https:\/\/www.feuerwehr-matzen.at\/index.php?rest_route=\/wp\/v2\/pages\/4110","targetHints":{"allow":["GET"]}}],"collection":[{"href":"https:\/\/www.feuerwehr-matzen.at\/index.php?rest_route=\/wp\/v2\/pages"}],"about":[{"href":"https:\/\/www.feuerwehr-matzen.at\/index.php?rest_route=\/wp\/v2\/types\/page"}],"author":[{"embeddable":true,"href":"https:\/\/www.feuerwehr-matzen.at\/index.php?rest_route=\/wp\/v2\/users\/6"}],"replies":[{"embeddable":true,"href":"https:\/\/www.feuerwehr-matzen.at\/index.php?rest_route=%2Fwp%2Fv2%2Fcomments&post=4110"}],"version-history":[{"count":2,"href":"https:\/\/www.feuerwehr-matzen.at\/index.php?rest_route=\/wp\/v2\/pages\/4110\/revisions"}],"predecessor-version":[{"id":4131,"href":"https:\/\/www.feuerwehr-matzen.at\/index.php?rest_route=\/wp\/v2\/pages\/4110\/revisions\/4131"}],"wp:attachment":[{"href":"https:\/\/www.feuerwehr-matzen.at\/index.php?rest_route=%2Fwp%2Fv2%2Fmedia&parent=4110"}],"curies":[{"name":"wp","href":"https:\/\/api.w.org\/{rel}","templated":true}]}}