{"id":4170,"date":"2015-03-14T12:25:35","date_gmt":"2015-03-14T10:25:35","guid":{"rendered":"http:\/\/www.feuerwehr-matzen.at\/?page_id=4170"},"modified":"2020-09-18T14:15:23","modified_gmt":"2020-09-18T12:15:23","slug":"13-maerz-2015","status":"publish","type":"page","link":"https:\/\/www.feuerwehr-matzen.at\/?page_id=4170","title":{"rendered":"13. M\u00e4rz 2015"},"content":{"rendered":"<p><strong>Technische Hilfeleistung<\/strong><a title=\"Eins\u00e4tze\" href=\"https:\/\/www.feuerwehr-matzen.at\/?page_id=4106\"><img loading=\"lazy\" decoding=\"async\" class=\"alignright size-full wp-image-1833\" alt=\"return\" src=\"https:\/\/www.feuerwehr-matzen.at\/wp-content\/uploads\/2013\/07\/return.jpg\" width=\"65\" height=\"30\" \/><\/a><\/p>\n<p>Die Feuerwehr Matzen wurde am 13. M\u00e4rz 2015 um 08:27 zur Unterst\u00fctzung des Roten Kreuzes alarmiert. Unverz\u00fcglich r\u00fcckten 14 mann mit 2 Fahrzeugen zur Einsatzadresse auf der G\u00e4nserndorferstra\u00dfe in Matzen aus. Ein Arbeiter st\u00fcrzte am Dach und verletzte sich schwer. Nach kurzer Erkundung wurde die Drehleiter G\u00e4nserndorf nachalarmiert, um eine schonende Rettung des Verletzten durchf\u00fchren zu k\u00f6nnen. Nach einer Schmerztherapie durch das nachkommende Notarztteam, wurde der Verletzte mittels Drehleiter vom Dach transportiert. Zur weiteren Behandlung wurde der Patient durch den NAW G\u00e4nserndorf ins Krankenhaus verbracht. Nach rund einer Stunde konnten die Einsatzkr\u00e4fte abr\u00fccken und die Einsatzbereitschaft wieder herstellen.<\/p>\n<p>Im Einsatz befindliche Fahrzeuge: RLF-A 2000, KDO<br \/>\nMannschaftsst\u00e4rke: 14<br \/>\nsonstige Einsatzkr\u00e4fte: Feuerwehr G\u00e4nserndorf (Drehleiter), Polizei, RK G\u00e4nserndorf<\/p>\n<p><a href=\"https:\/\/www.feuerwehr-matzen.at\/wp-content\/uploads\/2015\/03\/DSC09822.jpg\"><img loading=\"lazy\" decoding=\"async\" src=\"https:\/\/www.feuerwehr-matzen.at\/wp-content\/uploads\/2015\/03\/DSC09822-150x150.jpg\" alt=\"DSC09822\" width=\"150\" height=\"150\" class=\"alignleft size-thumbnail wp-image-4171\" \/><\/a><\/p>\n<p><a href=\"https:\/\/www.feuerwehr-matzen.at\/wp-content\/uploads\/2015\/03\/DSC09826.jpg\"><img loading=\"lazy\" decoding=\"async\" src=\"https:\/\/www.feuerwehr-matzen.at\/wp-content\/uploads\/2015\/03\/DSC09826-150x150.jpg\" alt=\"DSC09826\" width=\"150\" height=\"150\" class=\"alignleft size-thumbnail wp-image-4172\" \/><\/a><\/p>\n<p><a href=\"https:\/\/www.feuerwehr-matzen.at\/wp-content\/uploads\/2015\/03\/DSC09831.jpg\"><img loading=\"lazy\" decoding=\"async\" src=\"https:\/\/www.feuerwehr-matzen.at\/wp-content\/uploads\/2015\/03\/DSC09831-150x150.jpg\" alt=\"DSC09831\" width=\"150\" height=\"150\" class=\"alignleft size-thumbnail wp-image-4173\" \/><\/a><\/p>\n<p><a href=\"https:\/\/www.feuerwehr-matzen.at\/wp-content\/uploads\/2015\/03\/DSC09832.jpg\"><img loading=\"lazy\" decoding=\"async\" src=\"https:\/\/www.feuerwehr-matzen.at\/wp-content\/uploads\/2015\/03\/DSC09832-150x150.jpg\" alt=\"DSC09832\" width=\"150\" height=\"150\" class=\"alignleft size-thumbnail wp-image-4174\" \/><\/a><\/p>\n","protected":false},"excerpt":{"rendered":"<p>Technische Hilfeleistung Die Feuerwehr Matzen wurde am 13. M\u00e4rz 2015 um 08:27 zur Unterst\u00fctzung des Roten Kreuzes alarmiert. Unverz\u00fcglich r\u00fcckten 14 mann mit 2 Fahrzeugen zur Einsatzadresse auf der G\u00e4nserndorferstra\u00dfe in Matzen aus. Ein Arbeiter st\u00fcrzte am Dach und verletzte <a class=\"more-link\" href=\"https:\/\/www.feuerwehr-matzen.at\/?page_id=4170\">weiterlesen  <span class=\"screen-reader-text\">  13. M\u00e4rz 2015<\/span><span class=\"meta-nav\">&rarr;<\/span><\/a><\/p>\n","protected":false},"author":6,"featured_media":0,"parent":0,"menu_order":0,"comment_status":"closed","ping_status":"closed","template":"","meta":{"footnotes":""},"class_list":["post-4170","page","type-page","status-publish","hentry"],"_links":{"self":[{"href":"https:\/\/www.feuerwehr-matzen.at\/index.php?rest_route=\/wp\/v2\/pages\/4170","targetHints":{"allow":["GET"]}}],"collection":[{"href":"https:\/\/www.feuerwehr-matzen.at\/index.php?rest_route=\/wp\/v2\/pages"}],"about":[{"href":"https:\/\/www.feuerwehr-matzen.at\/index.php?rest_route=\/wp\/v2\/types\/page"}],"author":[{"embeddable":true,"href":"https:\/\/www.feuerwehr-matzen.at\/index.php?rest_route=\/wp\/v2\/users\/6"}],"replies":[{"embeddable":true,"href":"https:\/\/www.feuerwehr-matzen.at\/index.php?rest_route=%2Fwp%2Fv2%2Fcomments&post=4170"}],"version-history":[{"count":1,"href":"https:\/\/www.feuerwehr-matzen.at\/index.php?rest_route=\/wp\/v2\/pages\/4170\/revisions"}],"predecessor-version":[{"id":4175,"href":"https:\/\/www.feuerwehr-matzen.at\/index.php?rest_route=\/wp\/v2\/pages\/4170\/revisions\/4175"}],"wp:attachment":[{"href":"https:\/\/www.feuerwehr-matzen.at\/index.php?rest_route=%2Fwp%2Fv2%2Fmedia&parent=4170"}],"curies":[{"name":"wp","href":"https:\/\/api.w.org\/{rel}","templated":true}]}}