{"id":4203,"date":"2015-06-25T14:46:09","date_gmt":"2015-06-25T12:46:09","guid":{"rendered":"http:\/\/www.feuerwehr-matzen.at\/?page_id=4203"},"modified":"2020-09-18T14:15:34","modified_gmt":"2020-09-18T12:15:34","slug":"29-mai-2015","status":"publish","type":"page","link":"https:\/\/www.feuerwehr-matzen.at\/?page_id=4203","title":{"rendered":"29. Mai 2015"},"content":{"rendered":"<p><strong>Unterabschnitts-Gesamt\u00fcbung<\/strong><a title=\"\u00dcbungen 2015\" href=\"https:\/\/www.feuerwehr-matzen.at\/?page_id=4177\"><img loading=\"lazy\" decoding=\"async\" class=\"alignright size-full wp-image-1833\" alt=\"return\" src=\"https:\/\/www.feuerwehr-matzen.at\/wp-content\/uploads\/2013\/07\/return.jpg\" width=\"65\" height=\"30\" \/><\/a><\/p>\n<p>Am 29. Mai wurde unsere Feuerwehr um 18.16 Uhr zu einem Verkehrsunfall mit einer eingeklemmten Person Richtung G\u00e4nserndorf alarmiert. Hierbei handelte es sich zum Gl\u00fcck nur um die j\u00e4hrliche Unterabschnitts\u00fcbung des Unterabschnitts Matzen. Kurz nach der Feuerwehr Matzen wurden die Wehren Raggendorf und Kleinharras zum gleichen Szenario alarmiert. Zeitgleich mit unserer Alarmierung ging beim Roten Kreuz in G\u00e4nserndorf ein Notruf ein. Unverz\u00fcglich wurden von der Bezirksleitstelle der Notarztwagen sowie ein Rettungswagen zum \u00dcbungsort abkommandiert.<br \/>\nZeitgleich mit unserem R\u00fcstl\u00f6schfahrzeug traf ein First Responder, so bezeichnet man einen Sanit\u00e4ter au\u00dfer Dienst der direkt zum Einsatzort zuf\u00e4hrt, des RK G\u00e4nserndorf ein. Bei der Erkundung stellte Einsatzleiter Kommandant Neubauer folgende Lage fest: 2 PKW waren nach einer Kollision in den Unfall verwickelt. Ein Fahrzeug stand direkt am Br\u00fcckengel\u00e4nder. 3 Personen waren hier noch im Fahrzeug wobei zwei Insassen eingeklemmt waren. Der zweite PKW lag etwas Abseits im Bachbett des \u201eRuster Graben\u201c der gl\u00fccklicherweise kein Wasser f\u00fchrt. Im PKW, welcher komplett auf dem Dach lag, war eine Person eingeschlossen. Zwei weitere Personen wurden aus dem Fahrzeug herausgeschleudert. Eine lag teilweise unter dem Fahrzeug, eine Zweite hatte bereits einen Kreislaufstillstand. Neben dem Fahrzeug sa\u00df noch eine schockierte Mutter mit ihrem Baby welche sich aus dem Fahrzeug retten konnte.<br \/>\nUmgehend wurde die Mannschaft des RLF Matzen zur Menschenrettung des im Bachbett befindlichen PKWs abgestellt. Parallel dazu wurden die Wiederbelebungsversuche bei dem einen Verletzten eingeleitet, und alle anderen Unfallopfer betreut.  Nach Eintreffen des Tankl\u00f6schfahrzeuges aus Kleinharras unterst\u00fctzen diese die Kameraden aus Matzen bei der Rettung und Versorgung der Verletzten.<br \/>\nDas Fahrzeug beim Br\u00fcckengel\u00e4nder wurde der Feuerwehr Raggendorf zugewiesen, welche umgehend das Fahrzeug mittels Seilwinde des Tankl\u00f6schfahrzeuges gegen weiteres Abrutschen sicherte. Nach der Sicherung wurde mit der Crash Rettung der eingeklemmten Personen begonnen und den eingetroffenen Kr\u00e4fte des RK G\u00e4nserndorf \u00fcbergeben. Eine leicht verletzte Person gab an, dass sich ein Kind von der Unfallstelle entfernt hat.<br \/>\nUnverz\u00fcglich wurde die n\u00e4here Umgebung abgesucht und die Suchhunde des RK G\u00e4nserndorf, welche in Deutsch Wagram stationiert sind, alarmiert. Da der vermisste Bub nicht gefunden wurde, startete ein Suchhund die Personensuche. Er konnte den leicht verletzten Jungen in einem Waldst\u00fcck finden welches rund einenhalb Kilometer von der Unfallstelle entfernt ist. Dieser wurde gemeinsam von der Feuerwehr Kleinharras, welche die Suchhunde unterst\u00fctzen,  und dem RK G\u00e4nserndorf gerettet.<br \/>\nNach rund zwei Stunden konnten die \u00dcbungsziele erreicht werden und die eingesetzten Kr\u00e4fte r\u00fcckten ins Feuerwehrhaus zur Nachbesprechung ein. Durch die 6 \u00dcbungsbeobachter von Feuerwehr, Rotem Kreuz und der Suchhundestaffel wurden Verbesserungsvorschl\u00e4ge er\u00f6rtert und positives herausgehoben.<br \/>\nInsgesamt waren rund 55 Freiwillige an dieser \u00dcbung beteiligt. Ein gro\u00dfer Dank gilt dem Realistikteam des RK G\u00e4nserndorf f\u00fcr die realit\u00e4tsnahe Unfalldarfstellung.<\/p>\n<p><a href=\"https:\/\/www.feuerwehr-matzen.at\/wp-content\/uploads\/2015\/06\/DSC_1085.jpg\"><img loading=\"lazy\" decoding=\"async\" src=\"https:\/\/www.feuerwehr-matzen.at\/wp-content\/uploads\/2015\/06\/DSC_1085-150x150.jpg\" alt=\"DSC_1085\" width=\"150\" height=\"150\" class=\"alignleft size-thumbnail wp-image-4231\" \/><\/a><\/p>\n<p><a href=\"https:\/\/www.feuerwehr-matzen.at\/wp-content\/uploads\/2015\/06\/DSC_1095.jpg\"><img loading=\"lazy\" decoding=\"async\" src=\"https:\/\/www.feuerwehr-matzen.at\/wp-content\/uploads\/2015\/06\/DSC_1095-150x150.jpg\" alt=\"DSC_1095\" width=\"150\" height=\"150\" class=\"alignleft size-thumbnail wp-image-4232\" \/><\/a><\/p>\n<p><a href=\"https:\/\/www.feuerwehr-matzen.at\/wp-content\/uploads\/2015\/06\/DSC_1102.jpg\"><img loading=\"lazy\" decoding=\"async\" src=\"https:\/\/www.feuerwehr-matzen.at\/wp-content\/uploads\/2015\/06\/DSC_1102-150x150.jpg\" alt=\"DSC_1102\" width=\"150\" height=\"150\" class=\"alignleft size-thumbnail wp-image-4233\" \/><\/a><\/p>\n<p><a href=\"https:\/\/www.feuerwehr-matzen.at\/wp-content\/uploads\/2015\/06\/DSC_1117.jpg\"><img loading=\"lazy\" decoding=\"async\" src=\"https:\/\/www.feuerwehr-matzen.at\/wp-content\/uploads\/2015\/06\/DSC_1117-150x150.jpg\" alt=\"DSC_1117\" width=\"150\" height=\"150\" class=\"alignleft size-thumbnail wp-image-4234\" \/><\/a><\/p>\n<p><a href=\"https:\/\/www.feuerwehr-matzen.at\/wp-content\/uploads\/2015\/06\/DSC_1121.jpg\"><img loading=\"lazy\" decoding=\"async\" src=\"https:\/\/www.feuerwehr-matzen.at\/wp-content\/uploads\/2015\/06\/DSC_1121-150x150.jpg\" alt=\"DSC_1121\" width=\"150\" height=\"150\" class=\"alignleft size-thumbnail wp-image-4235\" \/><\/a><\/p>\n<p><a href=\"https:\/\/www.feuerwehr-matzen.at\/wp-content\/uploads\/2015\/06\/DSC_1127.jpg\"><img loading=\"lazy\" decoding=\"async\" src=\"https:\/\/www.feuerwehr-matzen.at\/wp-content\/uploads\/2015\/06\/DSC_1127-150x150.jpg\" alt=\"DSC_1127\" width=\"150\" height=\"150\" class=\"alignleft size-thumbnail wp-image-4236\" \/><\/a><\/p>\n<p><a href=\"https:\/\/www.feuerwehr-matzen.at\/wp-content\/uploads\/2015\/06\/DSC_1136.jpg\"><img loading=\"lazy\" decoding=\"async\" src=\"https:\/\/www.feuerwehr-matzen.at\/wp-content\/uploads\/2015\/06\/DSC_1136-150x150.jpg\" alt=\"DSC_1136\" width=\"150\" height=\"150\" class=\"alignleft size-thumbnail wp-image-4237\" \/><\/a><\/p>\n","protected":false},"excerpt":{"rendered":"<p>Unterabschnitts-Gesamt\u00fcbung Am 29. Mai wurde unsere Feuerwehr um 18.16 Uhr zu einem Verkehrsunfall mit einer eingeklemmten Person Richtung G\u00e4nserndorf alarmiert. Hierbei handelte es sich zum Gl\u00fcck nur um die j\u00e4hrliche Unterabschnitts\u00fcbung des Unterabschnitts Matzen. Kurz nach der Feuerwehr Matzen wurden <a class=\"more-link\" href=\"https:\/\/www.feuerwehr-matzen.at\/?page_id=4203\">weiterlesen  <span class=\"screen-reader-text\">  29. Mai 2015<\/span><span class=\"meta-nav\">&rarr;<\/span><\/a><\/p>\n","protected":false},"author":6,"featured_media":0,"parent":0,"menu_order":0,"comment_status":"closed","ping_status":"closed","template":"","meta":{"footnotes":""},"class_list":["post-4203","page","type-page","status-publish","hentry"],"_links":{"self":[{"href":"https:\/\/www.feuerwehr-matzen.at\/index.php?rest_route=\/wp\/v2\/pages\/4203","targetHints":{"allow":["GET"]}}],"collection":[{"href":"https:\/\/www.feuerwehr-matzen.at\/index.php?rest_route=\/wp\/v2\/pages"}],"about":[{"href":"https:\/\/www.feuerwehr-matzen.at\/index.php?rest_route=\/wp\/v2\/types\/page"}],"author":[{"embeddable":true,"href":"https:\/\/www.feuerwehr-matzen.at\/index.php?rest_route=\/wp\/v2\/users\/6"}],"replies":[{"embeddable":true,"href":"https:\/\/www.feuerwehr-matzen.at\/index.php?rest_route=%2Fwp%2Fv2%2Fcomments&post=4203"}],"version-history":[{"count":3,"href":"https:\/\/www.feuerwehr-matzen.at\/index.php?rest_route=\/wp\/v2\/pages\/4203\/revisions"}],"predecessor-version":[{"id":4238,"href":"https:\/\/www.feuerwehr-matzen.at\/index.php?rest_route=\/wp\/v2\/pages\/4203\/revisions\/4238"}],"wp:attachment":[{"href":"https:\/\/www.feuerwehr-matzen.at\/index.php?rest_route=%2Fwp%2Fv2%2Fmedia&parent=4203"}],"curies":[{"name":"wp","href":"https:\/\/api.w.org\/{rel}","templated":true}]}}