{"id":4263,"date":"2015-08-03T21:07:39","date_gmt":"2015-08-03T19:07:39","guid":{"rendered":"http:\/\/www.feuerwehr-matzen.at\/?page_id=4263"},"modified":"2020-09-18T14:15:11","modified_gmt":"2020-09-18T12:15:11","slug":"03-august-2015","status":"publish","type":"page","link":"https:\/\/www.feuerwehr-matzen.at\/?page_id=4263","title":{"rendered":"03. August 2015"},"content":{"rendered":"<p><strong>Fahrzeugbergung<\/strong><a title=\"Eins\u00e4tze\" href=\"https:\/\/www.feuerwehr-matzen.at\/?page_id=4106\"><img loading=\"lazy\" decoding=\"async\" class=\"alignright size-full wp-image-1833\" alt=\"return\" src=\"https:\/\/www.feuerwehr-matzen.at\/wp-content\/uploads\/2013\/07\/return.jpg\" width=\"65\" height=\"30\" \/><\/a><\/p>\n<p>Am 3. August wurde die Feuerwehr Matzen um 09:39 Uhr mittels Sirene, Pager und SMS-Alarm zu einer Fahrzeugbergung nach Verkehrsunfall auf der L19 Richtung Prottes alarmiert. Kurz darauf R\u00fcckten 7 Mann mit 2 Fahrzeugen zur Unfallstelle.<br \/>\nAn der Einsatzstelle angekommen wurde unverz\u00fcglich der Verkehrs auf der L19 in beide Fahrtrichtungen angehalten. Ein PKW Lenker kam nach einer Linkskurve von der Fahrbahn ab, kollidierte mit der B\u00f6schung und kam in Folge seitlich auf der Stra\u00dfe wieder zum Stillstand. Der Unfalllenker kam zum Gl\u00fcck nicht zum Schaden und konnte sich aus eigener Kraft aus dem Unfallfahrzeug befreien.<br \/>\nDas Fahrzeug wurde von den Florianij\u00fcngern wieder auf die R\u00e4der gestellt und mittels Abschleppachse auf einen von der Polizei zugewiesenem Parkplatz verbracht. Nach der Reinigung der Fahrbahn konnten die Einsatzkr\u00e4fte nach rund einer Stunde wieder abr\u00fccken und die Einsatzbereitschaft herstellen.<\/p>\n<p>Im Einsatz befindliche Fahrzeuge: RLF-A 2000, KDO<br \/>\nMannschaftsst\u00e4rke: 7<br \/>\nsonstige Einsatzkr\u00e4fte: Polizei<\/p>\n<p><a href=\"https:\/\/www.feuerwehr-matzen.at\/wp-content\/uploads\/2015\/08\/DSC09996.jpg\"><img loading=\"lazy\" decoding=\"async\" src=\"https:\/\/www.feuerwehr-matzen.at\/wp-content\/uploads\/2015\/08\/DSC09996-150x150.jpg\" alt=\"DSC09996\" width=\"150\" height=\"150\" class=\"alignleft size-thumbnail wp-image-4259\" \/><\/a><\/p>\n<p><a href=\"https:\/\/www.feuerwehr-matzen.at\/wp-content\/uploads\/2015\/08\/DSC09999.jpg\"><img loading=\"lazy\" decoding=\"async\" src=\"https:\/\/www.feuerwehr-matzen.at\/wp-content\/uploads\/2015\/08\/DSC09999-150x150.jpg\" alt=\"DSC09999\" width=\"150\" height=\"150\" class=\"alignleft size-thumbnail wp-image-4260\" \/><\/a><\/p>\n<p><a href=\"https:\/\/www.feuerwehr-matzen.at\/wp-content\/uploads\/2015\/08\/DSC00002.jpg\"><img loading=\"lazy\" decoding=\"async\" src=\"https:\/\/www.feuerwehr-matzen.at\/wp-content\/uploads\/2015\/08\/DSC00002-150x150.jpg\" alt=\"DSC00002\" width=\"150\" height=\"150\" class=\"alignleft size-thumbnail wp-image-4255\" \/><\/a><\/p>\n<p><a href=\"https:\/\/www.feuerwehr-matzen.at\/wp-content\/uploads\/2015\/08\/DSC00005.jpg\"><img loading=\"lazy\" decoding=\"async\" src=\"https:\/\/www.feuerwehr-matzen.at\/wp-content\/uploads\/2015\/08\/DSC00005-150x150.jpg\" alt=\"DSC00005\" width=\"150\" height=\"150\" class=\"alignleft size-thumbnail wp-image-4256\" \/><\/a><\/p>\n<p><a href=\"https:\/\/www.feuerwehr-matzen.at\/wp-content\/uploads\/2015\/08\/DSC00012.jpg\"><img loading=\"lazy\" decoding=\"async\" src=\"https:\/\/www.feuerwehr-matzen.at\/wp-content\/uploads\/2015\/08\/DSC00012-150x150.jpg\" alt=\"DSC00012\" width=\"150\" height=\"150\" class=\"alignleft size-thumbnail wp-image-4258\" \/><\/a><\/p>\n<p><a href=\"https:\/\/www.feuerwehr-matzen.at\/wp-content\/uploads\/2015\/08\/DSC00008.jpg\"><img loading=\"lazy\" decoding=\"async\" src=\"https:\/\/www.feuerwehr-matzen.at\/wp-content\/uploads\/2015\/08\/DSC00008-150x150.jpg\" alt=\"DSC00008\" width=\"150\" height=\"150\" class=\"alignleft size-thumbnail wp-image-4257\" \/><\/a><\/p>\n","protected":false},"excerpt":{"rendered":"<p>Fahrzeugbergung Am 3. August wurde die Feuerwehr Matzen um 09:39 Uhr mittels Sirene, Pager und SMS-Alarm zu einer Fahrzeugbergung nach Verkehrsunfall auf der L19 Richtung Prottes alarmiert. Kurz darauf R\u00fcckten 7 Mann mit 2 Fahrzeugen zur Unfallstelle. An der Einsatzstelle <a class=\"more-link\" href=\"https:\/\/www.feuerwehr-matzen.at\/?page_id=4263\">weiterlesen  <span class=\"screen-reader-text\">  03. August 2015<\/span><span class=\"meta-nav\">&rarr;<\/span><\/a><\/p>\n","protected":false},"author":6,"featured_media":0,"parent":0,"menu_order":0,"comment_status":"closed","ping_status":"closed","template":"","meta":{"footnotes":""},"class_list":["post-4263","page","type-page","status-publish","hentry"],"_links":{"self":[{"href":"https:\/\/www.feuerwehr-matzen.at\/index.php?rest_route=\/wp\/v2\/pages\/4263","targetHints":{"allow":["GET"]}}],"collection":[{"href":"https:\/\/www.feuerwehr-matzen.at\/index.php?rest_route=\/wp\/v2\/pages"}],"about":[{"href":"https:\/\/www.feuerwehr-matzen.at\/index.php?rest_route=\/wp\/v2\/types\/page"}],"author":[{"embeddable":true,"href":"https:\/\/www.feuerwehr-matzen.at\/index.php?rest_route=\/wp\/v2\/users\/6"}],"replies":[{"embeddable":true,"href":"https:\/\/www.feuerwehr-matzen.at\/index.php?rest_route=%2Fwp%2Fv2%2Fcomments&post=4263"}],"version-history":[{"count":4,"href":"https:\/\/www.feuerwehr-matzen.at\/index.php?rest_route=\/wp\/v2\/pages\/4263\/revisions"}],"predecessor-version":[{"id":4268,"href":"https:\/\/www.feuerwehr-matzen.at\/index.php?rest_route=\/wp\/v2\/pages\/4263\/revisions\/4268"}],"wp:attachment":[{"href":"https:\/\/www.feuerwehr-matzen.at\/index.php?rest_route=%2Fwp%2Fv2%2Fmedia&parent=4263"}],"curies":[{"name":"wp","href":"https:\/\/api.w.org\/{rel}","templated":true}]}}