{"id":4415,"date":"2016-01-07T17:15:20","date_gmt":"2016-01-07T15:15:20","guid":{"rendered":"http:\/\/www.feuerwehr-matzen.at\/?page_id=4415"},"modified":"2020-09-18T14:15:11","modified_gmt":"2020-09-18T12:15:11","slug":"05-jaenner-2016","status":"publish","type":"page","link":"https:\/\/www.feuerwehr-matzen.at\/?page_id=4415","title":{"rendered":"05. J\u00e4nner 2016"},"content":{"rendered":"<p><strong>Verkehrsunfall<\/strong><a title=\"Eins\u00e4tze\" href=\"https:\/\/www.feuerwehr-matzen.at\/?page_id=4413\"><img loading=\"lazy\" decoding=\"async\" class=\"alignright size-full wp-image-1833\" alt=\"return\" src=\"https:\/\/www.feuerwehr-matzen.at\/wp-content\/uploads\/2013\/07\/return.jpg\" width=\"65\" height=\"30\" \/><\/a><\/p>\n<p>Am 5. J\u00e4nner 2016 r\u00fcckten die Matzner Florianij\u00fcnger das erste Mal im neuen Jahr aus. Auf der L18 kam eine Lenkerin von der schneebedeckten Stra\u00dfe, \u00fcberschlug sich in Folge und kam auf der Seite liegend zum Stillstand. Gl\u00fccklicherweise wurde dabei niemand verletzt.<br \/>\nUm 08:13 wurde die Feuerwehr Matzen mittels Sirene, Pager und SMS-Alarm zur Fahrzeugbergung von der zust\u00e4ndigen Alarmzentrale alarmiert. Kurz darauf r\u00fcckten 13 Mann mit 2 Fahrzeugen zur Einsatzstelle auf der L18 Richtung Reyersdorf aus. Nach der Absicherung der Einsatzstelle wurde das Unfallfahrzeug wieder auf die R\u00e4der gestellt und mittels Seilwinde auf die Stra\u00dfe gezogen. Im Anschluss wurde das Fahrzeug auf einen von der Polizei zugewiesenen Parkplatz abgestellt. Nach rund einer Stunde wurde die Einsatzbereitschaft wieder hergestellt.<\/p>\n<p>Im Einsatz befindliche Fahrzeuge: RLF-A 2000, KDO<br \/>\nMannschaftsst\u00e4rke: 13<br \/>\nsonstige Einsatzkr\u00e4fte: Polizei<\/p>\n<p><a href=\"https:\/\/www.feuerwehr-matzen.at\/wp-content\/uploads\/2016\/01\/DSC00374.jpg\"><img loading=\"lazy\" decoding=\"async\" src=\"https:\/\/www.feuerwehr-matzen.at\/wp-content\/uploads\/2016\/01\/DSC00374-150x150.jpg\" alt=\"DSC00374\" width=\"150\" height=\"150\" class=\"alignleft size-thumbnail wp-image-4418\" \/><\/a><\/p>\n<p><a href=\"https:\/\/www.feuerwehr-matzen.at\/wp-content\/uploads\/2016\/01\/DSC00376.jpg\"><img loading=\"lazy\" decoding=\"async\" src=\"https:\/\/www.feuerwehr-matzen.at\/wp-content\/uploads\/2016\/01\/DSC00376-150x150.jpg\" alt=\"DSC00376\" width=\"150\" height=\"150\" class=\"alignleft size-thumbnail wp-image-4419\" \/><\/a><\/p>\n<p><a href=\"https:\/\/www.feuerwehr-matzen.at\/wp-content\/uploads\/2016\/01\/DSC00377.jpg\"><img loading=\"lazy\" decoding=\"async\" src=\"https:\/\/www.feuerwehr-matzen.at\/wp-content\/uploads\/2016\/01\/DSC00377-150x150.jpg\" alt=\"DSC00377\" width=\"150\" height=\"150\" class=\"alignleft size-thumbnail wp-image-4420\" \/><\/a><\/p>\n<p><a href=\"https:\/\/www.feuerwehr-matzen.at\/wp-content\/uploads\/2016\/01\/DSC00378.jpg\"><img loading=\"lazy\" decoding=\"async\" src=\"https:\/\/www.feuerwehr-matzen.at\/wp-content\/uploads\/2016\/01\/DSC00378-150x150.jpg\" alt=\"DSC00378\" width=\"150\" height=\"150\" class=\"alignleft size-thumbnail wp-image-4421\" \/><\/a><\/p>\n<p><a href=\"https:\/\/www.feuerwehr-matzen.at\/wp-content\/uploads\/2016\/01\/DSC00380.jpg\"><img loading=\"lazy\" decoding=\"async\" src=\"https:\/\/www.feuerwehr-matzen.at\/wp-content\/uploads\/2016\/01\/DSC00380-150x150.jpg\" alt=\"DSC00380\" width=\"150\" height=\"150\" class=\"alignleft size-thumbnail wp-image-4422\" \/><\/a><\/p>\n<p><a href=\"https:\/\/www.feuerwehr-matzen.at\/wp-content\/uploads\/2016\/01\/DSC00381.jpg\"><img loading=\"lazy\" decoding=\"async\" src=\"https:\/\/www.feuerwehr-matzen.at\/wp-content\/uploads\/2016\/01\/DSC00381-150x150.jpg\" alt=\"DSC00381\" width=\"150\" height=\"150\" class=\"alignleft size-thumbnail wp-image-4423\" \/><\/a><\/p>\n<p><a href=\"https:\/\/www.feuerwehr-matzen.at\/wp-content\/uploads\/2016\/01\/DSC00383.jpg\"><img loading=\"lazy\" decoding=\"async\" src=\"https:\/\/www.feuerwehr-matzen.at\/wp-content\/uploads\/2016\/01\/DSC00383-150x150.jpg\" alt=\"DSC00383\" width=\"150\" height=\"150\" class=\"alignleft size-thumbnail wp-image-4424\" \/><\/a><\/p>\n<p><a href=\"https:\/\/www.feuerwehr-matzen.at\/wp-content\/uploads\/2016\/01\/DSC00384.jpg\"><img loading=\"lazy\" decoding=\"async\" src=\"https:\/\/www.feuerwehr-matzen.at\/wp-content\/uploads\/2016\/01\/DSC00384-150x150.jpg\" alt=\"DSC00384\" width=\"150\" height=\"150\" class=\"alignleft size-thumbnail wp-image-4425\" \/><\/a><\/p>\n","protected":false},"excerpt":{"rendered":"<p>Verkehrsunfall Am 5. J\u00e4nner 2016 r\u00fcckten die Matzner Florianij\u00fcnger das erste Mal im neuen Jahr aus. Auf der L18 kam eine Lenkerin von der schneebedeckten Stra\u00dfe, \u00fcberschlug sich in Folge und kam auf der Seite liegend zum Stillstand. Gl\u00fccklicherweise wurde <a class=\"more-link\" href=\"https:\/\/www.feuerwehr-matzen.at\/?page_id=4415\">weiterlesen  <span class=\"screen-reader-text\">  05. J\u00e4nner 2016<\/span><span class=\"meta-nav\">&rarr;<\/span><\/a><\/p>\n","protected":false},"author":6,"featured_media":0,"parent":0,"menu_order":0,"comment_status":"closed","ping_status":"closed","template":"","meta":{"footnotes":""},"class_list":["post-4415","page","type-page","status-publish","hentry"],"_links":{"self":[{"href":"https:\/\/www.feuerwehr-matzen.at\/index.php?rest_route=\/wp\/v2\/pages\/4415","targetHints":{"allow":["GET"]}}],"collection":[{"href":"https:\/\/www.feuerwehr-matzen.at\/index.php?rest_route=\/wp\/v2\/pages"}],"about":[{"href":"https:\/\/www.feuerwehr-matzen.at\/index.php?rest_route=\/wp\/v2\/types\/page"}],"author":[{"embeddable":true,"href":"https:\/\/www.feuerwehr-matzen.at\/index.php?rest_route=\/wp\/v2\/users\/6"}],"replies":[{"embeddable":true,"href":"https:\/\/www.feuerwehr-matzen.at\/index.php?rest_route=%2Fwp%2Fv2%2Fcomments&post=4415"}],"version-history":[{"count":3,"href":"https:\/\/www.feuerwehr-matzen.at\/index.php?rest_route=\/wp\/v2\/pages\/4415\/revisions"}],"predecessor-version":[{"id":4426,"href":"https:\/\/www.feuerwehr-matzen.at\/index.php?rest_route=\/wp\/v2\/pages\/4415\/revisions\/4426"}],"wp:attachment":[{"href":"https:\/\/www.feuerwehr-matzen.at\/index.php?rest_route=%2Fwp%2Fv2%2Fmedia&parent=4415"}],"curies":[{"name":"wp","href":"https:\/\/api.w.org\/{rel}","templated":true}]}}