{"id":4602,"date":"2016-04-26T16:17:13","date_gmt":"2016-04-26T14:17:13","guid":{"rendered":"http:\/\/www.feuerwehr-matzen.at\/?page_id=4602"},"modified":"2020-09-18T14:15:11","modified_gmt":"2020-09-18T12:15:11","slug":"4602-2","status":"publish","type":"page","link":"https:\/\/www.feuerwehr-matzen.at\/?page_id=4602","title":{"rendered":"08. April 2016"},"content":{"rendered":"<p><strong>Inspektiopns\u00fcbung<\/strong><a title=\"\u00dcbungen 2016\" href=\"https:\/\/www.feuerwehr-matzen.at\/?page_id=4530\"><img loading=\"lazy\" decoding=\"async\" class=\"alignright size-full wp-image-1833\" alt=\"return\" src=\"https:\/\/www.feuerwehr-matzen.at\/wp-content\/uploads\/2013\/07\/return.jpg\" width=\"65\" height=\"30\" \/><\/a><\/p>\n<p>Am 8.April 2016 wurde die Feuerwehr Matzen zur Inspektions\u00fcbung nach Mannersdorf an der March geladen. Bei dieser j\u00e4hrlichen \u00dcbung werden die F\u00e4higkeiten der Einsatzkr\u00e4fte von F\u00fchrungskr\u00e4ften aus dem Abschnittsfeuerwehrkommando \u00fcberpr\u00fcft. Unser Kommandofahrzeug hatte mit 4 Kameraden die Aufgabe der Einsatzleitung zu \u00fcbernehmen. Im Anschluss wurde die eingeteilte Mannschaft des R\u00fcstl\u00f6schfahrzeuges bei der Menschenrettung unter schwerem Atemschutz sowie der L\u00f6schwasserf\u00f6rderung aus einem Teich \u00fcberpr\u00fcft.<\/p>\n<p><a href=\"https:\/\/www.feuerwehr-matzen.at\/wp-content\/uploads\/2016\/04\/DSC00778.jpg\"><img loading=\"lazy\" decoding=\"async\" class=\"alignleft size-thumbnail wp-image-4603\" alt=\"DSC00778\" src=\"https:\/\/www.feuerwehr-matzen.at\/wp-content\/uploads\/2016\/04\/DSC00778-150x150.jpg\" width=\"150\" height=\"150\" \/><\/a><\/p>\n<p><a href=\"https:\/\/www.feuerwehr-matzen.at\/wp-content\/uploads\/2016\/04\/DSC00782.jpg\"><img loading=\"lazy\" decoding=\"async\" class=\"alignleft size-thumbnail wp-image-4604\" alt=\"DSC00782\" src=\"https:\/\/www.feuerwehr-matzen.at\/wp-content\/uploads\/2016\/04\/DSC00782-150x150.jpg\" width=\"150\" height=\"150\" \/><\/a><\/p>\n<p><a href=\"https:\/\/www.feuerwehr-matzen.at\/wp-content\/uploads\/2016\/04\/DSC00784.jpg\"><img loading=\"lazy\" decoding=\"async\" class=\"alignleft size-thumbnail wp-image-4605\" alt=\"DSC00784\" src=\"https:\/\/www.feuerwehr-matzen.at\/wp-content\/uploads\/2016\/04\/DSC00784-150x150.jpg\" width=\"150\" height=\"150\" \/><\/a><\/p>\n<p><a href=\"https:\/\/www.feuerwehr-matzen.at\/wp-content\/uploads\/2016\/04\/DSC00785.jpg\"><img loading=\"lazy\" decoding=\"async\" class=\"alignleft size-thumbnail wp-image-4606\" alt=\"DSC00785\" src=\"https:\/\/www.feuerwehr-matzen.at\/wp-content\/uploads\/2016\/04\/DSC00785-150x150.jpg\" width=\"150\" height=\"150\" \/><\/a><\/p>\n<p><a href=\"https:\/\/www.feuerwehr-matzen.at\/wp-content\/uploads\/2016\/04\/DSC00786.jpg\"><img loading=\"lazy\" decoding=\"async\" class=\"alignleft size-thumbnail wp-image-4607\" alt=\"DSC00786\" src=\"https:\/\/www.feuerwehr-matzen.at\/wp-content\/uploads\/2016\/04\/DSC00786-150x150.jpg\" width=\"150\" height=\"150\" \/><\/a><\/p>\n<p><a href=\"https:\/\/www.feuerwehr-matzen.at\/wp-content\/uploads\/2016\/04\/DSC00788.jpg\"><img loading=\"lazy\" decoding=\"async\" class=\"alignleft size-thumbnail wp-image-4608\" alt=\"DSC00788\" src=\"https:\/\/www.feuerwehr-matzen.at\/wp-content\/uploads\/2016\/04\/DSC00788-150x150.jpg\" width=\"150\" height=\"150\" \/><\/a><\/p>\n","protected":false},"excerpt":{"rendered":"<p>Inspektiopns\u00fcbung Am 8.April 2016 wurde die Feuerwehr Matzen zur Inspektions\u00fcbung nach Mannersdorf an der March geladen. Bei dieser j\u00e4hrlichen \u00dcbung werden die F\u00e4higkeiten der Einsatzkr\u00e4fte von F\u00fchrungskr\u00e4ften aus dem Abschnittsfeuerwehrkommando \u00fcberpr\u00fcft. Unser Kommandofahrzeug hatte mit 4 Kameraden die Aufgabe der <a class=\"more-link\" href=\"https:\/\/www.feuerwehr-matzen.at\/?page_id=4602\">weiterlesen  <span class=\"screen-reader-text\">  08. April 2016<\/span><span class=\"meta-nav\">&rarr;<\/span><\/a><\/p>\n","protected":false},"author":6,"featured_media":0,"parent":0,"menu_order":0,"comment_status":"closed","ping_status":"closed","template":"","meta":{"footnotes":""},"class_list":["post-4602","page","type-page","status-publish","hentry"],"_links":{"self":[{"href":"https:\/\/www.feuerwehr-matzen.at\/index.php?rest_route=\/wp\/v2\/pages\/4602","targetHints":{"allow":["GET"]}}],"collection":[{"href":"https:\/\/www.feuerwehr-matzen.at\/index.php?rest_route=\/wp\/v2\/pages"}],"about":[{"href":"https:\/\/www.feuerwehr-matzen.at\/index.php?rest_route=\/wp\/v2\/types\/page"}],"author":[{"embeddable":true,"href":"https:\/\/www.feuerwehr-matzen.at\/index.php?rest_route=\/wp\/v2\/users\/6"}],"replies":[{"embeddable":true,"href":"https:\/\/www.feuerwehr-matzen.at\/index.php?rest_route=%2Fwp%2Fv2%2Fcomments&post=4602"}],"version-history":[{"count":6,"href":"https:\/\/www.feuerwehr-matzen.at\/index.php?rest_route=\/wp\/v2\/pages\/4602\/revisions"}],"predecessor-version":[{"id":5934,"href":"https:\/\/www.feuerwehr-matzen.at\/index.php?rest_route=\/wp\/v2\/pages\/4602\/revisions\/5934"}],"wp:attachment":[{"href":"https:\/\/www.feuerwehr-matzen.at\/index.php?rest_route=%2Fwp%2Fv2%2Fmedia&parent=4602"}],"curies":[{"name":"wp","href":"https:\/\/api.w.org\/{rel}","templated":true}]}}