{"id":4681,"date":"2016-08-07T18:38:28","date_gmt":"2016-08-07T16:38:28","guid":{"rendered":"http:\/\/www.feuerwehr-matzen.at\/?page_id=4681"},"modified":"2020-09-18T14:15:11","modified_gmt":"2020-09-18T12:15:11","slug":"4681-2","status":"publish","type":"page","link":"https:\/\/www.feuerwehr-matzen.at\/?page_id=4681","title":{"rendered":"07. August 2016"},"content":{"rendered":"<p><strong>Wassergebrechen<\/strong><a title=\"Eins\u00e4tze\" href=\"https:\/\/www.feuerwehr-matzen.at\/?page_id=4413\"><img loading=\"lazy\" decoding=\"async\" class=\"alignright size-full wp-image-1833\" src=\"https:\/\/www.feuerwehr-matzen.at\/wp-content\/uploads\/2013\/07\/return.jpg\" alt=\"return\" width=\"65\" height=\"30\" \/><\/a><\/p>\n<p>Am 7. August 2016 wurde die Feuerwehr Matzen um 01:58 mittels Sirene, SMS-Alarm und Pager zu einem Wassergebrechen auf der Schweinbartherstra\u00dfe alarmiert. Unverz\u00fcglich r\u00fcckten 12 Mann mit 3 Fahrzeugen aus. An der Einsatzstelle angekommen stand der Keller bereits 10 Zentimeter unter Wasser. Da die Strom- und Wasserversorgung bereits vom Hausbesitzer abgedreht wurden, konnte umgehend mit den Auspumparbeiten begonnen werden. Nach rund einer halben Stunde konnten die Einsatzkr\u00e4fte wieder abr\u00fccken und die Einsatzbereitschaft herstellen.<\/p>\n<p>Im Einsatz befindliche Fahrzeuge: RLF-A 2000, KDO, LAST<br \/>\nMannschaftsst\u00e4rke: 12<\/p>\n<p><a href=\"https:\/\/www.feuerwehr-matzen.at\/wp-content\/uploads\/2016\/08\/DSC00939.jpg\"><img loading=\"lazy\" decoding=\"async\" class=\"alignleft size-thumbnail wp-image-4686\" src=\"https:\/\/www.feuerwehr-matzen.at\/wp-content\/uploads\/2016\/08\/DSC00939-150x150.jpg\" alt=\"DSC00939\" width=\"150\" height=\"150\" \/><\/a><\/p>\n<p><a href=\"https:\/\/www.feuerwehr-matzen.at\/wp-content\/uploads\/2016\/08\/DSC00941.jpg\"><img loading=\"lazy\" decoding=\"async\" class=\"alignleft size-thumbnail wp-image-4687\" src=\"https:\/\/www.feuerwehr-matzen.at\/wp-content\/uploads\/2016\/08\/DSC00941-150x150.jpg\" alt=\"DSC00941\" width=\"150\" height=\"150\" \/><\/a><\/p>\n<p><a href=\"https:\/\/www.feuerwehr-matzen.at\/wp-content\/uploads\/2016\/08\/DSC00943.jpg\"><img loading=\"lazy\" decoding=\"async\" class=\"alignleft size-thumbnail wp-image-4688\" src=\"https:\/\/www.feuerwehr-matzen.at\/wp-content\/uploads\/2016\/08\/DSC00943-150x150.jpg\" alt=\"DSC00943\" width=\"150\" height=\"150\" \/><\/a><\/p>\n","protected":false},"excerpt":{"rendered":"<p>Wassergebrechen Am 7. August 2016 wurde die Feuerwehr Matzen um 01:58 mittels Sirene, SMS-Alarm und Pager zu einem Wassergebrechen auf der Schweinbartherstra\u00dfe alarmiert. Unverz\u00fcglich r\u00fcckten 12 Mann mit 3 Fahrzeugen aus. An der Einsatzstelle angekommen stand der Keller bereits 10 <a class=\"more-link\" href=\"https:\/\/www.feuerwehr-matzen.at\/?page_id=4681\">weiterlesen  <span class=\"screen-reader-text\">  07. August 2016<\/span><span class=\"meta-nav\">&rarr;<\/span><\/a><\/p>\n","protected":false},"author":6,"featured_media":0,"parent":0,"menu_order":0,"comment_status":"closed","ping_status":"closed","template":"","meta":{"footnotes":""},"class_list":["post-4681","page","type-page","status-publish","hentry"],"_links":{"self":[{"href":"https:\/\/www.feuerwehr-matzen.at\/index.php?rest_route=\/wp\/v2\/pages\/4681","targetHints":{"allow":["GET"]}}],"collection":[{"href":"https:\/\/www.feuerwehr-matzen.at\/index.php?rest_route=\/wp\/v2\/pages"}],"about":[{"href":"https:\/\/www.feuerwehr-matzen.at\/index.php?rest_route=\/wp\/v2\/types\/page"}],"author":[{"embeddable":true,"href":"https:\/\/www.feuerwehr-matzen.at\/index.php?rest_route=\/wp\/v2\/users\/6"}],"replies":[{"embeddable":true,"href":"https:\/\/www.feuerwehr-matzen.at\/index.php?rest_route=%2Fwp%2Fv2%2Fcomments&post=4681"}],"version-history":[{"count":4,"href":"https:\/\/www.feuerwehr-matzen.at\/index.php?rest_route=\/wp\/v2\/pages\/4681\/revisions"}],"predecessor-version":[{"id":4690,"href":"https:\/\/www.feuerwehr-matzen.at\/index.php?rest_route=\/wp\/v2\/pages\/4681\/revisions\/4690"}],"wp:attachment":[{"href":"https:\/\/www.feuerwehr-matzen.at\/index.php?rest_route=%2Fwp%2Fv2%2Fmedia&parent=4681"}],"curies":[{"name":"wp","href":"https:\/\/api.w.org\/{rel}","templated":true}]}}