{"id":4692,"date":"2016-08-10T00:21:45","date_gmt":"2016-08-09T22:21:45","guid":{"rendered":"http:\/\/www.feuerwehr-matzen.at\/?page_id=4692"},"modified":"2020-09-18T14:15:11","modified_gmt":"2020-09-18T12:15:11","slug":"09-august-2016","status":"publish","type":"page","link":"https:\/\/www.feuerwehr-matzen.at\/?page_id=4692","title":{"rendered":"09. August 2016"},"content":{"rendered":"<p><strong>Fahrzeugbergung<\/strong><a title=\"Eins\u00e4tze\" href=\"https:\/\/www.feuerwehr-matzen.at\/?page_id=4413\"><img loading=\"lazy\" decoding=\"async\" class=\"alignright size-full wp-image-1833\" src=\"https:\/\/www.feuerwehr-matzen.at\/wp-content\/uploads\/2013\/07\/return.jpg\" alt=\"return\" width=\"65\" height=\"30\" \/><\/a><\/p>\n<p>Am 09. August 2016 um 21:00 Uhr wurde die Feuerwehr Matzen mittels Sirene, Pager und SMS-Alarm zu einem Technischen Einsatz\/ Fahrzeugbergung auf der L19 Richtung Prottes alarmiert.<br \/>\nEin PKW-Lenker kommend aus Prottes kam aus unbekannter Ursache auf der L19 Richtung Matzen ins Schleudern, rutschte in Folge in den Stra\u00dfengraben, drehte sich und kam in einem Weingarten zum Stillstand. Da sich das Unfallfahrzeug ein einem Eisensteher verkeilt hatte, wurde die \u00f6rtliche Feuerwehr Matzen alarmiert. Unverz\u00fcglich r\u00fcckten 19 Mann mit 3 Fahrzeugen zum Einsatzort aus. Nach der Erkundung durch den Einsatzleiter wurde der Wechsellader der Feuerwehr Auersthal zur Unterst\u00fctzung nachalarmiert. W\u00e4hrenddessen wurde auf der L19 eine Einbahnregelung eingerichtet und die Unfallstelle ausgeleuchtet. Um das Fahrzeug zu bergen, musste es mittels Kran vom WLF Auersthal angehoben und der Eisensteher entfernt werden. Nachdem das Unfallwrack von Einsatzort verbracht wurde, konnten die Florianij\u00fcnger nach rund 1 \u00bd Stunden wieder einr\u00fccken und die Einsatzbereitschaft herstellen. <\/p>\n<p>Im Einsatz befindliche Fahrzeuge: RLF-A 2000, KDO, LAST<br \/>\nMannschaftsst\u00e4rke: 19<br \/>\nsonstige Einsatzkr\u00e4fte: FF Auertshal<\/p>\n<p><a href=\"https:\/\/www.feuerwehr-matzen.at\/wp-content\/uploads\/2016\/08\/DSC00961.jpg\"><img loading=\"lazy\" decoding=\"async\" src=\"https:\/\/www.feuerwehr-matzen.at\/wp-content\/uploads\/2016\/08\/DSC00961-150x150.jpg\" alt=\"DSC00961\" width=\"150\" height=\"150\" class=\"alignleft size-thumbnail wp-image-4694\" \/><\/a><\/p>\n<p><a href=\"https:\/\/www.feuerwehr-matzen.at\/wp-content\/uploads\/2016\/08\/DSC00945.jpg\"><img loading=\"lazy\" decoding=\"async\" src=\"https:\/\/www.feuerwehr-matzen.at\/wp-content\/uploads\/2016\/08\/DSC00945-150x150.jpg\" alt=\"DSC00945\" width=\"150\" height=\"150\" class=\"alignleft size-thumbnail wp-image-4693\" \/><\/a><\/p>\n<p><a href=\"https:\/\/www.feuerwehr-matzen.at\/wp-content\/uploads\/2016\/08\/DSC00970.jpg\"><img loading=\"lazy\" decoding=\"async\" src=\"https:\/\/www.feuerwehr-matzen.at\/wp-content\/uploads\/2016\/08\/DSC00970-150x150.jpg\" alt=\"DSC00970\" width=\"150\" height=\"150\" class=\"alignleft size-thumbnail wp-image-4695\" \/><\/a><\/p>\n<p><a href=\"https:\/\/www.feuerwehr-matzen.at\/wp-content\/uploads\/2016\/08\/DSC00975.jpg\"><img loading=\"lazy\" decoding=\"async\" src=\"https:\/\/www.feuerwehr-matzen.at\/wp-content\/uploads\/2016\/08\/DSC00975-150x150.jpg\" alt=\"DSC00975\" width=\"150\" height=\"150\" class=\"alignleft size-thumbnail wp-image-4696\" \/><\/a><\/p>\n<p><a href=\"https:\/\/www.feuerwehr-matzen.at\/wp-content\/uploads\/2016\/08\/DSC00982.jpg\"><img loading=\"lazy\" decoding=\"async\" src=\"https:\/\/www.feuerwehr-matzen.at\/wp-content\/uploads\/2016\/08\/DSC00982-150x150.jpg\" alt=\"DSC00982\" width=\"150\" height=\"150\" class=\"alignleft size-thumbnail wp-image-4697\" \/><\/a><\/p>\n<p><a href=\"https:\/\/www.feuerwehr-matzen.at\/wp-content\/uploads\/2016\/08\/DSC00987.jpg\"><img loading=\"lazy\" decoding=\"async\" src=\"https:\/\/www.feuerwehr-matzen.at\/wp-content\/uploads\/2016\/08\/DSC00987-150x150.jpg\" alt=\"DSC00987\" width=\"150\" height=\"150\" class=\"alignleft size-thumbnail wp-image-4698\" \/><\/a><\/p>\n<p><a href=\"https:\/\/www.feuerwehr-matzen.at\/wp-content\/uploads\/2016\/08\/DSC00989.jpg\"><img loading=\"lazy\" decoding=\"async\" src=\"https:\/\/www.feuerwehr-matzen.at\/wp-content\/uploads\/2016\/08\/DSC00989-150x150.jpg\" alt=\"DSC00989\" width=\"150\" height=\"150\" class=\"alignleft size-thumbnail wp-image-4699\" \/><\/a><\/p>\n<p><a href=\"https:\/\/www.feuerwehr-matzen.at\/wp-content\/uploads\/2016\/08\/DSC00992.jpg\"><img loading=\"lazy\" decoding=\"async\" src=\"https:\/\/www.feuerwehr-matzen.at\/wp-content\/uploads\/2016\/08\/DSC00992-150x150.jpg\" alt=\"DSC00992\" width=\"150\" height=\"150\" class=\"alignleft size-thumbnail wp-image-4700\" \/><\/a><\/p>\n<p><a href=\"https:\/\/www.feuerwehr-matzen.at\/wp-content\/uploads\/2016\/08\/DSC00993.jpg\"><img loading=\"lazy\" decoding=\"async\" src=\"https:\/\/www.feuerwehr-matzen.at\/wp-content\/uploads\/2016\/08\/DSC00993-150x150.jpg\" alt=\"DSC00993\" width=\"150\" height=\"150\" class=\"alignleft size-thumbnail wp-image-4701\" \/><\/a><\/p>\n","protected":false},"excerpt":{"rendered":"<p>Fahrzeugbergung Am 09. August 2016 um 21:00 Uhr wurde die Feuerwehr Matzen mittels Sirene, Pager und SMS-Alarm zu einem Technischen Einsatz\/ Fahrzeugbergung auf der L19 Richtung Prottes alarmiert. Ein PKW-Lenker kommend aus Prottes kam aus unbekannter Ursache auf der L19 <a class=\"more-link\" href=\"https:\/\/www.feuerwehr-matzen.at\/?page_id=4692\">weiterlesen  <span class=\"screen-reader-text\">  09. August 2016<\/span><span class=\"meta-nav\">&rarr;<\/span><\/a><\/p>\n","protected":false},"author":6,"featured_media":0,"parent":0,"menu_order":0,"comment_status":"closed","ping_status":"closed","template":"","meta":{"footnotes":""},"class_list":["post-4692","page","type-page","status-publish","hentry"],"_links":{"self":[{"href":"https:\/\/www.feuerwehr-matzen.at\/index.php?rest_route=\/wp\/v2\/pages\/4692","targetHints":{"allow":["GET"]}}],"collection":[{"href":"https:\/\/www.feuerwehr-matzen.at\/index.php?rest_route=\/wp\/v2\/pages"}],"about":[{"href":"https:\/\/www.feuerwehr-matzen.at\/index.php?rest_route=\/wp\/v2\/types\/page"}],"author":[{"embeddable":true,"href":"https:\/\/www.feuerwehr-matzen.at\/index.php?rest_route=\/wp\/v2\/users\/6"}],"replies":[{"embeddable":true,"href":"https:\/\/www.feuerwehr-matzen.at\/index.php?rest_route=%2Fwp%2Fv2%2Fcomments&post=4692"}],"version-history":[{"count":4,"href":"https:\/\/www.feuerwehr-matzen.at\/index.php?rest_route=\/wp\/v2\/pages\/4692\/revisions"}],"predecessor-version":[{"id":4724,"href":"https:\/\/www.feuerwehr-matzen.at\/index.php?rest_route=\/wp\/v2\/pages\/4692\/revisions\/4724"}],"wp:attachment":[{"href":"https:\/\/www.feuerwehr-matzen.at\/index.php?rest_route=%2Fwp%2Fv2%2Fmedia&parent=4692"}],"curies":[{"name":"wp","href":"https:\/\/api.w.org\/{rel}","templated":true}]}}