{"id":4743,"date":"2016-09-25T11:42:35","date_gmt":"2016-09-25T09:42:35","guid":{"rendered":"http:\/\/www.feuerwehr-matzen.at\/?page_id=4743"},"modified":"2020-09-18T14:15:34","modified_gmt":"2020-09-18T12:15:34","slug":"24-september-2016","status":"publish","type":"page","link":"https:\/\/www.feuerwehr-matzen.at\/?page_id=4743","title":{"rendered":"24. September 2016"},"content":{"rendered":"<p><strong>Flurbrand<\/strong><a title=\"Eins\u00e4tze\" href=\"https:\/\/www.feuerwehr-matzen.at\/?page_id=4413\"><img loading=\"lazy\" decoding=\"async\" class=\"alignright size-full wp-image-1833\" src=\"https:\/\/www.feuerwehr-matzen.at\/wp-content\/uploads\/2013\/07\/return.jpg\" alt=\"return\" width=\"65\" height=\"30\" \/><\/a><\/p>\n<p>Am 24. September wurde die Feuerwehr Matzen um 16:24 Uhr mittels Sirene, SMS Alarm und Pager zu einem Flurbrand im Matzner Einsatzgebiet alarmiert.<br \/>\nAus bisher unbekannter Ursache begann es neben einem Feld in der Eduard Kasper-Stra\u00dfe zu brennen. Unverz\u00fcglich r\u00fcckten 16 Mann mit 2 Fahrzeugen zum Einsatzort aus. An der Einsatzstelle angekommen, wurde sofort mit den L\u00f6schma\u00dfnahmen begonnen. Mittels Feuerpatsche und 2 L\u00f6schleitungen wurde ein weiteres Ausbreiten des Flurbrandes verhindert. Bereits wenige Minuten nach Eintreffen der Einsatzkr\u00e4fte, konnte Brand Aus gegeben werden. Vorsorglich wurde der gesamte Nahbereich des Brandes mittels Netzmittelbehandelt, um ein nochmaliges Entz\u00fcnden zu verhindern. Nach rund 30 Minuten konnten die Florianij\u00fcnger abr\u00fccken und die Einsatzbereitschaft wieder herstellen.<\/p>\n<p>Im Einsatz befindliche Fahrzeuge: RLF-A 2000, KDO<br \/>\nMannschaftsst\u00e4rke: 16<br \/>\nsonstige Einsatzkr\u00e4fte: Polizei<\/p>\n<p><a href=\"https:\/\/www.feuerwehr-matzen.at\/wp-content\/uploads\/2016\/09\/DSC01081.jpg\"><img loading=\"lazy\" decoding=\"async\" src=\"https:\/\/www.feuerwehr-matzen.at\/wp-content\/uploads\/2016\/09\/DSC01081-150x150.jpg\" alt=\"DSC01081\" width=\"150\" height=\"150\" class=\"alignleft size-thumbnail wp-image-4747\" \/><\/a><\/p>\n<p><a href=\"https:\/\/www.feuerwehr-matzen.at\/wp-content\/uploads\/2016\/09\/DSC01085.jpg\"><img loading=\"lazy\" decoding=\"async\" src=\"https:\/\/www.feuerwehr-matzen.at\/wp-content\/uploads\/2016\/09\/DSC01085-150x150.jpg\" alt=\"DSC01085\" width=\"150\" height=\"150\" class=\"alignleft size-thumbnail wp-image-4748\" \/><\/a><\/p>\n<p><a href=\"https:\/\/www.feuerwehr-matzen.at\/wp-content\/uploads\/2016\/09\/DSC01088.jpg\"><img loading=\"lazy\" decoding=\"async\" src=\"https:\/\/www.feuerwehr-matzen.at\/wp-content\/uploads\/2016\/09\/DSC01088-150x150.jpg\" alt=\"DSC01088\" width=\"150\" height=\"150\" class=\"alignleft size-thumbnail wp-image-4749\" \/><\/a><\/p>\n<p><a href=\"https:\/\/www.feuerwehr-matzen.at\/wp-content\/uploads\/2016\/09\/DSC01089.jpg\"><img loading=\"lazy\" decoding=\"async\" src=\"https:\/\/www.feuerwehr-matzen.at\/wp-content\/uploads\/2016\/09\/DSC01089-150x150.jpg\" alt=\"DSC01089\" width=\"150\" height=\"150\" class=\"alignleft size-thumbnail wp-image-4750\" \/><\/a><\/p>\n<p><a href=\"https:\/\/www.feuerwehr-matzen.at\/wp-content\/uploads\/2016\/09\/DSC01094.jpg\"><img loading=\"lazy\" decoding=\"async\" src=\"https:\/\/www.feuerwehr-matzen.at\/wp-content\/uploads\/2016\/09\/DSC01094-150x150.jpg\" alt=\"DSC01094\" width=\"150\" height=\"150\" class=\"alignleft size-thumbnail wp-image-4751\" \/><\/a><\/p>\n<p><a href=\"https:\/\/www.feuerwehr-matzen.at\/wp-content\/uploads\/2016\/09\/DSC01098.jpg\"><img loading=\"lazy\" decoding=\"async\" src=\"https:\/\/www.feuerwehr-matzen.at\/wp-content\/uploads\/2016\/09\/DSC01098-150x150.jpg\" alt=\"DSC01098\" width=\"150\" height=\"150\" class=\"alignleft size-thumbnail wp-image-4752\" \/><\/a><\/p>\n","protected":false},"excerpt":{"rendered":"<p>Flurbrand Am 24. September wurde die Feuerwehr Matzen um 16:24 Uhr mittels Sirene, SMS Alarm und Pager zu einem Flurbrand im Matzner Einsatzgebiet alarmiert. Aus bisher unbekannter Ursache begann es neben einem Feld in der Eduard Kasper-Stra\u00dfe zu brennen. Unverz\u00fcglich <a class=\"more-link\" href=\"https:\/\/www.feuerwehr-matzen.at\/?page_id=4743\">weiterlesen  <span class=\"screen-reader-text\">  24. September 2016<\/span><span class=\"meta-nav\">&rarr;<\/span><\/a><\/p>\n","protected":false},"author":6,"featured_media":0,"parent":0,"menu_order":0,"comment_status":"closed","ping_status":"closed","template":"","meta":{"footnotes":""},"class_list":["post-4743","page","type-page","status-publish","hentry"],"_links":{"self":[{"href":"https:\/\/www.feuerwehr-matzen.at\/index.php?rest_route=\/wp\/v2\/pages\/4743","targetHints":{"allow":["GET"]}}],"collection":[{"href":"https:\/\/www.feuerwehr-matzen.at\/index.php?rest_route=\/wp\/v2\/pages"}],"about":[{"href":"https:\/\/www.feuerwehr-matzen.at\/index.php?rest_route=\/wp\/v2\/types\/page"}],"author":[{"embeddable":true,"href":"https:\/\/www.feuerwehr-matzen.at\/index.php?rest_route=\/wp\/v2\/users\/6"}],"replies":[{"embeddable":true,"href":"https:\/\/www.feuerwehr-matzen.at\/index.php?rest_route=%2Fwp%2Fv2%2Fcomments&post=4743"}],"version-history":[{"count":2,"href":"https:\/\/www.feuerwehr-matzen.at\/index.php?rest_route=\/wp\/v2\/pages\/4743\/revisions"}],"predecessor-version":[{"id":4753,"href":"https:\/\/www.feuerwehr-matzen.at\/index.php?rest_route=\/wp\/v2\/pages\/4743\/revisions\/4753"}],"wp:attachment":[{"href":"https:\/\/www.feuerwehr-matzen.at\/index.php?rest_route=%2Fwp%2Fv2%2Fmedia&parent=4743"}],"curies":[{"name":"wp","href":"https:\/\/api.w.org\/{rel}","templated":true}]}}