{"id":4950,"date":"2017-04-10T22:57:14","date_gmt":"2017-04-10T20:57:14","guid":{"rendered":"http:\/\/www.feuerwehr-matzen.at\/?page_id=4950"},"modified":"2020-09-18T14:15:23","modified_gmt":"2020-09-18T12:15:23","slug":"10-april-2017","status":"publish","type":"page","link":"https:\/\/www.feuerwehr-matzen.at\/?page_id=4950","title":{"rendered":"10. April 2017"},"content":{"rendered":"<p><strong>Verkehrsunfall mit Menschenrettung<\/strong><a title=\"Eins\u00e4tze\" href=\"https:\/\/www.feuerwehr-matzen.at\/?page_id=4827\"><img loading=\"lazy\" decoding=\"async\" class=\"alignright size-full wp-image-1833\" alt=\"return\" src=\"https:\/\/www.feuerwehr-matzen.at\/wp-content\/uploads\/2013\/07\/return.jpg\" width=\"65\" height=\"30\" \/><\/a><\/p>\n<p>Am 10. April 2017 kam es auf der L 18 Richtung Spannberg um 14:29 zu einem schweren Verkehrsunfall. Eine 21 j\u00e4hrige Lenkerin aus dem Bezirk G\u00e4nserndorf kam aus bisher ungekl\u00e4rter Ursache von der Fahrbahn ab und kollidierte in Folge frontal mit einem Baum. Nur 3 Minuten nach der Alarmierung mittels Sirene, SMS-Alarm und Pager durch die BAZ Mistelbach r\u00fcckten 15 Mann mit 3 Fahrzeugen zum Einsatzort aus. Aufgrund der Alarmstufe T2 wurde zeitgleich auch die Feuerwehr Spannberg alarmiert. An der Unfallstelle angekommen, wurde die schwer eingeklemmte Fahrerin bereits von einem First Responder versorgt. Unverz\u00fcglich wurde die Einsatzstelle abgesichert, der Brandschutz aufgebaut und die Menschenrettung vorbereitet. Nach der Erstversorgung durch den kurz nach der Feuerwehr eingetroffenen Notarzt, wurde mit der Rettungs\u00f6ffnung mittels hydraulischem Rettungsger\u00e4t begonnen. Um eine behutsame Rettung der Verletzten zu gew\u00e4hrleisten, wurde eine sogenannte \u201egro\u00dfe Seiten\u00f6ffnung\u201c geschaffen. Hierbei wurden die B-S\u00e4ule sowie die hintere T\u00fcr entfernt. Aufgrund der starken Deformierung der Fahrgastzelle musste gleichzeitig das Armaturenbrett vorgedr\u00fcckt werden. Gemeinsam mit der Mannschaft des Notarztteams und der Florianij\u00fcnger konnte die schwer Verletzte aus dem Fahrzeug gerettet werden. Nach der Stabilisierung und Vorbereitung f\u00fcr den Transport wurde sie mit dem Notarzthubschrauber Christopherus 9 ins UKH Meidling geflogen. Das Unfallfahrzeug wurde von der Fa. Wilding abtransportiert. Nachdem die Verkehrsfl\u00e4chen gereinigt wurden, konnten die Matzner Florianij\u00fcnger nach rund 1 \u00bd Stunden wieder abr\u00fccken. Wir danken den eingesetzten Einsatzkr\u00e4ften f\u00fcr die gute Zusammenarbeit.<\/p>\n<p>Im Einsatz befindliche Fahrzeuge: RLF-A 2000, KDO-F, LAST<br \/>\nMannschaftsst\u00e4rke: 15<br \/>\nsonstige Kr\u00e4fte: FF Spannberg, Polizei, Notarztwagen G\u00e4nserndorf, Rettungshubschrauber Christopherus 9, First Responder, Praktischer Arzt Dr. Peter Kozlowsky<\/p>\n<p><a href=\"https:\/\/www.feuerwehr-matzen.at\/wp-content\/uploads\/2017\/04\/DSC01462.jpg\"><img loading=\"lazy\" decoding=\"async\" src=\"https:\/\/www.feuerwehr-matzen.at\/wp-content\/uploads\/2017\/04\/DSC01462-150x150.jpg\" alt=\"DSC01462\" width=\"150\" height=\"150\" class=\"alignleft size-thumbnail wp-image-4952\" \/><\/a><\/p>\n<p><a href=\"https:\/\/www.feuerwehr-matzen.at\/wp-content\/uploads\/2017\/04\/DSC01464.jpg\"><img loading=\"lazy\" decoding=\"async\" src=\"https:\/\/www.feuerwehr-matzen.at\/wp-content\/uploads\/2017\/04\/DSC01464-150x150.jpg\" alt=\"DSC01464\" width=\"150\" height=\"150\" class=\"alignleft size-thumbnail wp-image-4953\" \/><\/a><\/p>\n<p><a href=\"https:\/\/www.feuerwehr-matzen.at\/wp-content\/uploads\/2017\/04\/DSC01473.jpg\"><img loading=\"lazy\" decoding=\"async\" src=\"https:\/\/www.feuerwehr-matzen.at\/wp-content\/uploads\/2017\/04\/DSC01473-150x150.jpg\" alt=\"DSC01473\" width=\"150\" height=\"150\" class=\"alignleft size-thumbnail wp-image-4955\" \/><\/a><\/p>\n<p><a href=\"https:\/\/www.feuerwehr-matzen.at\/wp-content\/uploads\/2017\/04\/DSC01480.jpg\"><img loading=\"lazy\" decoding=\"async\" src=\"https:\/\/www.feuerwehr-matzen.at\/wp-content\/uploads\/2017\/04\/DSC01480-150x150.jpg\" alt=\"DSC01480\" width=\"150\" height=\"150\" class=\"alignleft size-thumbnail wp-image-4956\" \/><\/a><\/p>\n<p><a href=\"https:\/\/www.feuerwehr-matzen.at\/wp-content\/uploads\/2017\/04\/DSC01485.jpg\"><img loading=\"lazy\" decoding=\"async\" src=\"https:\/\/www.feuerwehr-matzen.at\/wp-content\/uploads\/2017\/04\/DSC01485-150x150.jpg\" alt=\"DSC01485\" width=\"150\" height=\"150\" class=\"alignleft size-thumbnail wp-image-4957\" \/><\/a><\/p>\n<p><a href=\"https:\/\/www.feuerwehr-matzen.at\/wp-content\/uploads\/2017\/04\/DSC01489.jpg\"><img loading=\"lazy\" decoding=\"async\" src=\"https:\/\/www.feuerwehr-matzen.at\/wp-content\/uploads\/2017\/04\/DSC01489-150x150.jpg\" alt=\"DSC01489\" width=\"150\" height=\"150\" class=\"alignleft size-thumbnail wp-image-4958\" \/><\/a><\/p>\n<p><a href=\"https:\/\/www.feuerwehr-matzen.at\/wp-content\/uploads\/2017\/04\/DSC01490.jpg\"><img loading=\"lazy\" decoding=\"async\" src=\"https:\/\/www.feuerwehr-matzen.at\/wp-content\/uploads\/2017\/04\/DSC01490-150x150.jpg\" alt=\"DSC01490\" width=\"150\" height=\"150\" class=\"alignleft size-thumbnail wp-image-4959\" \/><\/a><\/p>\n<p><a href=\"https:\/\/www.feuerwehr-matzen.at\/wp-content\/uploads\/2017\/04\/DSC01504.jpg\"><img loading=\"lazy\" decoding=\"async\" src=\"https:\/\/www.feuerwehr-matzen.at\/wp-content\/uploads\/2017\/04\/DSC01504-150x150.jpg\" alt=\"DSC01504\" width=\"150\" height=\"150\" class=\"alignleft size-thumbnail wp-image-4960\" \/><\/a><\/p>\n<p><a href=\"https:\/\/www.feuerwehr-matzen.at\/wp-content\/uploads\/2017\/04\/DSC01515.jpg\"><img loading=\"lazy\" decoding=\"async\" src=\"https:\/\/www.feuerwehr-matzen.at\/wp-content\/uploads\/2017\/04\/DSC01515-150x150.jpg\" alt=\"DSC01515\" width=\"150\" height=\"150\" class=\"alignleft size-thumbnail wp-image-4961\" \/><\/a><\/p>\n<p><a href=\"https:\/\/www.feuerwehr-matzen.at\/wp-content\/uploads\/2017\/04\/DSC01518.jpg\"><img loading=\"lazy\" decoding=\"async\" src=\"https:\/\/www.feuerwehr-matzen.at\/wp-content\/uploads\/2017\/04\/DSC01518-150x150.jpg\" alt=\"DSC01518\" width=\"150\" height=\"150\" class=\"alignleft size-thumbnail wp-image-4962\" \/><\/a><\/p>\n<p><a href=\"https:\/\/www.feuerwehr-matzen.at\/wp-content\/uploads\/2017\/04\/DSC01525.jpg\"><img loading=\"lazy\" decoding=\"async\" src=\"https:\/\/www.feuerwehr-matzen.at\/wp-content\/uploads\/2017\/04\/DSC01525-150x150.jpg\" alt=\"DSC01525\" width=\"150\" height=\"150\" class=\"alignleft size-thumbnail wp-image-4963\" \/><\/a><\/p>\n","protected":false},"excerpt":{"rendered":"<p>Verkehrsunfall mit Menschenrettung Am 10. April 2017 kam es auf der L 18 Richtung Spannberg um 14:29 zu einem schweren Verkehrsunfall. Eine 21 j\u00e4hrige Lenkerin aus dem Bezirk G\u00e4nserndorf kam aus bisher ungekl\u00e4rter Ursache von der Fahrbahn ab und kollidierte <a class=\"more-link\" href=\"https:\/\/www.feuerwehr-matzen.at\/?page_id=4950\">weiterlesen  <span class=\"screen-reader-text\">  10. April 2017<\/span><span class=\"meta-nav\">&rarr;<\/span><\/a><\/p>\n","protected":false},"author":6,"featured_media":0,"parent":0,"menu_order":0,"comment_status":"closed","ping_status":"closed","template":"","meta":{"footnotes":""},"class_list":["post-4950","page","type-page","status-publish","hentry"],"_links":{"self":[{"href":"https:\/\/www.feuerwehr-matzen.at\/index.php?rest_route=\/wp\/v2\/pages\/4950","targetHints":{"allow":["GET"]}}],"collection":[{"href":"https:\/\/www.feuerwehr-matzen.at\/index.php?rest_route=\/wp\/v2\/pages"}],"about":[{"href":"https:\/\/www.feuerwehr-matzen.at\/index.php?rest_route=\/wp\/v2\/types\/page"}],"author":[{"embeddable":true,"href":"https:\/\/www.feuerwehr-matzen.at\/index.php?rest_route=\/wp\/v2\/users\/6"}],"replies":[{"embeddable":true,"href":"https:\/\/www.feuerwehr-matzen.at\/index.php?rest_route=%2Fwp%2Fv2%2Fcomments&post=4950"}],"version-history":[{"count":2,"href":"https:\/\/www.feuerwehr-matzen.at\/index.php?rest_route=\/wp\/v2\/pages\/4950\/revisions"}],"predecessor-version":[{"id":4970,"href":"https:\/\/www.feuerwehr-matzen.at\/index.php?rest_route=\/wp\/v2\/pages\/4950\/revisions\/4970"}],"wp:attachment":[{"href":"https:\/\/www.feuerwehr-matzen.at\/index.php?rest_route=%2Fwp%2Fv2%2Fmedia&parent=4950"}],"curies":[{"name":"wp","href":"https:\/\/api.w.org\/{rel}","templated":true}]}}