{"id":5003,"date":"2017-07-05T18:39:18","date_gmt":"2017-07-05T16:39:18","guid":{"rendered":"http:\/\/www.feuerwehr-matzen.at\/?page_id=5003"},"modified":"2020-09-18T14:15:11","modified_gmt":"2020-09-18T12:15:11","slug":"05-juli-2017","status":"publish","type":"page","link":"https:\/\/www.feuerwehr-matzen.at\/?page_id=5003","title":{"rendered":"05. Juli 2017"},"content":{"rendered":"<p><strong>\u00d6lspur beseitigen<\/strong><a title=\"Eins\u00e4tze\" href=\"https:\/\/www.feuerwehr-matzen.at\/?page_id=4827\"><img loading=\"lazy\" decoding=\"async\" class=\"alignright size-full wp-image-1833\" src=\"https:\/\/www.feuerwehr-matzen.at\/wp-content\/uploads\/2013\/07\/return.jpg\" alt=\"return\" width=\"65\" height=\"30\" \/><\/a><\/p>\n<p>Am 5. Juli wurde die Feuerwehr Matzen um 16:14 Uhr mittels stillem Alarm zu einem Technischen Einsatz &#8211; \u00d6lspur beseitigen alarmiert. Kurz darauf r\u00fcckten 9 Kameraden mit dem R\u00fcstl\u00f6schfahrzeug zur Einsatzadresse im Kreisverkehr aus. Nachdem 2 Verkehrsregler zur Sicherung der Einsatzstelle abgestellt wurden, konnte mit dem Binde der ausgetretenen Betriebsmittel begonnen werden. Im Anschluss an die Reinigung der Verkehrsfl\u00e4chen, konnten bei der anschlie\u00dfenden Kontrollfahrt durchs Ortgebiet zwei weitere Schadstoffaustritte lokalisiert werden. Nachdem auch diese gebunden wurden, konnten die Matzner Florianij\u00fcnger um 17:30 wieder einr\u00fccken und die Einsatzbereitschaft herstellen.<\/p>\n<p>Im Einsatz befindliche Fahrzeuge: RLF-A 2000<br \/>\nMannschaftsst\u00e4rke: 9<\/p>\n<p><a href=\"https:\/\/www.feuerwehr-matzen.at\/wp-content\/uploads\/2017\/07\/DSC01806.jpg\"><img loading=\"lazy\" decoding=\"async\" src=\"https:\/\/www.feuerwehr-matzen.at\/wp-content\/uploads\/2017\/07\/DSC01806-150x150.jpg\" alt=\"DSC01806\" width=\"150\" height=\"150\" class=\"alignleft size-thumbnail wp-image-5004\" \/><\/a><\/p>\n<p><a href=\"https:\/\/www.feuerwehr-matzen.at\/wp-content\/uploads\/2017\/07\/DSC01809.jpg\"><img loading=\"lazy\" decoding=\"async\" src=\"https:\/\/www.feuerwehr-matzen.at\/wp-content\/uploads\/2017\/07\/DSC01809-150x150.jpg\" alt=\"DSC01824\" width=\"150\" height=\"150\" class=\"alignleft size-thumbnail wp-image-5012\" \/><\/a><\/p>\n<p><a href=\"https:\/\/www.feuerwehr-matzen.at\/wp-content\/uploads\/2017\/07\/DSC01813.jpg\"><img loading=\"lazy\" decoding=\"async\" src=\"https:\/\/www.feuerwehr-matzen.at\/wp-content\/uploads\/2017\/07\/DSC01813-150x150.jpg\" alt=\"DSC01823\" width=\"150\" height=\"150\" class=\"alignleft size-thumbnail wp-image-5011\" \/><\/a><\/p>\n<p><a href=\"https:\/\/www.feuerwehr-matzen.at\/wp-content\/uploads\/2017\/07\/DSC01815.jpg\"><img loading=\"lazy\" decoding=\"async\" src=\"https:\/\/www.feuerwehr-matzen.at\/wp-content\/uploads\/2017\/07\/DSC01815-150x150.jpg\" alt=\"DSC01822\" width=\"150\" height=\"150\" class=\"alignleft size-thumbnail wp-image-5010\" \/><\/a><\/p>\n<p><a href=\"https:\/\/www.feuerwehr-matzen.at\/wp-content\/uploads\/2017\/07\/DSC01818.jpg\"><img loading=\"lazy\" decoding=\"async\" src=\"https:\/\/www.feuerwehr-matzen.at\/wp-content\/uploads\/2017\/07\/DSC01818-150x150.jpg\" alt=\"DSC01820\" width=\"150\" height=\"150\" class=\"alignleft size-thumbnail wp-image-5009\" \/><\/a><\/p>\n<p><a href=\"https:\/\/www.feuerwehr-matzen.at\/wp-content\/uploads\/2017\/07\/DSC01820.jpg\"><img loading=\"lazy\" decoding=\"async\" src=\"https:\/\/www.feuerwehr-matzen.at\/wp-content\/uploads\/2017\/07\/DSC01820-150x150.jpg\" alt=\"DSC01818\" width=\"150\" height=\"150\" class=\"alignleft size-thumbnail wp-image-5008\" \/><\/a><\/p>\n<p><a href=\"https:\/\/www.feuerwehr-matzen.at\/wp-content\/uploads\/2017\/07\/DSC01822.jpg\"><img loading=\"lazy\" decoding=\"async\" src=\"https:\/\/www.feuerwehr-matzen.at\/wp-content\/uploads\/2017\/07\/DSC01822-150x150.jpg\" alt=\"DSC01815\" width=\"150\" height=\"150\" class=\"alignleft size-thumbnail wp-image-5007\" \/><\/a><\/p>\n<p><a href=\"https:\/\/www.feuerwehr-matzen.at\/wp-content\/uploads\/2017\/07\/DSC01823.jpg\"><img loading=\"lazy\" decoding=\"async\" src=\"https:\/\/www.feuerwehr-matzen.at\/wp-content\/uploads\/2017\/07\/DSC01823-150x150.jpg\" alt=\"DSC01813\" width=\"150\" height=\"150\" class=\"alignleft size-thumbnail wp-image-5006\" \/><\/a><\/p>\n<p><a href=\"https:\/\/www.feuerwehr-matzen.at\/wp-content\/uploads\/2017\/07\/DSC01824.jpg\"><img loading=\"lazy\" decoding=\"async\" src=\"https:\/\/www.feuerwehr-matzen.at\/wp-content\/uploads\/2017\/07\/DSC01824-150x150.jpg\" alt=\"DSC01809\" width=\"150\" height=\"150\" class=\"alignleft size-thumbnail wp-image-5005\" \/><\/a><\/p>\n","protected":false},"excerpt":{"rendered":"<p>\u00d6lspur beseitigen Am 5. Juli wurde die Feuerwehr Matzen um 16:14 Uhr mittels stillem Alarm zu einem Technischen Einsatz &#8211; \u00d6lspur beseitigen alarmiert. Kurz darauf r\u00fcckten 9 Kameraden mit dem R\u00fcstl\u00f6schfahrzeug zur Einsatzadresse im Kreisverkehr aus. Nachdem 2 Verkehrsregler zur <a class=\"more-link\" href=\"https:\/\/www.feuerwehr-matzen.at\/?page_id=5003\">weiterlesen  <span class=\"screen-reader-text\">  05. Juli 2017<\/span><span class=\"meta-nav\">&rarr;<\/span><\/a><\/p>\n","protected":false},"author":6,"featured_media":0,"parent":0,"menu_order":0,"comment_status":"closed","ping_status":"closed","template":"","meta":{"footnotes":""},"class_list":["post-5003","page","type-page","status-publish","hentry"],"_links":{"self":[{"href":"https:\/\/www.feuerwehr-matzen.at\/index.php?rest_route=\/wp\/v2\/pages\/5003","targetHints":{"allow":["GET"]}}],"collection":[{"href":"https:\/\/www.feuerwehr-matzen.at\/index.php?rest_route=\/wp\/v2\/pages"}],"about":[{"href":"https:\/\/www.feuerwehr-matzen.at\/index.php?rest_route=\/wp\/v2\/types\/page"}],"author":[{"embeddable":true,"href":"https:\/\/www.feuerwehr-matzen.at\/index.php?rest_route=\/wp\/v2\/users\/6"}],"replies":[{"embeddable":true,"href":"https:\/\/www.feuerwehr-matzen.at\/index.php?rest_route=%2Fwp%2Fv2%2Fcomments&post=5003"}],"version-history":[{"count":5,"href":"https:\/\/www.feuerwehr-matzen.at\/index.php?rest_route=\/wp\/v2\/pages\/5003\/revisions"}],"predecessor-version":[{"id":5018,"href":"https:\/\/www.feuerwehr-matzen.at\/index.php?rest_route=\/wp\/v2\/pages\/5003\/revisions\/5018"}],"wp:attachment":[{"href":"https:\/\/www.feuerwehr-matzen.at\/index.php?rest_route=%2Fwp%2Fv2%2Fmedia&parent=5003"}],"curies":[{"name":"wp","href":"https:\/\/api.w.org\/{rel}","templated":true}]}}