{"id":5128,"date":"2017-09-17T10:48:41","date_gmt":"2017-09-17T08:48:41","guid":{"rendered":"http:\/\/www.feuerwehr-matzen.at\/?page_id=5128"},"modified":"2020-09-18T14:15:23","modified_gmt":"2020-09-18T12:15:23","slug":"15-september-2017","status":"publish","type":"page","link":"https:\/\/www.feuerwehr-matzen.at\/?page_id=5128","title":{"rendered":"15. September 2017"},"content":{"rendered":"<p><strong>Sturmeinsatz<\/strong><a title=\"Eins\u00e4tze\" href=\"https:\/\/www.feuerwehr-matzen.at\/?page_id=4827\"><img loading=\"lazy\" decoding=\"async\" class=\"alignright size-full wp-image-1833\" src=\"https:\/\/www.feuerwehr-matzen.at\/wp-content\/uploads\/2013\/07\/return.jpg\" alt=\"return\" width=\"65\" height=\"30\" \/><\/a><\/p>\n<p>Am 15. September wurde die Feuerwehr Matzen um 07:45 Uhr mittels Stillem Alarm erneut zu einem Sturmschaden am Scheibenberg alarmiert. Nach dem Sturm am Vorabend wurden einige umgest\u00fcrzte B\u00e4ume, die die Stra\u00dfe blockieren, gemeldet. Kurz nach der Alarmierung r\u00fcckten 9 Kameraden mit dem R\u00fcstl\u00f6schfahrzeug zur Einsatzadresse aus, wobei 3 weitere Kameraden im Feuerwehrhaus auf Abruf warteten. 4 B\u00e4ume mussten entfernt werden. Nachdem die Verkehrsfl\u00e4chen gereinigt wurden, konnten die Einsatzkr\u00e4fte nach rund einer Stunde wieder einr\u00fccken und die Einsatzbereitschaft herstellen.<\/p>\n<p>Im Einsatz befindliche Fahrzeuge: RLF-A 2000<br \/>\nMannschaftsst\u00e4rke: 12<br \/>\n<a href=\"https:\/\/www.feuerwehr-matzen.at\/wp-content\/uploads\/2017\/09\/DSC01916.jpg\"><img loading=\"lazy\" decoding=\"async\" src=\"https:\/\/www.feuerwehr-matzen.at\/wp-content\/uploads\/2017\/09\/DSC01916-150x150.jpg\" alt=\"DSC01916\" width=\"150\" height=\"150\" class=\"alignleft size-thumbnail wp-image-5171\" \/><\/a><\/p>\n<p><a href=\"https:\/\/www.feuerwehr-matzen.at\/wp-content\/uploads\/2017\/09\/DSC01922.jpg\"><img loading=\"lazy\" decoding=\"async\" src=\"https:\/\/www.feuerwehr-matzen.at\/wp-content\/uploads\/2017\/09\/DSC01922-150x150.jpg\" alt=\"DSC01922\" width=\"150\" height=\"150\" class=\"alignleft size-thumbnail wp-image-5172\" \/><\/a><\/p>\n<p><a href=\"https:\/\/www.feuerwehr-matzen.at\/wp-content\/uploads\/2017\/09\/DSC01928.jpg\"><img loading=\"lazy\" decoding=\"async\" src=\"https:\/\/www.feuerwehr-matzen.at\/wp-content\/uploads\/2017\/09\/DSC01928-150x150.jpg\" alt=\"DSC01928\" width=\"150\" height=\"150\" class=\"alignleft size-thumbnail wp-image-5173\" \/><\/a><\/p>\n","protected":false},"excerpt":{"rendered":"<p>Sturmeinsatz Am 15. September wurde die Feuerwehr Matzen um 07:45 Uhr mittels Stillem Alarm erneut zu einem Sturmschaden am Scheibenberg alarmiert. Nach dem Sturm am Vorabend wurden einige umgest\u00fcrzte B\u00e4ume, die die Stra\u00dfe blockieren, gemeldet. Kurz nach der Alarmierung r\u00fcckten <a class=\"more-link\" href=\"https:\/\/www.feuerwehr-matzen.at\/?page_id=5128\">weiterlesen  <span class=\"screen-reader-text\">  15. September 2017<\/span><span class=\"meta-nav\">&rarr;<\/span><\/a><\/p>\n","protected":false},"author":6,"featured_media":0,"parent":0,"menu_order":0,"comment_status":"closed","ping_status":"closed","template":"","meta":{"footnotes":""},"class_list":["post-5128","page","type-page","status-publish","hentry"],"_links":{"self":[{"href":"https:\/\/www.feuerwehr-matzen.at\/index.php?rest_route=\/wp\/v2\/pages\/5128","targetHints":{"allow":["GET"]}}],"collection":[{"href":"https:\/\/www.feuerwehr-matzen.at\/index.php?rest_route=\/wp\/v2\/pages"}],"about":[{"href":"https:\/\/www.feuerwehr-matzen.at\/index.php?rest_route=\/wp\/v2\/types\/page"}],"author":[{"embeddable":true,"href":"https:\/\/www.feuerwehr-matzen.at\/index.php?rest_route=\/wp\/v2\/users\/6"}],"replies":[{"embeddable":true,"href":"https:\/\/www.feuerwehr-matzen.at\/index.php?rest_route=%2Fwp%2Fv2%2Fcomments&post=5128"}],"version-history":[{"count":6,"href":"https:\/\/www.feuerwehr-matzen.at\/index.php?rest_route=\/wp\/v2\/pages\/5128\/revisions"}],"predecessor-version":[{"id":5174,"href":"https:\/\/www.feuerwehr-matzen.at\/index.php?rest_route=\/wp\/v2\/pages\/5128\/revisions\/5174"}],"wp:attachment":[{"href":"https:\/\/www.feuerwehr-matzen.at\/index.php?rest_route=%2Fwp%2Fv2%2Fmedia&parent=5128"}],"curies":[{"name":"wp","href":"https:\/\/api.w.org\/{rel}","templated":true}]}}