{"id":5131,"date":"2017-10-14T09:58:36","date_gmt":"2017-10-14T07:58:36","guid":{"rendered":"http:\/\/www.feuerwehr-matzen.at\/?page_id=5131"},"modified":"2020-09-18T14:15:23","modified_gmt":"2020-09-18T12:15:23","slug":"13-oktober-2017","status":"publish","type":"page","link":"https:\/\/www.feuerwehr-matzen.at\/?page_id=5131","title":{"rendered":"13. Oktober 2017"},"content":{"rendered":"<p><strong>Einsatz\u00fcbung<\/strong><a title=\"\u00dcbungen 2017\" href=\"https:\/\/www.feuerwehr-matzen.at\/?page_id=4913\"><img loading=\"lazy\" decoding=\"async\" class=\"alignright size-full wp-image-1833\" alt=\"return\" src=\"https:\/\/www.feuerwehr-matzen.at\/wp-content\/uploads\/2013\/07\/return.jpg\" width=\"65\" height=\"30\" \/><\/a><\/p>\n<p>Am 13. Oktober 2017 hielt die Feuerwehr Matzen eine technische Einsatz\u00fcbung, mit dem Szenario \u201eVerkehrsunfall mit mehreren eingeklemmten Personen\u201c. Zwei Nachbarfeuerwehren sowie das Rote Kreuz  mit insgesamt rund 50 Einatzkr\u00e4ften nahmen daran teil. \u00dcbungsszenario war ein Verkehrsunfall mit 2 Fahrzeugen und einem beteiligtem Fahrradfahrer. Insgesamt mussten 2 im Fahrzeug eingeklemmte Insassen, ein Baby, sowie eine unter bzw. eine gegen eine Mauer gedr\u00fcckte Person gerettet werden. Der beteiligte Fahrradfahrer musste reanimiert werden. Als \u00dcbungseinlage wurde ein Generatorausfall simuliert, wodurch die Menschenrettung des eingeklemmten Beifahrers \u00fcbergeben werden musste. Nach der \u00dcbungsbesprechung r\u00fcckten alle Einsatzkr\u00e4fte zur St\u00e4rkung ins Feuerwehrhaus Matzen ein.<\/p>\n<p><a href=\"https:\/\/www.feuerwehr-matzen.at\/wp-content\/uploads\/2017\/10\/DSC02102.jpg\"><img loading=\"lazy\" decoding=\"async\" src=\"https:\/\/www.feuerwehr-matzen.at\/wp-content\/uploads\/2017\/10\/DSC02102-150x150.jpg\" alt=\"DSC02102\" width=\"150\" height=\"150\" class=\"alignleft size-thumbnail wp-image-5132\" \/><\/a><\/p>\n<p><a href=\"https:\/\/www.feuerwehr-matzen.at\/wp-content\/uploads\/2017\/10\/DSC02104.jpg\"><img loading=\"lazy\" decoding=\"async\" src=\"https:\/\/www.feuerwehr-matzen.at\/wp-content\/uploads\/2017\/10\/DSC02104-150x150.jpg\" alt=\"DSC02104\" width=\"150\" height=\"150\" class=\"alignleft size-thumbnail wp-image-5133\" \/><\/a><\/p>\n<p><a href=\"https:\/\/www.feuerwehr-matzen.at\/wp-content\/uploads\/2017\/10\/DSC02108.jpg\"><img loading=\"lazy\" decoding=\"async\" src=\"https:\/\/www.feuerwehr-matzen.at\/wp-content\/uploads\/2017\/10\/DSC02108-150x150.jpg\" alt=\"DSC02108\" width=\"150\" height=\"150\" class=\"alignleft size-thumbnail wp-image-5134\" \/><\/a><\/p>\n<p><a href=\"https:\/\/www.feuerwehr-matzen.at\/wp-content\/uploads\/2017\/10\/DSC02109.jpg\"><img loading=\"lazy\" decoding=\"async\" src=\"https:\/\/www.feuerwehr-matzen.at\/wp-content\/uploads\/2017\/10\/DSC02109-150x150.jpg\" alt=\"DSC02109\" width=\"150\" height=\"150\" class=\"alignleft size-thumbnail wp-image-5135\" \/><\/a><\/p>\n<p><a href=\"https:\/\/www.feuerwehr-matzen.at\/wp-content\/uploads\/2017\/10\/DSC02115.jpg\"><img loading=\"lazy\" decoding=\"async\" src=\"https:\/\/www.feuerwehr-matzen.at\/wp-content\/uploads\/2017\/10\/DSC02115-150x150.jpg\" alt=\"DSC02115\" width=\"150\" height=\"150\" class=\"alignleft size-thumbnail wp-image-5136\" \/><\/a><\/p>\n<p><a href=\"https:\/\/www.feuerwehr-matzen.at\/wp-content\/uploads\/2017\/10\/DSC02121.jpg\"><img loading=\"lazy\" decoding=\"async\" src=\"https:\/\/www.feuerwehr-matzen.at\/wp-content\/uploads\/2017\/10\/DSC02121-150x150.jpg\" alt=\"DSC02121\" width=\"150\" height=\"150\" class=\"alignleft size-thumbnail wp-image-5137\" \/><\/a><\/p>\n<p><a href=\"https:\/\/www.feuerwehr-matzen.at\/wp-content\/uploads\/2017\/10\/DSC02125.jpg\"><img loading=\"lazy\" decoding=\"async\" src=\"https:\/\/www.feuerwehr-matzen.at\/wp-content\/uploads\/2017\/10\/DSC02125-150x150.jpg\" alt=\"DSC02125\" width=\"150\" height=\"150\" class=\"alignleft size-thumbnail wp-image-5138\" \/><\/a><\/p>\n<p><a href=\"https:\/\/www.feuerwehr-matzen.at\/wp-content\/uploads\/2017\/10\/DSC02128.jpg\"><img loading=\"lazy\" decoding=\"async\" src=\"https:\/\/www.feuerwehr-matzen.at\/wp-content\/uploads\/2017\/10\/DSC02128-150x150.jpg\" alt=\"DSC02128\" width=\"150\" height=\"150\" class=\"alignleft size-thumbnail wp-image-5139\" \/><\/a><\/p>\n<p><a href=\"https:\/\/www.feuerwehr-matzen.at\/wp-content\/uploads\/2017\/10\/DSC02130.jpg\"><img loading=\"lazy\" decoding=\"async\" src=\"https:\/\/www.feuerwehr-matzen.at\/wp-content\/uploads\/2017\/10\/DSC02130-150x150.jpg\" alt=\"DSC02130\" width=\"150\" height=\"150\" class=\"alignleft size-thumbnail wp-image-5140\" \/><\/a><\/p>\n<p><a href=\"https:\/\/www.feuerwehr-matzen.at\/wp-content\/uploads\/2017\/10\/DSC02136.jpg\"><img loading=\"lazy\" decoding=\"async\" src=\"https:\/\/www.feuerwehr-matzen.at\/wp-content\/uploads\/2017\/10\/DSC02136-150x150.jpg\" alt=\"DSC02136\" width=\"150\" height=\"150\" class=\"alignleft size-thumbnail wp-image-5141\" \/><\/a><\/p>\n<p><a href=\"https:\/\/www.feuerwehr-matzen.at\/wp-content\/uploads\/2017\/10\/DSC02145.jpg\"><img loading=\"lazy\" decoding=\"async\" src=\"https:\/\/www.feuerwehr-matzen.at\/wp-content\/uploads\/2017\/10\/DSC02145-150x150.jpg\" alt=\"DSC02145\" width=\"150\" height=\"150\" class=\"alignleft size-thumbnail wp-image-5142\" \/><\/a><\/p>\n<p><a href=\"https:\/\/www.feuerwehr-matzen.at\/wp-content\/uploads\/2017\/10\/DSC02174.jpg\"><img loading=\"lazy\" decoding=\"async\" src=\"https:\/\/www.feuerwehr-matzen.at\/wp-content\/uploads\/2017\/10\/DSC02174-150x150.jpg\" alt=\"DSC02174\" width=\"150\" height=\"150\" class=\"alignleft size-thumbnail wp-image-5143\" \/><\/a><\/p>\n<p><a href=\"https:\/\/www.feuerwehr-matzen.at\/wp-content\/uploads\/2017\/10\/DSC02207.jpg\"><img loading=\"lazy\" decoding=\"async\" src=\"https:\/\/www.feuerwehr-matzen.at\/wp-content\/uploads\/2017\/10\/DSC02207-150x150.jpg\" alt=\"DSC02207\" width=\"150\" height=\"150\" class=\"alignleft size-thumbnail wp-image-5144\" \/><\/a><\/p>\n","protected":false},"excerpt":{"rendered":"<p>Einsatz\u00fcbung Am 13. Oktober 2017 hielt die Feuerwehr Matzen eine technische Einsatz\u00fcbung, mit dem Szenario \u201eVerkehrsunfall mit mehreren eingeklemmten Personen\u201c. Zwei Nachbarfeuerwehren sowie das Rote Kreuz mit insgesamt rund 50 Einatzkr\u00e4ften nahmen daran teil. \u00dcbungsszenario war ein Verkehrsunfall mit 2 <a class=\"more-link\" href=\"https:\/\/www.feuerwehr-matzen.at\/?page_id=5131\">weiterlesen  <span class=\"screen-reader-text\">  13. Oktober 2017<\/span><span class=\"meta-nav\">&rarr;<\/span><\/a><\/p>\n","protected":false},"author":6,"featured_media":0,"parent":0,"menu_order":0,"comment_status":"closed","ping_status":"closed","template":"","meta":{"footnotes":""},"class_list":["post-5131","page","type-page","status-publish","hentry"],"_links":{"self":[{"href":"https:\/\/www.feuerwehr-matzen.at\/index.php?rest_route=\/wp\/v2\/pages\/5131","targetHints":{"allow":["GET"]}}],"collection":[{"href":"https:\/\/www.feuerwehr-matzen.at\/index.php?rest_route=\/wp\/v2\/pages"}],"about":[{"href":"https:\/\/www.feuerwehr-matzen.at\/index.php?rest_route=\/wp\/v2\/types\/page"}],"author":[{"embeddable":true,"href":"https:\/\/www.feuerwehr-matzen.at\/index.php?rest_route=\/wp\/v2\/users\/6"}],"replies":[{"embeddable":true,"href":"https:\/\/www.feuerwehr-matzen.at\/index.php?rest_route=%2Fwp%2Fv2%2Fcomments&post=5131"}],"version-history":[{"count":2,"href":"https:\/\/www.feuerwehr-matzen.at\/index.php?rest_route=\/wp\/v2\/pages\/5131\/revisions"}],"predecessor-version":[{"id":5930,"href":"https:\/\/www.feuerwehr-matzen.at\/index.php?rest_route=\/wp\/v2\/pages\/5131\/revisions\/5930"}],"wp:attachment":[{"href":"https:\/\/www.feuerwehr-matzen.at\/index.php?rest_route=%2Fwp%2Fv2%2Fmedia&parent=5131"}],"curies":[{"name":"wp","href":"https:\/\/api.w.org\/{rel}","templated":true}]}}