{"id":5166,"date":"2017-10-29T22:20:43","date_gmt":"2017-10-29T20:20:43","guid":{"rendered":"http:\/\/www.feuerwehr-matzen.at\/?page_id=5166"},"modified":"2020-09-18T14:15:34","modified_gmt":"2020-09-18T12:15:34","slug":"29-oktober-2017","status":"publish","type":"page","link":"https:\/\/www.feuerwehr-matzen.at\/?page_id=5166","title":{"rendered":"29. Oktober 2017"},"content":{"rendered":"<p><strong>Sturmeinsatz<\/strong><a title=\"Eins\u00e4tze\" href=\"https:\/\/www.feuerwehr-matzen.at\/?page_id=4827\"><img loading=\"lazy\" decoding=\"async\" class=\"alignright size-full wp-image-1833\" src=\"https:\/\/www.feuerwehr-matzen.at\/wp-content\/uploads\/2013\/07\/return.jpg\" alt=\"return\" width=\"65\" height=\"30\" \/><\/a><\/p>\n<p>Auch die Feuerwehr Matzen musste am 29. Oktober 2017 zu einigen Sturmeins\u00e4tzen ausr\u00fccken. Die erste Alarmierung erfolgte um 10:35 mittels Sirene, SMS-Alarm und Pager. Auf der L18 Richtung Spannberg blockierte ein umgest\u00fcrzter Baum die Stra\u00dfe. Unverz\u00fcglich wurde eine gro\u00dfr\u00e4umige Umleitung eingerichtet und mit der Beseitigung des Baumes begonnen. Unterst\u00fctzt wurden die Florianij\u00fcnger vom Gemeindebagger. Noch w\u00e4hrend der Arbeiten wurden zwei weitere Eins\u00e4tze abgearbeitet. Nach rund 2 Stunden konnten die Einsatzkr\u00e4fte abr\u00fccken und die Einsatzbereitschaft wieder herstellen. Um 15:09 heulten in Matzen erneut die Sirenen. Ein weiterer Baum war umgest\u00fcrzt und musste beseitigt werden. Da im Nachbarsgarten ein Baum umzust\u00fcrzte drohte, musste dieser ebenfalls umgeschnitten werden. Noch w\u00e4hrend des laufenden Einsatzes, wurde die Feuerwehr Matzen \u00fcber einen weiteren Einsatz informiert. Auf der Hauptstra\u00dfe hatte sich eine Rauchfangabdeckung gelockert. Nachdem Diese ebenfalls entfernt wurde, konnten die Florianij\u00fcnger nach einer Stunde wieder ins Feuerwehrhaus einr\u00fccken.<\/p>\n<p>Im Einsatz befindliche Fahrzeuge: RLF-A 2000, KDO, LAST<br \/>\nMannschaftsst\u00e4rke: 16<br \/>\nsonstige Kr\u00e4fte: Polizei<\/p>\n<p><a href=\"https:\/\/www.feuerwehr-matzen.at\/wp-content\/uploads\/2017\/09\/DSC02028.jpg\"><img loading=\"lazy\" decoding=\"async\" src=\"https:\/\/www.feuerwehr-matzen.at\/wp-content\/uploads\/2017\/09\/DSC02028-150x150.jpg\" alt=\"DSC02028\" width=\"150\" height=\"150\" class=\"alignleft size-thumbnail wp-image-5147\" \/><\/a><\/p>\n<p><a href=\"https:\/\/www.feuerwehr-matzen.at\/wp-content\/uploads\/2017\/09\/DSC02031.jpg\"><img loading=\"lazy\" decoding=\"async\" src=\"https:\/\/www.feuerwehr-matzen.at\/wp-content\/uploads\/2017\/09\/DSC02031-150x150.jpg\" alt=\"DSC02031\" width=\"150\" height=\"150\" class=\"alignleft size-thumbnail wp-image-5148\" \/><\/a><\/p>\n<p><a href=\"https:\/\/www.feuerwehr-matzen.at\/wp-content\/uploads\/2017\/09\/DSC02033.jpg\"><img loading=\"lazy\" decoding=\"async\" src=\"https:\/\/www.feuerwehr-matzen.at\/wp-content\/uploads\/2017\/09\/DSC02033-150x150.jpg\" alt=\"DSC02033\" width=\"150\" height=\"150\" class=\"alignleft size-thumbnail wp-image-5149\" \/><\/a><\/p>\n<p><a href=\"https:\/\/www.feuerwehr-matzen.at\/wp-content\/uploads\/2017\/09\/DSC02041.jpg\"><img loading=\"lazy\" decoding=\"async\" src=\"https:\/\/www.feuerwehr-matzen.at\/wp-content\/uploads\/2017\/09\/DSC02041-150x150.jpg\" alt=\"DSC02041\" width=\"150\" height=\"150\" class=\"alignleft size-thumbnail wp-image-5150\" \/><\/a><\/p>\n<p><a href=\"https:\/\/www.feuerwehr-matzen.at\/wp-content\/uploads\/2017\/09\/DSC02043.jpg\"><img loading=\"lazy\" decoding=\"async\" src=\"https:\/\/www.feuerwehr-matzen.at\/wp-content\/uploads\/2017\/09\/DSC02043-150x150.jpg\" alt=\"DSC02043\" width=\"150\" height=\"150\" class=\"alignleft size-thumbnail wp-image-5151\" \/><\/a><\/p>\n<p><a href=\"https:\/\/www.feuerwehr-matzen.at\/wp-content\/uploads\/2017\/09\/DSC02046.jpg\"><img loading=\"lazy\" decoding=\"async\" src=\"https:\/\/www.feuerwehr-matzen.at\/wp-content\/uploads\/2017\/09\/DSC02046-150x150.jpg\" alt=\"DSC02046\" width=\"150\" height=\"150\" class=\"alignleft size-thumbnail wp-image-5152\" \/><\/a><\/p>\n<p><a href=\"https:\/\/www.feuerwehr-matzen.at\/wp-content\/uploads\/2017\/09\/DSC02052.jpg\"><img loading=\"lazy\" decoding=\"async\" src=\"https:\/\/www.feuerwehr-matzen.at\/wp-content\/uploads\/2017\/09\/DSC02052-150x150.jpg\" alt=\"DSC02052\" width=\"150\" height=\"150\" class=\"alignleft size-thumbnail wp-image-5153\" \/><\/a><\/p>\n<p><a href=\"https:\/\/www.feuerwehr-matzen.at\/wp-content\/uploads\/2017\/09\/DSC02064.jpg\"><img loading=\"lazy\" decoding=\"async\" src=\"https:\/\/www.feuerwehr-matzen.at\/wp-content\/uploads\/2017\/09\/DSC02064-150x150.jpg\" alt=\"DSC02064\" width=\"150\" height=\"150\" class=\"alignleft size-thumbnail wp-image-5154\" \/><\/a><\/p>\n<p><a href=\"https:\/\/www.feuerwehr-matzen.at\/wp-content\/uploads\/2017\/09\/IMAG0491.jpg\"><img loading=\"lazy\" decoding=\"async\" src=\"https:\/\/www.feuerwehr-matzen.at\/wp-content\/uploads\/2017\/09\/IMAG0491-150x150.jpg\" alt=\"IMAG0491\" width=\"150\" height=\"150\" class=\"alignleft size-thumbnail wp-image-5155\" \/><\/a><\/p>\n<p><a href=\"https:\/\/www.feuerwehr-matzen.at\/wp-content\/uploads\/2017\/09\/IMAG0493.jpg\"><img loading=\"lazy\" decoding=\"async\" src=\"https:\/\/www.feuerwehr-matzen.at\/wp-content\/uploads\/2017\/09\/IMAG0493-150x150.jpg\" alt=\"IMAG0493\" width=\"150\" height=\"150\" class=\"alignleft size-thumbnail wp-image-5156\" \/><\/a><\/p>\n<p><a href=\"https:\/\/www.feuerwehr-matzen.at\/wp-content\/uploads\/2017\/09\/IMAG0499.jpg\"><img loading=\"lazy\" decoding=\"async\" src=\"https:\/\/www.feuerwehr-matzen.at\/wp-content\/uploads\/2017\/09\/IMAG0499-150x150.jpg\" alt=\"IMAG0499\" width=\"150\" height=\"150\" class=\"alignleft size-thumbnail wp-image-5157\" \/><\/a><\/p>\n<p><a href=\"https:\/\/www.feuerwehr-matzen.at\/wp-content\/uploads\/2017\/09\/IMAG0504.jpg\"><img loading=\"lazy\" decoding=\"async\" src=\"https:\/\/www.feuerwehr-matzen.at\/wp-content\/uploads\/2017\/09\/IMAG0504-150x150.jpg\" alt=\"IMAG0504\" width=\"150\" height=\"150\" class=\"alignleft size-thumbnail wp-image-5158\" \/><\/a><\/p>\n<p><a href=\"https:\/\/www.feuerwehr-matzen.at\/wp-content\/uploads\/2017\/09\/IMAG0509.jpg\"><img loading=\"lazy\" decoding=\"async\" src=\"https:\/\/www.feuerwehr-matzen.at\/wp-content\/uploads\/2017\/09\/IMAG0509-150x150.jpg\" alt=\"IMAG0509\" width=\"150\" height=\"150\" class=\"alignleft size-thumbnail wp-image-5159\" \/><\/a><\/p>\n<p><a href=\"https:\/\/www.feuerwehr-matzen.at\/wp-content\/uploads\/2017\/09\/IMAG0512.jpg\"><img loading=\"lazy\" decoding=\"async\" src=\"https:\/\/www.feuerwehr-matzen.at\/wp-content\/uploads\/2017\/09\/IMAG0512-150x150.jpg\" alt=\"IMAG0512\" width=\"150\" height=\"150\" class=\"alignleft size-thumbnail wp-image-5161\" \/><\/a><\/p>\n<p><a href=\"https:\/\/www.feuerwehr-matzen.at\/wp-content\/uploads\/2017\/09\/IMAG0517.jpg\"><img loading=\"lazy\" decoding=\"async\" src=\"https:\/\/www.feuerwehr-matzen.at\/wp-content\/uploads\/2017\/09\/IMAG0517-150x150.jpg\" alt=\"IMAG0517\" width=\"150\" height=\"150\" class=\"alignleft size-thumbnail wp-image-5162\" \/><\/a><\/p>\n<p><a href=\"https:\/\/www.feuerwehr-matzen.at\/wp-content\/uploads\/2017\/09\/IMAG0521.jpg\"><img loading=\"lazy\" decoding=\"async\" src=\"https:\/\/www.feuerwehr-matzen.at\/wp-content\/uploads\/2017\/09\/IMAG0521-150x150.jpg\" alt=\"IMAG0521\" width=\"150\" height=\"150\" class=\"alignleft size-thumbnail wp-image-5163\" \/><\/a><\/p>\n","protected":false},"excerpt":{"rendered":"<p>Sturmeinsatz Auch die Feuerwehr Matzen musste am 29. Oktober 2017 zu einigen Sturmeins\u00e4tzen ausr\u00fccken. Die erste Alarmierung erfolgte um 10:35 mittels Sirene, SMS-Alarm und Pager. Auf der L18 Richtung Spannberg blockierte ein umgest\u00fcrzter Baum die Stra\u00dfe. Unverz\u00fcglich wurde eine gro\u00dfr\u00e4umige <a class=\"more-link\" href=\"https:\/\/www.feuerwehr-matzen.at\/?page_id=5166\">weiterlesen  <span class=\"screen-reader-text\">  29. Oktober 2017<\/span><span class=\"meta-nav\">&rarr;<\/span><\/a><\/p>\n","protected":false},"author":6,"featured_media":0,"parent":0,"menu_order":0,"comment_status":"closed","ping_status":"closed","template":"","meta":{"footnotes":""},"class_list":["post-5166","page","type-page","status-publish","hentry"],"_links":{"self":[{"href":"https:\/\/www.feuerwehr-matzen.at\/index.php?rest_route=\/wp\/v2\/pages\/5166","targetHints":{"allow":["GET"]}}],"collection":[{"href":"https:\/\/www.feuerwehr-matzen.at\/index.php?rest_route=\/wp\/v2\/pages"}],"about":[{"href":"https:\/\/www.feuerwehr-matzen.at\/index.php?rest_route=\/wp\/v2\/types\/page"}],"author":[{"embeddable":true,"href":"https:\/\/www.feuerwehr-matzen.at\/index.php?rest_route=\/wp\/v2\/users\/6"}],"replies":[{"embeddable":true,"href":"https:\/\/www.feuerwehr-matzen.at\/index.php?rest_route=%2Fwp%2Fv2%2Fcomments&post=5166"}],"version-history":[{"count":1,"href":"https:\/\/www.feuerwehr-matzen.at\/index.php?rest_route=\/wp\/v2\/pages\/5166\/revisions"}],"predecessor-version":[{"id":5167,"href":"https:\/\/www.feuerwehr-matzen.at\/index.php?rest_route=\/wp\/v2\/pages\/5166\/revisions\/5167"}],"wp:attachment":[{"href":"https:\/\/www.feuerwehr-matzen.at\/index.php?rest_route=%2Fwp%2Fv2%2Fmedia&parent=5166"}],"curies":[{"name":"wp","href":"https:\/\/api.w.org\/{rel}","templated":true}]}}