{"id":5175,"date":"2017-11-02T16:29:06","date_gmt":"2017-11-02T14:29:06","guid":{"rendered":"http:\/\/www.feuerwehr-matzen.at\/?page_id=5175"},"modified":"2020-09-18T14:15:11","modified_gmt":"2020-09-18T12:15:11","slug":"03-juni-2017","status":"publish","type":"page","link":"https:\/\/www.feuerwehr-matzen.at\/?page_id=5175","title":{"rendered":"03. Juni 2017"},"content":{"rendered":"<p><strong>Feuerwehrfest<\/strong><a title=\"Veranstaltungen 2015\" href=\"https:\/\/www.feuerwehr-matzen.at\/?page_id=4812\"><img loading=\"lazy\" decoding=\"async\" class=\"alignright size-full wp-image-1833\" alt=\"return\" src=\"https:\/\/www.feuerwehr-matzen.at\/wp-content\/uploads\/2013\/07\/return.jpg\" width=\"65\" height=\"30\" \/><\/a><\/p>\n<p>Heuer startete das Feuerwehrfest 2017 am Samstag, den 3. Juni mit dem 1. Riesenwuzzlerturnier der Florianij\u00fcnger aus Matzen. 10 Mannschaften k\u00e4mpften bei prallem Sonnenschein um den Turniersieg, der mit Pokalen und Urkunden belohnt wurde. F\u00fcr unsere Kleinsten gab es an beiden Tagen wieder eine H\u00fcpfburg und Rundfahrten mit dem Feuerwehrauto. Am Ende konnte sich die Gruppe der FF Gerasdorf vor dem UTC Matzen durchsetzen. Im Anschluss an die Siegerehrung sorgte Major 4 f\u00fcr tolle Stimmung und eine, bis in die fr\u00fchen Morgenstunden gef\u00fcllte Tanzfl\u00e4che. Bis die letzten G\u00e4ste das Festgel\u00e4nde verliesen, spielte Dj Reebird Hits der vergangenen Zeit. Trotz des gef\u00fcllten Zeltes, klappte die Versorgung unserer G\u00e4ste reibungslos. Sonntags begann das Fr\u00fchschoppen mit dem Musikverein Matzen. Nachdem alle G\u00e4ste von den Kameraden der Feuerwehr Matzen versorgt wurden, verk\u00fcrzten die Weinberg Musikanten die Zeit bis zur Tombola. Um 18 Uhr wurden dann die \u00fcber 100 Treffer verlost. In diesem Zusammenhang m\u00f6chten wir uns bei den vielen Spendern der Tombolatreffer, sowie dem Tombola-Team f\u00fcr die Zusammenstellung dieser Riesentombola recht herzlich bedanken.<\/p>\n<p><a href=\"https:\/\/www.feuerwehr-matzen.at\/wp-content\/uploads\/2017\/11\/dsc01609.jpg\"><img loading=\"lazy\" decoding=\"async\" src=\"https:\/\/www.feuerwehr-matzen.at\/wp-content\/uploads\/2017\/11\/dsc01609-150x150.jpg\" alt=\"dsc01609\" width=\"150\" height=\"150\" class=\"alignleft size-thumbnail wp-image-5176\" \/><\/a><\/p>\n<p><a href=\"https:\/\/www.feuerwehr-matzen.at\/wp-content\/uploads\/2017\/11\/dsc01619.jpg\"><img loading=\"lazy\" decoding=\"async\" src=\"https:\/\/www.feuerwehr-matzen.at\/wp-content\/uploads\/2017\/11\/dsc01619-150x150.jpg\" alt=\"dsc01619\" width=\"150\" height=\"150\" class=\"alignleft size-thumbnail wp-image-5177\" \/><\/a><\/p>\n<p><a href=\"https:\/\/www.feuerwehr-matzen.at\/wp-content\/uploads\/2017\/11\/dsc01672.jpg\"><img loading=\"lazy\" decoding=\"async\" src=\"https:\/\/www.feuerwehr-matzen.at\/wp-content\/uploads\/2017\/11\/dsc01672-150x150.jpg\" alt=\"dsc01672\" width=\"150\" height=\"150\" class=\"alignleft size-thumbnail wp-image-5178\" \/><\/a><\/p>\n<p><a href=\"https:\/\/www.feuerwehr-matzen.at\/wp-content\/uploads\/2017\/11\/dsc01680.jpg\"><img loading=\"lazy\" decoding=\"async\" src=\"https:\/\/www.feuerwehr-matzen.at\/wp-content\/uploads\/2017\/11\/dsc01680-150x150.jpg\" alt=\"dsc01680\" width=\"150\" height=\"150\" class=\"alignleft size-thumbnail wp-image-5179\" \/><\/a><\/p>\n<p><a href=\"https:\/\/www.feuerwehr-matzen.at\/wp-content\/uploads\/2017\/11\/dsc01687.jpg\"><img loading=\"lazy\" decoding=\"async\" src=\"https:\/\/www.feuerwehr-matzen.at\/wp-content\/uploads\/2017\/11\/dsc01687-150x150.jpg\" alt=\"dsc01687\" width=\"150\" height=\"150\" class=\"alignleft size-thumbnail wp-image-5180\" \/><\/a><\/p>\n<p><a href=\"https:\/\/www.feuerwehr-matzen.at\/wp-content\/uploads\/2017\/11\/dsc01691.jpg\"><img loading=\"lazy\" decoding=\"async\" src=\"https:\/\/www.feuerwehr-matzen.at\/wp-content\/uploads\/2017\/11\/dsc01691-150x150.jpg\" alt=\"dsc01691\" width=\"150\" height=\"150\" class=\"alignleft size-thumbnail wp-image-5181\" \/><\/a><\/p>\n<p><a href=\"https:\/\/www.feuerwehr-matzen.at\/wp-content\/uploads\/2017\/11\/dsc01699.jpg\"><img loading=\"lazy\" decoding=\"async\" src=\"https:\/\/www.feuerwehr-matzen.at\/wp-content\/uploads\/2017\/11\/dsc01699-150x150.jpg\" alt=\"dsc01699\" width=\"150\" height=\"150\" class=\"alignleft size-thumbnail wp-image-5182\" \/><\/a><\/p>\n<p><a href=\"https:\/\/www.feuerwehr-matzen.at\/wp-content\/uploads\/2017\/11\/dsc01705.jpg\"><img loading=\"lazy\" decoding=\"async\" src=\"https:\/\/www.feuerwehr-matzen.at\/wp-content\/uploads\/2017\/11\/dsc01705-150x150.jpg\" alt=\"dsc01705\" width=\"150\" height=\"150\" class=\"alignleft size-thumbnail wp-image-5183\" \/><\/a><\/p>\n<p><a href=\"https:\/\/www.feuerwehr-matzen.at\/wp-content\/uploads\/2017\/11\/dsc01727.jpg\"><img loading=\"lazy\" decoding=\"async\" src=\"https:\/\/www.feuerwehr-matzen.at\/wp-content\/uploads\/2017\/11\/dsc01727-150x150.jpg\" alt=\"dsc01727\" width=\"150\" height=\"150\" class=\"alignleft size-thumbnail wp-image-5184\" \/><\/a><\/p>\n<p><a href=\"https:\/\/www.feuerwehr-matzen.at\/wp-content\/uploads\/2017\/11\/dsc01732.jpg\"><img loading=\"lazy\" decoding=\"async\" src=\"https:\/\/www.feuerwehr-matzen.at\/wp-content\/uploads\/2017\/11\/dsc01732-150x150.jpg\" alt=\"dsc01732\" width=\"150\" height=\"150\" class=\"alignleft size-thumbnail wp-image-5185\" \/><\/a><\/p>\n<p><a href=\"https:\/\/www.feuerwehr-matzen.at\/wp-content\/uploads\/2017\/11\/dsc01739.jpg\"><img loading=\"lazy\" decoding=\"async\" src=\"https:\/\/www.feuerwehr-matzen.at\/wp-content\/uploads\/2017\/11\/dsc01739-150x150.jpg\" alt=\"dsc01739\" width=\"150\" height=\"150\" class=\"alignleft size-thumbnail wp-image-5186\" \/><\/a><\/p>\n<p><a href=\"https:\/\/www.feuerwehr-matzen.at\/wp-content\/uploads\/2017\/11\/dsc01744.jpg\"><img loading=\"lazy\" decoding=\"async\" src=\"https:\/\/www.feuerwehr-matzen.at\/wp-content\/uploads\/2017\/11\/dsc01744-150x150.jpg\" alt=\"dsc01744\" width=\"150\" height=\"150\" class=\"alignleft size-thumbnail wp-image-5187\" \/><\/a><\/p>\n<p><a href=\"https:\/\/www.feuerwehr-matzen.at\/wp-content\/uploads\/2017\/11\/dsc01748.jpg\"><img loading=\"lazy\" decoding=\"async\" src=\"https:\/\/www.feuerwehr-matzen.at\/wp-content\/uploads\/2017\/11\/dsc01748-150x150.jpg\" alt=\"dsc01748\" width=\"150\" height=\"150\" class=\"alignleft size-thumbnail wp-image-5188\" \/><\/a><\/p>\n<p><a href=\"https:\/\/www.feuerwehr-matzen.at\/wp-content\/uploads\/2017\/11\/dsc01752.jpg\"><img loading=\"lazy\" decoding=\"async\" src=\"https:\/\/www.feuerwehr-matzen.at\/wp-content\/uploads\/2017\/11\/dsc01752-150x150.jpg\" alt=\"dsc01752\" width=\"150\" height=\"150\" class=\"alignleft size-thumbnail wp-image-5189\" \/><\/a><\/p>\n<p><a href=\"https:\/\/www.feuerwehr-matzen.at\/wp-content\/uploads\/2017\/11\/dsc01756.jpg\"><img loading=\"lazy\" decoding=\"async\" src=\"https:\/\/www.feuerwehr-matzen.at\/wp-content\/uploads\/2017\/11\/dsc01756-150x150.jpg\" alt=\"dsc01756\" width=\"150\" height=\"150\" class=\"alignleft size-thumbnail wp-image-5190\" \/><\/a><\/p>\n","protected":false},"excerpt":{"rendered":"<p>Feuerwehrfest Heuer startete das Feuerwehrfest 2017 am Samstag, den 3. Juni mit dem 1. Riesenwuzzlerturnier der Florianij\u00fcnger aus Matzen. 10 Mannschaften k\u00e4mpften bei prallem Sonnenschein um den Turniersieg, der mit Pokalen und Urkunden belohnt wurde. F\u00fcr unsere Kleinsten gab es <a class=\"more-link\" href=\"https:\/\/www.feuerwehr-matzen.at\/?page_id=5175\">weiterlesen  <span class=\"screen-reader-text\">  03. Juni 2017<\/span><span class=\"meta-nav\">&rarr;<\/span><\/a><\/p>\n","protected":false},"author":6,"featured_media":0,"parent":0,"menu_order":0,"comment_status":"closed","ping_status":"closed","template":"","meta":{"footnotes":""},"class_list":["post-5175","page","type-page","status-publish","hentry"],"_links":{"self":[{"href":"https:\/\/www.feuerwehr-matzen.at\/index.php?rest_route=\/wp\/v2\/pages\/5175","targetHints":{"allow":["GET"]}}],"collection":[{"href":"https:\/\/www.feuerwehr-matzen.at\/index.php?rest_route=\/wp\/v2\/pages"}],"about":[{"href":"https:\/\/www.feuerwehr-matzen.at\/index.php?rest_route=\/wp\/v2\/types\/page"}],"author":[{"embeddable":true,"href":"https:\/\/www.feuerwehr-matzen.at\/index.php?rest_route=\/wp\/v2\/users\/6"}],"replies":[{"embeddable":true,"href":"https:\/\/www.feuerwehr-matzen.at\/index.php?rest_route=%2Fwp%2Fv2%2Fcomments&post=5175"}],"version-history":[{"count":1,"href":"https:\/\/www.feuerwehr-matzen.at\/index.php?rest_route=\/wp\/v2\/pages\/5175\/revisions"}],"predecessor-version":[{"id":5191,"href":"https:\/\/www.feuerwehr-matzen.at\/index.php?rest_route=\/wp\/v2\/pages\/5175\/revisions\/5191"}],"wp:attachment":[{"href":"https:\/\/www.feuerwehr-matzen.at\/index.php?rest_route=%2Fwp%2Fv2%2Fmedia&parent=5175"}],"curies":[{"name":"wp","href":"https:\/\/api.w.org\/{rel}","templated":true}]}}