{"id":5194,"date":"2017-11-12T13:17:45","date_gmt":"2017-11-12T11:17:45","guid":{"rendered":"http:\/\/www.feuerwehr-matzen.at\/?page_id=5194"},"modified":"2020-09-18T14:15:23","modified_gmt":"2020-09-18T12:15:23","slug":"11-11-2017","status":"publish","type":"page","link":"https:\/\/www.feuerwehr-matzen.at\/?page_id=5194","title":{"rendered":"11.11.2017"},"content":{"rendered":"<p><strong>Kellerbrand<\/strong><a title=\"Eins\u00e4tze\" href=\"https:\/\/www.feuerwehr-matzen.at\/?page_id=4827\"><img loading=\"lazy\" decoding=\"async\" class=\"alignright size-full wp-image-1833\" src=\"https:\/\/www.feuerwehr-matzen.at\/wp-content\/uploads\/2013\/07\/return.jpg\" alt=\"return\" width=\"65\" height=\"30\" \/><\/a><\/p>\n<p>Am 11.11.2017 wurde die Feuerwehr Matzen  um 22:11 Uhr mittels Sirene, SMS-Alarm und Pager zu einem Brandverdacht im Matzner Einsatzgebiet alarmiert. Nur 3 Minuten sp\u00e4ter r\u00fcckte das erste Fahrzeug zum Einsatzort in der Suttnergasse aus. Bei der Ausr\u00fcckemeldung bekamen wir weitere Informationen. Es handelte sich um ein komplett verrauchtes Haus, in dem sich niemand mehr aufhalten sollte. Noch w\u00e4hrend der Anfahrt wurde auf die Alarmstufe B2 erh\u00f6ht. Angekommen erkundete der Einsatzleiter mit seinem Gruppenkommandanten des ersten L\u00f6schfahrzeuges den Ungl\u00fccksort, wobei ein Brand im Keller vermutet wurde. Unverz\u00fcglich wurden die Strom- und Gaszufuhr unterbrochen und der erste Atemschutztrupp r\u00fcckte mit der W\u00e4rmebildkamera in das Brandobjekt vor. Nach der ersten R\u00fcckmeldung \u00fcber starke Hitzeentwicklung und den Vollbrand eines Zimmers im Kellergescho\u00df, wurde die Alarmstufe unverz\u00fcglich auf B3 erh\u00f6ht, da mit einem Einsatz von mehreren Atemschutztrupps ausgegangen werden musste. In der Zwischenzeit wurde ein Au\u00dfenangriff in Stellung gebracht, um den Innenangriff durch ein geborstenes Fenster zu unterst\u00fctzen. Die aufgebaute Einsatzleitung koordinierte nachfolgende Kr\u00e4fte und lie\u00df einen Atemschutzsammelplatz aufbauen und die L\u00f6schwasserversorgung sicherstellen. Die weiteren Atemschutztrupps wurden jeweils von einem Atemschutzger\u00e4tetr\u00e4ger der \u00f6rtlichen Feuerwehr mittels W\u00e4rmebildkamera unterst\u00fctzt. Durch die Kenntnisse \u00fcber das Brandobjekt konnte so eine kontinuierliche Brandbek\u00e4mpfung sichergestellt werden. Nachdem alle Brandherde lokalisiert und abgel\u00f6scht wurden, konnte mit der Druckbel\u00fcftung gestartet werden. Nach einer erneuten Kontrolle mittels W\u00e4rmebildkamera konnte Brandaus gegeben werden. Insgesamt standen 5 Feuerwehren mit 14 Fahrzeugen und 94 Mann im Einsatz. Die Feuerwehr Matzen m\u00f6chte sich an dieser Stelle bei allen Einsatzkr\u00e4ften f\u00fcr die gute Zusammenarbeit und Unterst\u00fctzung bedanken. Nachdem das geborstene Fenster provisorisch geschlossen wurden, konnten die Florianij\u00fcnger nach \u00fcber 3 Stunden wieder abr\u00fccken und die Einsatzbereitschaft herstellen. <\/p>\n<p>Im Einsatz befindliche Fahrzeuge: RLF-A 2000, KDO, LAST<br \/>\nMannschaftsst\u00e4rke: 18<br \/>\nsonstige Kr\u00e4fte: Feuerwehr Gro\u00df Schweinbarth, Feuerwehr Raggendorf, Feuerwehr Sch\u00f6nkirchen-Reyersdorf, Feuerwehr G\u00e4nserndorf, RK G\u00e4nserndorf, Polizei<\/p>\n<p><a href=\"https:\/\/www.feuerwehr-matzen.at\/wp-content\/uploads\/2017\/11\/DSC02090.jpg\"><img loading=\"lazy\" decoding=\"async\" src=\"https:\/\/www.feuerwehr-matzen.at\/wp-content\/uploads\/2017\/11\/DSC02090-150x150.jpg\" alt=\"DSC02090\" width=\"150\" height=\"150\" class=\"alignleft size-thumbnail wp-image-5195\" \/><\/a><\/p>\n<p><a href=\"https:\/\/www.feuerwehr-matzen.at\/wp-content\/uploads\/2017\/11\/DSC02094.jpg\"><img loading=\"lazy\" decoding=\"async\" src=\"https:\/\/www.feuerwehr-matzen.at\/wp-content\/uploads\/2017\/11\/DSC02094-150x150.jpg\" alt=\"DSC02094\" width=\"150\" height=\"150\" class=\"alignleft size-thumbnail wp-image-5196\" \/><\/a><\/p>\n<p><a href=\"https:\/\/www.feuerwehr-matzen.at\/wp-content\/uploads\/2017\/11\/DSC02099.jpg\"><img loading=\"lazy\" decoding=\"async\" src=\"https:\/\/www.feuerwehr-matzen.at\/wp-content\/uploads\/2017\/11\/DSC02099-150x150.jpg\" alt=\"DSC02099\" width=\"150\" height=\"150\" class=\"alignleft size-thumbnail wp-image-5197\" \/><\/a><\/p>\n<p><a href=\"https:\/\/www.feuerwehr-matzen.at\/wp-content\/uploads\/2017\/11\/DSC02100.jpg\"><img loading=\"lazy\" decoding=\"async\" src=\"https:\/\/www.feuerwehr-matzen.at\/wp-content\/uploads\/2017\/11\/DSC02100-150x150.jpg\" alt=\"DSC02100\" width=\"150\" height=\"150\" class=\"alignleft size-thumbnail wp-image-5198\" \/><\/a><\/p>\n<p><a href=\"https:\/\/www.feuerwehr-matzen.at\/wp-content\/uploads\/2017\/11\/DSC02106.jpg\"><img loading=\"lazy\" decoding=\"async\" src=\"https:\/\/www.feuerwehr-matzen.at\/wp-content\/uploads\/2017\/11\/DSC02106-150x150.jpg\" alt=\"DSC02106\" width=\"150\" height=\"150\" class=\"alignleft size-thumbnail wp-image-5199\" \/><\/a><\/p>\n<p><a href=\"https:\/\/www.feuerwehr-matzen.at\/wp-content\/uploads\/2017\/11\/DSC02112.jpg\"><img loading=\"lazy\" decoding=\"async\" src=\"https:\/\/www.feuerwehr-matzen.at\/wp-content\/uploads\/2017\/11\/DSC02112-150x150.jpg\" alt=\"DSC02112\" width=\"150\" height=\"150\" class=\"alignleft size-thumbnail wp-image-5200\" \/><\/a><\/p>\n<p><a href=\"https:\/\/www.feuerwehr-matzen.at\/wp-content\/uploads\/2017\/11\/DSC02113.jpg\"><img loading=\"lazy\" decoding=\"async\" src=\"https:\/\/www.feuerwehr-matzen.at\/wp-content\/uploads\/2017\/11\/DSC02113-150x150.jpg\" alt=\"DSC02113\" width=\"150\" height=\"150\" class=\"alignleft size-thumbnail wp-image-5201\" \/><\/a><\/p>\n<p><a href=\"https:\/\/www.feuerwehr-matzen.at\/wp-content\/uploads\/2017\/11\/DSC02121.jpg\"><img loading=\"lazy\" decoding=\"async\" src=\"https:\/\/www.feuerwehr-matzen.at\/wp-content\/uploads\/2017\/11\/DSC02121-150x150.jpg\" alt=\"DSC02121\" width=\"150\" height=\"150\" class=\"alignleft size-thumbnail wp-image-5202\" \/><\/a><\/p>\n<p><a href=\"https:\/\/www.feuerwehr-matzen.at\/wp-content\/uploads\/2017\/11\/DSC02123.jpg\"><img loading=\"lazy\" decoding=\"async\" src=\"https:\/\/www.feuerwehr-matzen.at\/wp-content\/uploads\/2017\/11\/DSC02123-150x150.jpg\" alt=\"DSC02123\" width=\"150\" height=\"150\" class=\"alignleft size-thumbnail wp-image-5203\" \/><\/a><\/p>\n<p><a href=\"https:\/\/www.feuerwehr-matzen.at\/wp-content\/uploads\/2017\/11\/DSC02128.jpg\"><img loading=\"lazy\" decoding=\"async\" src=\"https:\/\/www.feuerwehr-matzen.at\/wp-content\/uploads\/2017\/11\/DSC02128-150x150.jpg\" alt=\"DSC02128\" width=\"150\" height=\"150\" class=\"alignleft size-thumbnail wp-image-5204\" \/><\/a><\/p>\n<p><a href=\"https:\/\/www.feuerwehr-matzen.at\/wp-content\/uploads\/2017\/11\/DSC02129.jpg\"><img loading=\"lazy\" decoding=\"async\" src=\"https:\/\/www.feuerwehr-matzen.at\/wp-content\/uploads\/2017\/11\/DSC02129-150x150.jpg\" alt=\"DSC02129\" width=\"150\" height=\"150\" class=\"alignleft size-thumbnail wp-image-5205\" \/><\/a><\/p>\n<p><a href=\"https:\/\/www.feuerwehr-matzen.at\/wp-content\/uploads\/2017\/11\/DSC02135.jpg\"><img loading=\"lazy\" decoding=\"async\" src=\"https:\/\/www.feuerwehr-matzen.at\/wp-content\/uploads\/2017\/11\/DSC02135-150x150.jpg\" alt=\"DSC02135\" width=\"150\" height=\"150\" class=\"alignleft size-thumbnail wp-image-5206\" \/><\/a><\/p>\n","protected":false},"excerpt":{"rendered":"<p>Kellerbrand Am 11.11.2017 wurde die Feuerwehr Matzen um 22:11 Uhr mittels Sirene, SMS-Alarm und Pager zu einem Brandverdacht im Matzner Einsatzgebiet alarmiert. Nur 3 Minuten sp\u00e4ter r\u00fcckte das erste Fahrzeug zum Einsatzort in der Suttnergasse aus. Bei der Ausr\u00fcckemeldung bekamen <a class=\"more-link\" href=\"https:\/\/www.feuerwehr-matzen.at\/?page_id=5194\">weiterlesen  <span class=\"screen-reader-text\">  11.11.2017<\/span><span class=\"meta-nav\">&rarr;<\/span><\/a><\/p>\n","protected":false},"author":6,"featured_media":0,"parent":0,"menu_order":0,"comment_status":"closed","ping_status":"closed","template":"","meta":{"footnotes":""},"class_list":["post-5194","page","type-page","status-publish","hentry"],"_links":{"self":[{"href":"https:\/\/www.feuerwehr-matzen.at\/index.php?rest_route=\/wp\/v2\/pages\/5194","targetHints":{"allow":["GET"]}}],"collection":[{"href":"https:\/\/www.feuerwehr-matzen.at\/index.php?rest_route=\/wp\/v2\/pages"}],"about":[{"href":"https:\/\/www.feuerwehr-matzen.at\/index.php?rest_route=\/wp\/v2\/types\/page"}],"author":[{"embeddable":true,"href":"https:\/\/www.feuerwehr-matzen.at\/index.php?rest_route=\/wp\/v2\/users\/6"}],"replies":[{"embeddable":true,"href":"https:\/\/www.feuerwehr-matzen.at\/index.php?rest_route=%2Fwp%2Fv2%2Fcomments&post=5194"}],"version-history":[{"count":1,"href":"https:\/\/www.feuerwehr-matzen.at\/index.php?rest_route=\/wp\/v2\/pages\/5194\/revisions"}],"predecessor-version":[{"id":5207,"href":"https:\/\/www.feuerwehr-matzen.at\/index.php?rest_route=\/wp\/v2\/pages\/5194\/revisions\/5207"}],"wp:attachment":[{"href":"https:\/\/www.feuerwehr-matzen.at\/index.php?rest_route=%2Fwp%2Fv2%2Fmedia&parent=5194"}],"curies":[{"name":"wp","href":"https:\/\/api.w.org\/{rel}","templated":true}]}}