{"id":5529,"date":"2018-09-21T10:10:09","date_gmt":"2018-09-21T08:10:09","guid":{"rendered":"http:\/\/www.feuerwehr-matzen.at\/?page_id=5529"},"modified":"2020-09-18T14:15:23","modified_gmt":"2020-09-18T12:15:23","slug":"17-september-2018","status":"publish","type":"page","link":"https:\/\/www.feuerwehr-matzen.at\/?page_id=5529","title":{"rendered":"17. September 2018"},"content":{"rendered":"<p><strong>Monats\u00fcbung<\/strong><a title=\"\u00dcbungen 2018\" href=\"https:\/\/www.feuerwehr-matzen.at\/?page_id=5330\"><img loading=\"lazy\" decoding=\"async\" class=\"alignright size-full wp-image-1833\" src=\"https:\/\/www.feuerwehr-matzen.at\/wp-content\/uploads\/2013\/07\/return.jpg\" alt=\"return\" width=\"65\" height=\"30\" \/><\/a><\/p>\n<p>Die monatliche \u00dcbung im September fand am 17. 09. 2018 statt. Thema war die technische Menschenrettung unter vornahme des hydraulischen Rettungsger\u00e4tes. In zwei Szenarien wurden alle Handgriffe geschult. HBI Manfred Neubauer und OLM Gnadenberger Markus erl\u00e4uterten die verschiedenen Techniken bei der Menschenrettung. Beim ersten Fahrzeug wurden alle \u201eBasics\u201c (von der Absicherung des Fahrzeuges \u00fcber die verschiedenen M\u00f6glichkeiten der einzelnen Ger\u00e4te) durchgesprochen. Zum Abschluss wurde das Vorgehen beim \u201eCrossramming\u201c, so wird das Platzschaffen f\u00fcr den Patienten nach einem Seitenaufprall genannt, den Teilnehmern n\u00e4hergebracht. Beim zweiten Pkw wurde eine nicht so g\u00e4ngige Variante der achsengerechten Rettung eines Verunfallten in Dachlage erkl\u00e4rt. Nachdem der Verletzte in Bauchlage auf einem Spineboard positioniert und gesichert wird, l\u00f6st man, nachdem das Fahrzeug im Heckbereich durch das Haltesystem \u201eStabFast\u201c gesichert wird, das komplette Dach und zieht es mit dem Verletzte unter dem Wrack hervor. Nach rund 2 Stunden konnten beide Szenarien erfolgreich beendet werden. <\/p>\n<p><a href=\"https:\/\/www.feuerwehr-matzen.at\/wp-content\/uploads\/2018\/09\/DSC02874.jpg\"><img loading=\"lazy\" decoding=\"async\" src=\"https:\/\/www.feuerwehr-matzen.at\/wp-content\/uploads\/2018\/09\/DSC02874-150x150.jpg\" alt=\"\" width=\"150\" height=\"150\" class=\"alignleft size-thumbnail wp-image-5535\" \/><\/a><\/p>\n<p><a href=\"https:\/\/www.feuerwehr-matzen.at\/wp-content\/uploads\/2018\/09\/DSC02876.jpg\"><img loading=\"lazy\" decoding=\"async\" src=\"https:\/\/www.feuerwehr-matzen.at\/wp-content\/uploads\/2018\/09\/DSC02876-150x150.jpg\" alt=\"\" width=\"150\" height=\"150\" class=\"alignleft size-thumbnail wp-image-5536\" \/><\/a><\/p>\n<p><a href=\"https:\/\/www.feuerwehr-matzen.at\/wp-content\/uploads\/2018\/09\/DSC02879.jpg\"><img loading=\"lazy\" decoding=\"async\" src=\"https:\/\/www.feuerwehr-matzen.at\/wp-content\/uploads\/2018\/09\/DSC02879-150x150.jpg\" alt=\"\" width=\"150\" height=\"150\" class=\"alignleft size-thumbnail wp-image-5537\" \/><\/a><\/p>\n<p><a href=\"https:\/\/www.feuerwehr-matzen.at\/wp-content\/uploads\/2018\/09\/DSC02882.jpg\"><img loading=\"lazy\" decoding=\"async\" src=\"https:\/\/www.feuerwehr-matzen.at\/wp-content\/uploads\/2018\/09\/DSC02882-150x150.jpg\" alt=\"\" width=\"150\" height=\"150\" class=\"alignleft size-thumbnail wp-image-5538\" \/><\/a><\/p>\n<p><a href=\"https:\/\/www.feuerwehr-matzen.at\/wp-content\/uploads\/2018\/09\/DSC02884.jpg\"><img loading=\"lazy\" decoding=\"async\" src=\"https:\/\/www.feuerwehr-matzen.at\/wp-content\/uploads\/2018\/09\/DSC02884-150x150.jpg\" alt=\"\" width=\"150\" height=\"150\" class=\"alignleft size-thumbnail wp-image-5539\" \/><\/a><\/p>\n","protected":false},"excerpt":{"rendered":"<p>Monats\u00fcbung Die monatliche \u00dcbung im September fand am 17. 09. 2018 statt. Thema war die technische Menschenrettung unter vornahme des hydraulischen Rettungsger\u00e4tes. In zwei Szenarien wurden alle Handgriffe geschult. HBI Manfred Neubauer und OLM Gnadenberger Markus erl\u00e4uterten die verschiedenen Techniken <a class=\"more-link\" href=\"https:\/\/www.feuerwehr-matzen.at\/?page_id=5529\">weiterlesen  <span class=\"screen-reader-text\">  17. September 2018<\/span><span class=\"meta-nav\">&rarr;<\/span><\/a><\/p>\n","protected":false},"author":6,"featured_media":0,"parent":0,"menu_order":0,"comment_status":"closed","ping_status":"closed","template":"","meta":{"footnotes":""},"class_list":["post-5529","page","type-page","status-publish","hentry"],"_links":{"self":[{"href":"https:\/\/www.feuerwehr-matzen.at\/index.php?rest_route=\/wp\/v2\/pages\/5529","targetHints":{"allow":["GET"]}}],"collection":[{"href":"https:\/\/www.feuerwehr-matzen.at\/index.php?rest_route=\/wp\/v2\/pages"}],"about":[{"href":"https:\/\/www.feuerwehr-matzen.at\/index.php?rest_route=\/wp\/v2\/types\/page"}],"author":[{"embeddable":true,"href":"https:\/\/www.feuerwehr-matzen.at\/index.php?rest_route=\/wp\/v2\/users\/6"}],"replies":[{"embeddable":true,"href":"https:\/\/www.feuerwehr-matzen.at\/index.php?rest_route=%2Fwp%2Fv2%2Fcomments&post=5529"}],"version-history":[{"count":4,"href":"https:\/\/www.feuerwehr-matzen.at\/index.php?rest_route=\/wp\/v2\/pages\/5529\/revisions"}],"predecessor-version":[{"id":5927,"href":"https:\/\/www.feuerwehr-matzen.at\/index.php?rest_route=\/wp\/v2\/pages\/5529\/revisions\/5927"}],"wp:attachment":[{"href":"https:\/\/www.feuerwehr-matzen.at\/index.php?rest_route=%2Fwp%2Fv2%2Fmedia&parent=5529"}],"curies":[{"name":"wp","href":"https:\/\/api.w.org\/{rel}","templated":true}]}}