{"id":5622,"date":"2019-01-05T12:38:13","date_gmt":"2019-01-05T10:38:13","guid":{"rendered":"http:\/\/www.feuerwehr-matzen.at\/?page_id=5622"},"modified":"2020-09-18T14:15:11","modified_gmt":"2020-09-18T12:15:11","slug":"05-jaenner-2019","status":"publish","type":"page","link":"https:\/\/www.feuerwehr-matzen.at\/?page_id=5622","title":{"rendered":"05. J\u00e4nner 2019"},"content":{"rendered":"<p><strong>Fahrzeugbergung<\/strong><a title=\"Eins\u00e4tze\" href=\"https:\/\/www.feuerwehr-matzen.at\/?page_id=5620\"><img loading=\"lazy\" decoding=\"async\" class=\"alignright size-full wp-image-1833\" src=\"https:\/\/www.feuerwehr-matzen.at\/wp-content\/uploads\/2013\/07\/return.jpg\" alt=\"return\" width=\"65\" height=\"30\" \/><\/a><\/p>\n<p>Der erste Einsatz 2019 lie\u00df nicht lange auf sich warten. Am 5. J\u00e4nner 2019 verlor ein PKW Lenker auf der L3159 Richtung G\u00e4nserndorf im Kreisverkehr die Kontrolle \u00fcber sein Fahrzeug und rutschte in den Graben. Da er sich nicht aus eigener Kraft aus seiner misslichen Lage befreien konnte, wurde die Feuerwehr alarmiert. Kurz nach der Alarmierung um 0:16 Uhr r\u00fcckten 13 Mann mit 2 Fahrzeugen zum Einsatzort aus. Zur Erschwernis blieb der PKW genau vor einem defekten Kanaldeckel h\u00e4ngen. Nachdem mittels B\u00f6lzmaterial untergebaut wurde, konnte das Fahrzeug mit vereinten Kr\u00e4ften aus dem Graben bef\u00f6rdert werden. Um 1:00 Uhr konnten die Einsatzkr\u00e4fte wieder einr\u00fccken und die Einsatzbereitschaft herstellen.<\/p>\n<p>Im Einsatz befindliche Fahrzeuge: RLF-A 2000, KDO<br \/>\nMannschaftsst\u00e4rke: 13<\/p>\n<p><a href=\"https:\/\/www.feuerwehr-matzen.at\/wp-content\/uploads\/2019\/01\/DSC02963.jpg\"><img loading=\"lazy\" decoding=\"async\" src=\"https:\/\/www.feuerwehr-matzen.at\/wp-content\/uploads\/2019\/01\/DSC02963-150x150.jpg\" alt=\"\" width=\"150\" height=\"150\" class=\"alignleft size-thumbnail wp-image-5624\" \/><\/a><\/p>\n<p><a href=\"https:\/\/www.feuerwehr-matzen.at\/wp-content\/uploads\/2019\/01\/DSC02964.jpg\"><img loading=\"lazy\" decoding=\"async\" src=\"https:\/\/www.feuerwehr-matzen.at\/wp-content\/uploads\/2019\/01\/DSC02964-150x150.jpg\" alt=\"\" width=\"150\" height=\"150\" class=\"alignleft size-thumbnail wp-image-5625\" \/><\/a><\/p>\n<p><a href=\"https:\/\/www.feuerwehr-matzen.at\/wp-content\/uploads\/2019\/01\/DSC02965.jpg\"><img loading=\"lazy\" decoding=\"async\" src=\"https:\/\/www.feuerwehr-matzen.at\/wp-content\/uploads\/2019\/01\/DSC02965-150x150.jpg\" alt=\"\" width=\"150\" height=\"150\" class=\"alignleft size-thumbnail wp-image-5626\" \/><\/a><\/p>\n","protected":false},"excerpt":{"rendered":"<p>Fahrzeugbergung Der erste Einsatz 2019 lie\u00df nicht lange auf sich warten. Am 5. J\u00e4nner 2019 verlor ein PKW Lenker auf der L3159 Richtung G\u00e4nserndorf im Kreisverkehr die Kontrolle \u00fcber sein Fahrzeug und rutschte in den Graben. Da er sich nicht <a class=\"more-link\" href=\"https:\/\/www.feuerwehr-matzen.at\/?page_id=5622\">weiterlesen  <span class=\"screen-reader-text\">  05. J\u00e4nner 2019<\/span><span class=\"meta-nav\">&rarr;<\/span><\/a><\/p>\n","protected":false},"author":6,"featured_media":0,"parent":0,"menu_order":0,"comment_status":"closed","ping_status":"closed","template":"","meta":{"footnotes":""},"class_list":["post-5622","page","type-page","status-publish","hentry"],"_links":{"self":[{"href":"https:\/\/www.feuerwehr-matzen.at\/index.php?rest_route=\/wp\/v2\/pages\/5622","targetHints":{"allow":["GET"]}}],"collection":[{"href":"https:\/\/www.feuerwehr-matzen.at\/index.php?rest_route=\/wp\/v2\/pages"}],"about":[{"href":"https:\/\/www.feuerwehr-matzen.at\/index.php?rest_route=\/wp\/v2\/types\/page"}],"author":[{"embeddable":true,"href":"https:\/\/www.feuerwehr-matzen.at\/index.php?rest_route=\/wp\/v2\/users\/6"}],"replies":[{"embeddable":true,"href":"https:\/\/www.feuerwehr-matzen.at\/index.php?rest_route=%2Fwp%2Fv2%2Fcomments&post=5622"}],"version-history":[{"count":3,"href":"https:\/\/www.feuerwehr-matzen.at\/index.php?rest_route=\/wp\/v2\/pages\/5622\/revisions"}],"predecessor-version":[{"id":5628,"href":"https:\/\/www.feuerwehr-matzen.at\/index.php?rest_route=\/wp\/v2\/pages\/5622\/revisions\/5628"}],"wp:attachment":[{"href":"https:\/\/www.feuerwehr-matzen.at\/index.php?rest_route=%2Fwp%2Fv2%2Fmedia&parent=5622"}],"curies":[{"name":"wp","href":"https:\/\/api.w.org\/{rel}","templated":true}]}}