{"id":6402,"date":"2020-09-15T13:39:27","date_gmt":"2020-09-15T11:39:27","guid":{"rendered":"https:\/\/www.feuerwehr-matzen.at\/?page_id=6402"},"modified":"2020-09-18T14:15:11","modified_gmt":"2020-09-18T12:15:11","slug":"07-august-2020","status":"publish","type":"page","link":"https:\/\/www.feuerwehr-matzen.at\/?page_id=6402","title":{"rendered":"07. August 2020"},"content":{"rendered":"<p><strong>Drohnenausbildung<\/strong><a title=\"\u00dcbungen 2019\" href=\"https:\/\/www.feuerwehr-matzen.at\/?page_id=6356\"><img loading=\"lazy\" decoding=\"async\" class=\"alignright size-full wp-image-1833\" src=\"https:\/\/www.feuerwehr-matzen.at\/wp-content\/uploads\/2013\/07\/return.jpg\" alt=\"return\" width=\"65\" height=\"30\" \/><\/a><\/p>\n<p>Voller Luftraum \u00fcber dem Matzner Feuerwehrhaus<br \/>\nAls Novum fand an 4 Tagen im August die erste Drohnenausbildung Nieder\u00f6sterreich weit in Matzen statt. 13 Kameradinnen und Kameraden aus Matzen absolvierten theoretische und praktische Einheiten f\u00fcr die Drohnenpilotenpr\u00fcfung.<br \/>\nInsgesamt 20 Feuerwehrleute aus dem Bezirk wurden durch die FH Johanneum (Stmk) in den Bereichen Flugrecht, Metereologie, UAV Technik, Flugvorbereitung und Praxis unterrichtet.<br \/>\nZiel ist es, die in Matzen stationierte Drohne des Bezirksfeuerwehrkomandos, sicher, professionell und effizient einsetzen zu k\u00f6nnen. Neben Personensuchen und Lageerkundungen bei Gro\u00dfschadensereignissen k\u00f6nnen Drohnen auch bei Erkundungen im Katastropheneinsatz und bei Dammkontrollen eingesetzt werden.<\/p>\n<p><a href=\"https:\/\/www.feuerwehr-matzen.at\/wp-content\/uploads\/2020\/09\/117111319_3190173261062396_4989734632474590996_n.jpg\"><img loading=\"lazy\" decoding=\"async\" src=\"https:\/\/www.feuerwehr-matzen.at\/wp-content\/uploads\/2020\/09\/117111319_3190173261062396_4989734632474590996_n-150x150.jpg\" alt=\"\" width=\"150\" height=\"150\" class=\"alignleft size-thumbnail wp-image-6403\" \/><\/a><\/p>\n<p><a href=\"https:\/\/www.feuerwehr-matzen.at\/wp-content\/uploads\/2020\/09\/117207878_3190172714395784_6810254957048298095_n.jpg\"><img loading=\"lazy\" decoding=\"async\" src=\"https:\/\/www.feuerwehr-matzen.at\/wp-content\/uploads\/2020\/09\/117207878_3190172714395784_6810254957048298095_n-150x150.jpg\" alt=\"\" width=\"150\" height=\"150\" class=\"alignleft size-thumbnail wp-image-6404\" \/><\/a><\/p>\n<p><a href=\"https:\/\/www.feuerwehr-matzen.at\/wp-content\/uploads\/2020\/09\/117216922_3190173157729073_5341652862488844293_n.jpg\"><img loading=\"lazy\" decoding=\"async\" src=\"https:\/\/www.feuerwehr-matzen.at\/wp-content\/uploads\/2020\/09\/117216922_3190173157729073_5341652862488844293_n-150x150.jpg\" alt=\"\" width=\"150\" height=\"150\" class=\"alignleft size-thumbnail wp-image-6405\" \/><\/a><\/p>\n<p><a href=\"https:\/\/www.feuerwehr-matzen.at\/wp-content\/uploads\/2020\/09\/117221863_3190172414395814_8686498998413324457_n.jpg\"><img loading=\"lazy\" decoding=\"async\" src=\"https:\/\/www.feuerwehr-matzen.at\/wp-content\/uploads\/2020\/09\/117221863_3190172414395814_8686498998413324457_n-150x150.jpg\" alt=\"\" width=\"150\" height=\"150\" class=\"alignleft size-thumbnail wp-image-6406\" \/><\/a><\/p>\n<p><a href=\"https:\/\/www.feuerwehr-matzen.at\/wp-content\/uploads\/2020\/09\/117227666_3190172624395793_6268835520825124963_n.jpg\"><img loading=\"lazy\" decoding=\"async\" src=\"https:\/\/www.feuerwehr-matzen.at\/wp-content\/uploads\/2020\/09\/117227666_3190172624395793_6268835520825124963_n-150x150.jpg\" alt=\"\" width=\"150\" height=\"150\" class=\"alignleft size-thumbnail wp-image-6407\" \/><\/a><\/p>\n<p><a href=\"https:\/\/www.feuerwehr-matzen.at\/wp-content\/uploads\/2020\/09\/117228023_3190172511062471_8606910402405255507_n.jpg\"><img loading=\"lazy\" decoding=\"async\" src=\"https:\/\/www.feuerwehr-matzen.at\/wp-content\/uploads\/2020\/09\/117228023_3190172511062471_8606910402405255507_n-150x150.jpg\" alt=\"\" width=\"150\" height=\"150\" class=\"alignleft size-thumbnail wp-image-6408\" \/><\/a><\/p>\n<p><a href=\"https:\/\/www.feuerwehr-matzen.at\/wp-content\/uploads\/2020\/09\/117229173_3190173091062413_7184677753950704060_n.jpg\"><img loading=\"lazy\" decoding=\"async\" src=\"https:\/\/www.feuerwehr-matzen.at\/wp-content\/uploads\/2020\/09\/117229173_3190173091062413_7184677753950704060_n-150x150.jpg\" alt=\"\" width=\"150\" height=\"150\" class=\"alignleft size-thumbnail wp-image-6409\" \/><\/a><\/p>\n<p><a href=\"https:\/\/www.feuerwehr-matzen.at\/wp-content\/uploads\/2020\/09\/117230616_3190172837729105_6461948095204254231_n.jpg\"><img loading=\"lazy\" decoding=\"async\" src=\"https:\/\/www.feuerwehr-matzen.at\/wp-content\/uploads\/2020\/09\/117230616_3190172837729105_6461948095204254231_n-150x150.jpg\" alt=\"\" width=\"150\" height=\"150\" class=\"alignleft size-thumbnail wp-image-6410\" \/><\/a><\/p>\n<p><a href=\"https:\/\/www.feuerwehr-matzen.at\/wp-content\/uploads\/2020\/09\/117247932_3190172197729169_4460162220222752035_n.jpg\"><img loading=\"lazy\" decoding=\"async\" src=\"https:\/\/www.feuerwehr-matzen.at\/wp-content\/uploads\/2020\/09\/117247932_3190172197729169_4460162220222752035_n-150x150.jpg\" alt=\"\" width=\"150\" height=\"150\" class=\"alignleft size-thumbnail wp-image-6411\" \/><\/a><\/p>\n","protected":false},"excerpt":{"rendered":"<p>Drohnenausbildung Voller Luftraum \u00fcber dem Matzner Feuerwehrhaus Als Novum fand an 4 Tagen im August die erste Drohnenausbildung Nieder\u00f6sterreich weit in Matzen statt. 13 Kameradinnen und Kameraden aus Matzen absolvierten theoretische und praktische Einheiten f\u00fcr die Drohnenpilotenpr\u00fcfung. Insgesamt 20 Feuerwehrleute <a class=\"more-link\" href=\"https:\/\/www.feuerwehr-matzen.at\/?page_id=6402\">weiterlesen  <span class=\"screen-reader-text\">  07. August 2020<\/span><span class=\"meta-nav\">&rarr;<\/span><\/a><\/p>\n","protected":false},"author":6,"featured_media":0,"parent":0,"menu_order":0,"comment_status":"closed","ping_status":"closed","template":"","meta":{"footnotes":""},"class_list":["post-6402","page","type-page","status-publish","hentry"],"_links":{"self":[{"href":"https:\/\/www.feuerwehr-matzen.at\/index.php?rest_route=\/wp\/v2\/pages\/6402","targetHints":{"allow":["GET"]}}],"collection":[{"href":"https:\/\/www.feuerwehr-matzen.at\/index.php?rest_route=\/wp\/v2\/pages"}],"about":[{"href":"https:\/\/www.feuerwehr-matzen.at\/index.php?rest_route=\/wp\/v2\/types\/page"}],"author":[{"embeddable":true,"href":"https:\/\/www.feuerwehr-matzen.at\/index.php?rest_route=\/wp\/v2\/users\/6"}],"replies":[{"embeddable":true,"href":"https:\/\/www.feuerwehr-matzen.at\/index.php?rest_route=%2Fwp%2Fv2%2Fcomments&post=6402"}],"version-history":[{"count":1,"href":"https:\/\/www.feuerwehr-matzen.at\/index.php?rest_route=\/wp\/v2\/pages\/6402\/revisions"}],"predecessor-version":[{"id":6412,"href":"https:\/\/www.feuerwehr-matzen.at\/index.php?rest_route=\/wp\/v2\/pages\/6402\/revisions\/6412"}],"wp:attachment":[{"href":"https:\/\/www.feuerwehr-matzen.at\/index.php?rest_route=%2Fwp%2Fv2%2Fmedia&parent=6402"}],"curies":[{"name":"wp","href":"https:\/\/api.w.org\/{rel}","templated":true}]}}