{"id":727,"date":"2013-06-27T21:36:45","date_gmt":"2013-06-27T19:36:45","guid":{"rendered":"http:\/\/www.gobolino.at\/feuerwehr\/?page_id=727"},"modified":"2020-09-18T14:15:44","modified_gmt":"2020-09-18T12:15:44","slug":"links","status":"publish","type":"page","link":"https:\/\/www.feuerwehr-matzen.at\/?page_id=727","title":{"rendered":"Links"},"content":{"rendered":"<p><strong>Wetter<\/strong><\/p>\n<p><a href=\"http:\/\/www.wetter.at\">Wetter \u00d6sterreich aktuell<\/a><br \/>\n<a href=\"http:\/\/www.wetter.orf.at\">Wetter im ORF<\/a><br \/>\n<a href=\"http:\/\/www.zamg.ac.at\">ZAMG<\/a><br \/>\n<a href=\"http:\/\/www.uwz.at\">\u00d6sterreichische Unwetterzentrale<\/a><\/p>\n<p><strong>Informatives der Feuerwehr<\/strong><\/p>\n<p><a href=\"http:\/\/www.feuerwehrschule.at\">N\u00d6 Landesfeuerwehrschule<\/a><br \/>\n<a href=\"http:\/\/news.feuerwehr.at\/\">Feuerwehren \u00d6sterreich<\/a><br \/>\n<a href=\"http:\/\/www.fireworld.at\">Fireworld<\/a><br \/>\n<a href=\"http:\/\/www.filmen.at\">Filmen<\/a><\/p>\n<p><strong>Informatives des Landes Nieder\u00f6sterreich<\/strong><\/p>\n<p><a href=\"http:\/\/www.noeweb.at\">Nieder\u00f6sterreich im Web<\/a><br \/>\n<a href=\"http:\/\/www.matzen-raggendorf.at\">Marktgemeinde Matzen-Raggendorf<\/a><\/p>\n<p><strong>Feuerwehren<\/strong><\/p>\n<p><a href=\" http:\/\/www.noe122.at\/\">Landesfeuerwehrkommando Nieder\u00f6sterreich<\/a><br \/>\n<a href=\" http:\/\/www.bfkdo-gaenserndorf.at\">Bezirksfeuerwehrkommando G\u00e4nserndorf<\/a><br \/>\n<a href=\" http:\/\/www.afkdo-gaenserndorf.at\">Abschnittsfeuerwehrkommando G\u00e4nserndorf<\/a><\/p>\n<p><a href=\"http:\/\/www.feuerwehr-strasshof.at\">Strasshof<\/a><br \/>\n<a href=\"http:\/\/www.feuerwehr-deutsch-wagram.at\">Deutsch Wagram<\/a><br \/>\n<a href=\"http:\/\/www.feuerwehr-gaenserndorf.at\">G\u00e4nserndorf<\/a><br \/>\n<a href=\"http:\/\/doerfles.uafkdo-weikendorf.at\/\">Dr\u00f6fles<\/a><br \/>\n<a href=\"http:\/\/www.ff-tallesbrunn.at\">Tallesbrunn<\/a><br \/>\n<a href=\"http:\/\/www.feuerwehr-angern.at\">Angern<\/a><br \/>\n<a href=\"http:\/\/www.feuerwehr-ollersdorf.at\">Ollersdorf<\/a><br \/>\n<a href=\"http:\/\/www.stillfried-grub.at\/ff\/\">Stillfried\/Grub<\/a><br \/>\n<a href=\"http:\/\/feuerwehr.kleinharras.at\/\">Klein-Harras<\/a><br \/>\n<a href=\"http:\/\/www.ff-raggendorf.at\/\">Raggendorf<\/a><br \/>\n<a href=\"http:\/\/www.feuerwehr-auersthal.at\/\">Auersthal<\/a><br \/>\n<a href=\"http:\/\/www.feuerwehr-prottes.at\/\">Prottes<\/a><br \/>\n<a href=\"http:\/\/www.ffsr.at\/\">Sch\u00f6nkirchen-Reyersdorf<\/a><br \/>\n<a href=\"http:\/\/www.ff-ebenthal.at\/\">Ebenthal<\/a><br \/>\n<a href=\"http:\/\/www.ff-kollnbrunn.at\/\">Kollnbrunn<\/a><br \/>\n<a href=\"http:\/\/www.feuerwehr-gross-schweinbarth.at\/\">Gro\u00df Schweinbarth<\/a><br \/>\n<a href=\"http:\/\/http:\/\/www.bad-pirawarth.at\/index,49.html\">Bad Pirawarth<\/a><\/p>\n<p><strong>Sonstige<\/strong><\/p>\n<p><a href=\"http:\/\/www.feuerwehr-krems.at\">Krems<\/a><br \/>\n<a href=\"http:\/\/www.ff-hippach.at\">Hippach<\/a><br \/>\n<a href=\"http:\/\/www.feuerwehr-lacken.at\">Lacken<\/a><\/p>\n","protected":false},"excerpt":{"rendered":"<p>Wetter Wetter \u00d6sterreich aktuell Wetter im ORF ZAMG \u00d6sterreichische Unwetterzentrale Informatives der Feuerwehr N\u00d6 Landesfeuerwehrschule Feuerwehren \u00d6sterreich Fireworld Filmen Informatives des Landes Nieder\u00f6sterreich Nieder\u00f6sterreich im Web Marktgemeinde Matzen-Raggendorf Feuerwehren Landesfeuerwehrkommando Nieder\u00f6sterreich Bezirksfeuerwehrkommando G\u00e4nserndorf Abschnittsfeuerwehrkommando G\u00e4nserndorf Strasshof Deutsch Wagram G\u00e4nserndorf Dr\u00f6fles <a class=\"more-link\" href=\"https:\/\/www.feuerwehr-matzen.at\/?page_id=727\">weiterlesen  <span class=\"screen-reader-text\">  Links<\/span><span class=\"meta-nav\">&rarr;<\/span><\/a><\/p>\n","protected":false},"author":6,"featured_media":0,"parent":0,"menu_order":0,"comment_status":"closed","ping_status":"closed","template":"","meta":{"footnotes":""},"class_list":["post-727","page","type-page","status-publish","hentry"],"_links":{"self":[{"href":"https:\/\/www.feuerwehr-matzen.at\/index.php?rest_route=\/wp\/v2\/pages\/727","targetHints":{"allow":["GET"]}}],"collection":[{"href":"https:\/\/www.feuerwehr-matzen.at\/index.php?rest_route=\/wp\/v2\/pages"}],"about":[{"href":"https:\/\/www.feuerwehr-matzen.at\/index.php?rest_route=\/wp\/v2\/types\/page"}],"author":[{"embeddable":true,"href":"https:\/\/www.feuerwehr-matzen.at\/index.php?rest_route=\/wp\/v2\/users\/6"}],"replies":[{"embeddable":true,"href":"https:\/\/www.feuerwehr-matzen.at\/index.php?rest_route=%2Fwp%2Fv2%2Fcomments&post=727"}],"version-history":[{"count":21,"href":"https:\/\/www.feuerwehr-matzen.at\/index.php?rest_route=\/wp\/v2\/pages\/727\/revisions"}],"predecessor-version":[{"id":5850,"href":"https:\/\/www.feuerwehr-matzen.at\/index.php?rest_route=\/wp\/v2\/pages\/727\/revisions\/5850"}],"wp:attachment":[{"href":"https:\/\/www.feuerwehr-matzen.at\/index.php?rest_route=%2Fwp%2Fv2%2Fmedia&parent=727"}],"curies":[{"name":"wp","href":"https:\/\/api.w.org\/{rel}","templated":true}]}}